{"id":2391,"date":"2026-02-09T20:46:48","date_gmt":"2026-02-09T19:46:48","guid":{"rendered":"https:\/\/krets.jagareforbundet.se\/motala\/?page_id=2391"},"modified":"2026-02-09T20:46:48","modified_gmt":"2026-02-09T19:46:48","slug":"eftersoksutbildning-host-2025","status":"publish","type":"page","link":"https:\/\/krets.jagareforbundet.se\/motala\/hundar\/eftersoksutbildning-host-2025\/","title":{"rendered":"Efters\u00f6ksutbildning &#8211; h\u00f6st 2025"},"content":{"rendered":"<p>Under v\u00e5ren 2025 samt med p\u00e5byggnad under h\u00f6sten 2025 s\u00e5 utbildade Motala Jaktv\u00e5rdskrets sex stycken hudekipage i den viktiga uppgiften: Efters\u00f6k p\u00e5 skadat vilt.<\/p>\n<div id=\"attachment_2395\" style=\"width: 1034px\" class=\"wp-caption alignnone\"><a href=\"https:\/\/krets.jagareforbundet.se\/motala\/files\/2026\/02\/Eftersokskurs_2.jpg\"><img loading=\"lazy\" decoding=\"async\" aria-describedby=\"caption-attachment-2395\" class=\"wp-image-2395 size-large\" src=\"https:\/\/krets.jagareforbundet.se\/motala\/files\/2026\/02\/Eftersokskurs_2-1024x579.jpg\" alt=\"\" width=\"1024\" height=\"579\" srcset=\"https:\/\/krets.jagareforbundet.se\/motala\/files\/2026\/02\/Eftersokskurs_2-1024x579.jpg 1024w, https:\/\/krets.jagareforbundet.se\/motala\/files\/2026\/02\/Eftersokskurs_2-300x170.jpg 300w, https:\/\/krets.jagareforbundet.se\/motala\/files\/2026\/02\/Eftersokskurs_2-768x434.jpg 768w, https:\/\/krets.jagareforbundet.se\/motala\/files\/2026\/02\/Eftersokskurs_2-1536x868.jpg 1536w, https:\/\/krets.jagareforbundet.se\/motala\/files\/2026\/02\/Eftersokskurs_2-2048x1158.jpg 2048w\" sizes=\"auto, (max-width: 1024px) 100vw, 1024px\" \/><\/a><p id=\"caption-attachment-2395\" class=\"wp-caption-text\">Foto: Karl-Henrik Bergman &#8211; L\u00e4nstidningen \u00d6sterg\u00f6tland<\/p><\/div>\n<p>Det var f\u00f6rare som innan kursen redan hade bra kontakt och fin dressyr p\u00e5 sina hundar s\u00e5 de var redo f\u00f6r en ny utmaning. Kursen h\u00f6lls i varierande milj\u00f6er d\u00e4r vi blandade sp\u00e5rning p\u00e5 \u00f6ppna f\u00e4lt, d\u00e4r vinden spelade roll och t\u00e4tare skog d\u00e4r framkomligheten var en utmaning. Vi hade vattendrag som korsade sp\u00e5ren och kuperad terr\u00e4ng som extra sv\u00e5righet.<\/p>\n<div id=\"attachment_2393\" style=\"width: 1034px\" class=\"wp-caption alignnone\"><a href=\"https:\/\/krets.jagareforbundet.se\/motala\/files\/2026\/02\/Eftersokskurs_1-scaled.jpg\"><img loading=\"lazy\" decoding=\"async\" aria-describedby=\"caption-attachment-2393\" class=\"wp-image-2393 size-large\" src=\"https:\/\/krets.jagareforbundet.se\/motala\/files\/2026\/02\/Eftersokskurs_1-1024x658.jpg\" alt=\"\" width=\"1024\" height=\"658\" srcset=\"https:\/\/krets.jagareforbundet.se\/motala\/files\/2026\/02\/Eftersokskurs_1-1024x658.jpg 1024w, https:\/\/krets.jagareforbundet.se\/motala\/files\/2026\/02\/Eftersokskurs_1-300x193.jpg 300w, https:\/\/krets.jagareforbundet.se\/motala\/files\/2026\/02\/Eftersokskurs_1-768x493.jpg 768w, https:\/\/krets.jagareforbundet.se\/motala\/files\/2026\/02\/Eftersokskurs_1-1536x987.jpg 1536w, https:\/\/krets.jagareforbundet.se\/motala\/files\/2026\/02\/Eftersokskurs_1-2048x1315.jpg 2048w\" sizes=\"auto, (max-width: 1024px) 100vw, 1024px\" \/><\/a><p id=\"caption-attachment-2393\" class=\"wp-caption-text\">Foto: Karl-Henrik Bergman &#8211; L\u00e4nstidningen \u00d6sterg\u00f6tland<\/p><\/div>\n<p>Ett mycket uppskattat inslag var dagen d\u00e5 ekipagen fick sp\u00e5ra nattgamla sp\u00e5r som var 500-600 meter l\u00e5nga och som slutade med att f\u00f6raren fick s\u00e4tta sin hund f\u00f6r att skjuta f\u00e5ngst skott p\u00e5 b\u00e5de stillast\u00e5ende och bortflyende (r\u00f6rligt) vilt f\u00f6r att sedan sp\u00e5ra fram till kl\u00f6ven. D\u00e4r fick man bra skottpr\u00f6vning p\u00e5 hunden och se dess reaktion.<\/p>\n<div id=\"attachment_2396\" style=\"width: 1034px\" class=\"wp-caption alignnone\"><a href=\"https:\/\/krets.jagareforbundet.se\/motala\/files\/2026\/02\/Eftersokskurs_4-scaled.jpg\"><img loading=\"lazy\" decoding=\"async\" aria-describedby=\"caption-attachment-2396\" class=\"wp-image-2396 size-large\" src=\"https:\/\/krets.jagareforbundet.se\/motala\/files\/2026\/02\/Eftersokskurs_4-1024x688.jpg\" alt=\"\" width=\"1024\" height=\"688\" srcset=\"https:\/\/krets.jagareforbundet.se\/motala\/files\/2026\/02\/Eftersokskurs_4-1024x688.jpg 1024w, https:\/\/krets.jagareforbundet.se\/motala\/files\/2026\/02\/Eftersokskurs_4-300x201.jpg 300w, https:\/\/krets.jagareforbundet.se\/motala\/files\/2026\/02\/Eftersokskurs_4-768x516.jpg 768w, https:\/\/krets.jagareforbundet.se\/motala\/files\/2026\/02\/Eftersokskurs_4-1536x1031.jpg 1536w, https:\/\/krets.jagareforbundet.se\/motala\/files\/2026\/02\/Eftersokskurs_4-2048x1375.jpg 2048w\" sizes=\"auto, (max-width: 1024px) 100vw, 1024px\" \/><\/a><p id=\"caption-attachment-2396\" class=\"wp-caption-text\">Foto: Karl-Henrik Bergman &#8211; L\u00e4nstidningen \u00d6sterg\u00f6tland<\/p><\/div>\n<p>Under h\u00f6sten har flera deltagare \u00e5terkommit med \u00e5terkoppling av &#8221;riktiga&#8221;efters\u00f6k p\u00e5 jakter de deltagit i och alla \u00e4r samst\u00e4mmiga i att de har lyckats med dem tack vare v\u00e5r kurs.<\/p>\n<p>\u00c4r du sugen att utbilda dig och din hund inom efters\u00f6k s\u00e5 h\u00e5ll koll p\u00e5 v\u00e5r hemsida f\u00f6r anm\u00e4lan till v\u00e5rens kurs.<\/p>\n<div id=\"attachment_2394\" style=\"width: 1034px\" class=\"wp-caption alignnone\"><a href=\"https:\/\/krets.jagareforbundet.se\/motala\/files\/2026\/02\/Eftersokskurs_3-scaled.jpg\"><img loading=\"lazy\" decoding=\"async\" aria-describedby=\"caption-attachment-2394\" class=\"size-large wp-image-2394\" src=\"https:\/\/krets.jagareforbundet.se\/motala\/files\/2026\/02\/Eftersokskurs_3-1024x683.jpg\" alt=\"\" width=\"1024\" height=\"683\" srcset=\"https:\/\/krets.jagareforbundet.se\/motala\/files\/2026\/02\/Eftersokskurs_3-1024x683.jpg 1024w, https:\/\/krets.jagareforbundet.se\/motala\/files\/2026\/02\/Eftersokskurs_3-300x200.jpg 300w, https:\/\/krets.jagareforbundet.se\/motala\/files\/2026\/02\/Eftersokskurs_3-768x512.jpg 768w, https:\/\/krets.jagareforbundet.se\/motala\/files\/2026\/02\/Eftersokskurs_3-1536x1024.jpg 1536w, https:\/\/krets.jagareforbundet.se\/motala\/files\/2026\/02\/Eftersokskurs_3-2048x1365.jpg 2048w\" sizes=\"auto, (max-width: 1024px) 100vw, 1024px\" \/><\/a><p id=\"caption-attachment-2394\" class=\"wp-caption-text\">Foto: Karl-Henrik Bergman &#8211; L\u00e4nstidningen \u00d6sterg\u00f6tland<\/p><\/div>\n<p>Varmt v\u00e4lkommen!<\/p>\n","protected":false},"excerpt":{"rendered":"<p>Under v\u00e5ren 2025 samt med p\u00e5byggnad under h\u00f6sten 2025 s\u00e5 utbildade Motala Jaktv\u00e5rdskrets sex stycken hudekipage i den viktiga uppgiften: Efters\u00f6k p\u00e5 skadat vilt. Det var f\u00f6rare som innan kursen redan hade bra kontakt och fin dressyr p\u00e5 sina hundar s\u00e5 de var redo f\u00f6r en ny utmaning. Kursen h\u00f6lls i varierande milj\u00f6er d\u00e4r vi [&hellip;]<\/p>\n","protected":false},"author":109,"featured_media":0,"parent":355,"menu_order":71,"comment_status":"closed","ping_status":"closed","template":"","meta":{"footnotes":""},"class_list":["post-2391","page","type-page","status-publish","hentry"],"_links":{"self":[{"href":"https:\/\/krets.jagareforbundet.se\/motala\/wp-json\/wp\/v2\/pages\/2391","targetHints":{"allow":["GET"]}}],"collection":[{"href":"https:\/\/krets.jagareforbundet.se\/motala\/wp-json\/wp\/v2\/pages"}],"about":[{"href":"https:\/\/krets.jagareforbundet.se\/motala\/wp-json\/wp\/v2\/types\/page"}],"author":[{"embeddable":true,"href":"https:\/\/krets.jagareforbundet.se\/motala\/wp-json\/wp\/v2\/users\/109"}],"replies":[{"embeddable":true,"href":"https:\/\/krets.jagareforbundet.se\/motala\/wp-json\/wp\/v2\/comments?post=2391"}],"version-history":[{"count":2,"href":"https:\/\/krets.jagareforbundet.se\/motala\/wp-json\/wp\/v2\/pages\/2391\/revisions"}],"predecessor-version":[{"id":2397,"href":"https:\/\/krets.jagareforbundet.se\/motala\/wp-json\/wp\/v2\/pages\/2391\/revisions\/2397"}],"up":[{"embeddable":true,"href":"https:\/\/krets.jagareforbundet.se\/motala\/wp-json\/wp\/v2\/pages\/355"}],"wp:attachment":[{"href":"https:\/\/krets.jagareforbundet.se\/motala\/wp-json\/wp\/v2\/media?parent=2391"}],"curies":[{"name":"wp","href":"https:\/\/api.w.org\/{rel}","templated":true}]}}