{"id":364,"date":"2014-05-11T19:17:49","date_gmt":"2014-05-11T17:17:49","guid":{"rendered":"https:\/\/krets.jagareforbundet.se\/motala\/?page_id=364"},"modified":"2015-06-07T19:04:35","modified_gmt":"2015-06-07T17:04:35","slug":"km-i-viltspar-2014","status":"publish","type":"page","link":"https:\/\/krets.jagareforbundet.se\/motala\/hundar\/km-i-viltspar-2014\/","title":{"rendered":"KM i Viltsp\u00e5r 2014"},"content":{"rendered":"<p>V\u00e4dret var inte det b\u00e4sta n\u00e4r 2014 \u00e5rs Kretsm\u00e4sterskap i Viltsp\u00e5r avgjordes. Konstant regn och en temperatur som gjorde att det mer k\u00e4ndes som bl\u00f6t h\u00f6st \u00e4n f\u00f6rsommar. Trots det m\u00f6tte totalt sex ekipage upp vid \u00c4splunda utanf\u00f6r Forn\u00e5sa.<\/p>\n<p>En nyhet i \u00e5rets t\u00e4vling var att hund och f\u00f6rare fick g\u00e5 sitt respektive sp\u00e5r sj\u00e4lva utan medf\u00f6ljande t\u00e4vlingsdomare. Ist\u00e4llet utnyttjas GPS-teknik, s\u00e5 att t\u00e4vlingsledningen samtidigt kunde f\u00f6lja alla ekipagens sp\u00e5rarbete och j\u00e4mf\u00f6ra med de sp\u00e5r som f\u00f6rberetts kv\u00e4lllen innan.<\/p>\n<p>Sp\u00e5ren var ca 1 km l\u00e5nga, och preparerade med tv\u00e5 s\u00e5rlegor och en avslutande kl\u00f6v. F\u00f6r maximala 30 po\u00e4ng i detta moment kr\u00e4vdes att hund och f\u00f6rare inom 90 minuter hittade viltkl\u00f6ven samt medtog ett\u00a0f\u00f6rem\u00e5l fr\u00e5n de b\u00e5da s\u00e5rlegorna.<\/p>\n<p>N\u00e4sta moment var skottplatsunders\u00f6kning p\u00e5 tre f\u00f6rberedda skottplatser. Genom att unders\u00f6ka dessa och f\u00f6resl\u00e5 uppl\u00e4gg f\u00f6r fortsatt efters\u00f6k fanns 5 po\u00e4ng per skottplats att h\u00e4mta, totalt 15 po\u00e4ng.<\/p>\n<p>M\u00e4sterskapets avslutande gren var ett teoriprov med flervalsfr\u00e5gor r\u00f6rande jaktliga efters\u00f6k. Totalt 10 fr\u00e5gor v\u00e4rda lika m\u00e5nga po\u00e4ng.<\/p>\n<p>N\u00e4r resultatet fr\u00e5n alla moment summerades, kunde konstateras att Bertil Pantzar med sin\u00a0Buster (se bilden \u00f6verst p\u00e5 sidan)\u00a0lyckats b\u00e4st denna dag.\u00a0 D\u00e4rmed blir det detta ekipage som f\u00e5r representera Motala Jaktv\u00e5rdskrets i det L\u00e4nsm\u00e4sterskap som i augusti kommer att avg\u00f6ras i Boxholm.<\/p>\n<p>Tack till Kenth och Albin f\u00f6r ett bra arrangemang!<\/p>\n<p>Nedan n\u00e5gra bilder fr\u00e5n dagen.<\/p>\n<p><a href=\"https:\/\/krets.jagareforbundet.se\/motala\/files\/2014\/05\/KM_VS_2014_0005.jpg\"><img loading=\"lazy\" decoding=\"async\" class=\"alignleft size-medium wp-image-356\" src=\"https:\/\/krets.jagareforbundet.se\/motala\/files\/2014\/05\/KM_VS_2014_0005-300x200.jpg\" alt=\"KM_VS_2014_0005\" width=\"300\" height=\"200\" srcset=\"https:\/\/krets.jagareforbundet.se\/motala\/files\/2014\/05\/KM_VS_2014_0005-300x200.jpg 300w, https:\/\/krets.jagareforbundet.se\/motala\/files\/2014\/05\/KM_VS_2014_0005-1024x682.jpg 1024w\" sizes=\"auto, (max-width: 300px) 100vw, 300px\" \/><\/a><\/p>\n<p>Daniel Hellqvist vid sp\u00e5rstart. Otur med de tv\u00e5 r\u00e5djur som precis passerat f\u00f6rbi, och som hunden fortfarande verkar mer intresserad av.<\/p>\n<p>&nbsp;<\/p>\n<p>&nbsp;<\/p>\n<p>&nbsp;<\/p>\n<p>&nbsp;<\/p>\n<p><a href=\"https:\/\/krets.jagareforbundet.se\/motala\/files\/2014\/05\/KM_VS_2014_0012.jpg\"><img loading=\"lazy\" decoding=\"async\" class=\"alignleft size-medium wp-image-357\" src=\"https:\/\/krets.jagareforbundet.se\/motala\/files\/2014\/05\/KM_VS_2014_0012-300x200.jpg\" alt=\"KM_VS_2014_0012\" width=\"300\" height=\"200\" srcset=\"https:\/\/krets.jagareforbundet.se\/motala\/files\/2014\/05\/KM_VS_2014_0012-300x200.jpg 300w, https:\/\/krets.jagareforbundet.se\/motala\/files\/2014\/05\/KM_VS_2014_0012-1024x682.jpg 1024w\" sizes=\"auto, (max-width: 300px) 100vw, 300px\" \/><\/a><\/p>\n<p>T\u00e4vlingsledningen h\u00e5ller med stort intresse koll p\u00e5 de t\u00e4vlande ekipagen.<\/p>\n<p>&nbsp;<\/p>\n<p>&nbsp;<\/p>\n<p>&nbsp;<\/p>\n<p>&nbsp;<\/p>\n<p><a href=\"https:\/\/krets.jagareforbundet.se\/motala\/files\/2014\/05\/KM_VS_2014_0018.jpg\"><img loading=\"lazy\" decoding=\"async\" class=\"alignleft size-medium wp-image-358\" src=\"https:\/\/krets.jagareforbundet.se\/motala\/files\/2014\/05\/KM_VS_2014_0018-300x200.jpg\" alt=\"KM_VS_2014_0018\" width=\"300\" height=\"200\" srcset=\"https:\/\/krets.jagareforbundet.se\/motala\/files\/2014\/05\/KM_VS_2014_0018-300x200.jpg 300w, https:\/\/krets.jagareforbundet.se\/motala\/files\/2014\/05\/KM_VS_2014_0018-1024x682.jpg 1024w\" sizes=\"auto, (max-width: 300px) 100vw, 300px\" \/><\/a><\/p>\n<p>\u00c5rets vinnare djupt fokuserad p\u00e5 en av de tre skottplatserna.<\/p>\n<p>&nbsp;<\/p>\n<p>&nbsp;<\/p>\n<p>&nbsp;<\/p>\n<p>&nbsp;<\/p>\n<p><a href=\"https:\/\/krets.jagareforbundet.se\/motala\/files\/2014\/05\/KM_VS_2014_0023.jpg\"><img loading=\"lazy\" decoding=\"async\" class=\"alignleft size-medium wp-image-359\" src=\"https:\/\/krets.jagareforbundet.se\/motala\/files\/2014\/05\/KM_VS_2014_0023-300x200.jpg\" alt=\"KM_VS_2014_0023\" width=\"300\" height=\"200\" srcset=\"https:\/\/krets.jagareforbundet.se\/motala\/files\/2014\/05\/KM_VS_2014_0023-300x200.jpg 300w, https:\/\/krets.jagareforbundet.se\/motala\/files\/2014\/05\/KM_VS_2014_0023-1024x682.jpg 1024w\" sizes=\"auto, (max-width: 300px) 100vw, 300px\" \/><\/a><\/p>\n<p>S\u00e5 var det teorifr\u00e5gor, och till det lite v\u00e4rmande kaffe.<\/p>\n<p>&nbsp;<\/p>\n<p>&nbsp;<\/p>\n<p>&nbsp;<\/p>\n<p>&nbsp;<\/p>\n<p>&nbsp;<\/p>\n<p><a href=\"https:\/\/krets.jagareforbundet.se\/motala\/files\/2014\/05\/KM_VS_2014_0034.jpg\"><img loading=\"lazy\" decoding=\"async\" class=\"alignleft size-medium wp-image-360\" src=\"https:\/\/krets.jagareforbundet.se\/motala\/files\/2014\/05\/KM_VS_2014_0034-300x200.jpg\" alt=\"KM_VS_2014_0034\" width=\"300\" height=\"200\" srcset=\"https:\/\/krets.jagareforbundet.se\/motala\/files\/2014\/05\/KM_VS_2014_0034-300x200.jpg 300w, https:\/\/krets.jagareforbundet.se\/motala\/files\/2014\/05\/KM_VS_2014_0034-1024x682.jpg 1024w\" sizes=\"auto, (max-width: 300px) 100vw, 300px\" \/><\/a>Det \u00e4r klart! Vinnare blir Buster med Bertil Pantzar som f\u00f6rare. Grattis och Lycka Till i Boxholm!<\/p>\n<p>&nbsp;<\/p>\n<p>&nbsp;<\/p>\n","protected":false},"excerpt":{"rendered":"<p>V\u00e4dret var inte det b\u00e4sta n\u00e4r 2014 \u00e5rs Kretsm\u00e4sterskap i Viltsp\u00e5r avgjordes. Konstant regn och en temperatur som gjorde att det mer k\u00e4ndes som bl\u00f6t h\u00f6st \u00e4n f\u00f6rsommar. Trots det m\u00f6tte totalt sex ekipage upp vid \u00c4splunda utanf\u00f6r Forn\u00e5sa. En nyhet i \u00e5rets t\u00e4vling var att hund och f\u00f6rare fick g\u00e5 sitt respektive sp\u00e5r sj\u00e4lva [&hellip;]<\/p>\n","protected":false},"author":109,"featured_media":361,"parent":355,"menu_order":10,"comment_status":"open","ping_status":"open","template":"","meta":{"footnotes":""},"class_list":["post-364","page","type-page","status-publish","has-post-thumbnail","hentry"],"_links":{"self":[{"href":"https:\/\/krets.jagareforbundet.se\/motala\/wp-json\/wp\/v2\/pages\/364","targetHints":{"allow":["GET"]}}],"collection":[{"href":"https:\/\/krets.jagareforbundet.se\/motala\/wp-json\/wp\/v2\/pages"}],"about":[{"href":"https:\/\/krets.jagareforbundet.se\/motala\/wp-json\/wp\/v2\/types\/page"}],"author":[{"embeddable":true,"href":"https:\/\/krets.jagareforbundet.se\/motala\/wp-json\/wp\/v2\/users\/109"}],"replies":[{"embeddable":true,"href":"https:\/\/krets.jagareforbundet.se\/motala\/wp-json\/wp\/v2\/comments?post=364"}],"version-history":[{"count":0,"href":"https:\/\/krets.jagareforbundet.se\/motala\/wp-json\/wp\/v2\/pages\/364\/revisions"}],"up":[{"embeddable":true,"href":"https:\/\/krets.jagareforbundet.se\/motala\/wp-json\/wp\/v2\/pages\/355"}],"wp:featuredmedia":[{"embeddable":true,"href":"https:\/\/krets.jagareforbundet.se\/motala\/wp-json\/wp\/v2\/media\/361"}],"wp:attachment":[{"href":"https:\/\/krets.jagareforbundet.se\/motala\/wp-json\/wp\/v2\/media?parent=364"}],"curies":[{"name":"wp","href":"https:\/\/api.w.org\/{rel}","templated":true}]}}