{"id":597,"date":"2015-08-12T22:45:11","date_gmt":"2015-08-12T20:45:11","guid":{"rendered":"https:\/\/krets.jagareforbundet.se\/motala\/?page_id=597"},"modified":"2022-08-02T10:06:04","modified_gmt":"2022-08-02T08:06:04","slug":"bidrag-2015","status":"publish","type":"page","link":"https:\/\/krets.jagareforbundet.se\/motala\/ravjakten\/bidrag-2015\/","title":{"rendered":"Bidrag 2015"},"content":{"rendered":"<p>F\u00f6ljande bidrag har\u00a0inkommit i 2015 \u00e5rs t\u00e4vling:<\/p>\n<table style=\"height: 193px\" border=\"1\" width=\"598\" cellspacing=\"0\" cellpadding=\"0\">\n<tbody>\n<tr>\n<td valign=\"top\" width=\"55\"><span style=\"font-size: medium\"><span style=\"font-family: Times New Roman\">Bidrag<\/span><\/span><\/td>\n<td valign=\"top\" width=\"338\"><span style=\"font-size: medium\"><span style=\"font-family: Times New Roman\">Namn<\/span><\/span><\/td>\n<td valign=\"top\" width=\"197\"><span style=\"font-size: medium\"><span style=\"font-family: Times New Roman\">Datum<\/span><\/span><\/td>\n<\/tr>\n<tr>\n<td valign=\"top\" width=\"55\"><span style=\"font-family: Times New Roman;font-size: medium\">\u00a01<\/span><\/td>\n<td valign=\"top\" width=\"338\"><span style=\"font-family: Times New Roman;font-size: medium\">\u00a0Kenth Andersson<\/span><\/td>\n<td valign=\"top\" width=\"197\"><span style=\"font-family: Times New Roman;font-size: medium\">\u00a02015-10-25<\/span><\/td>\n<\/tr>\n<tr>\n<td valign=\"top\" width=\"55\"><span style=\"font-family: Times New Roman;font-size: medium\">\u00a02<\/span><\/td>\n<td valign=\"top\" width=\"338\"><span style=\"font-family: Times New Roman;font-size: medium\">\u00a0Tomas Strandhag<\/span><\/td>\n<td valign=\"top\" width=\"197\"><span style=\"font-family: Times New Roman;font-size: medium\">\u00a02015-08-09<\/span><\/td>\n<\/tr>\n<tr>\n<td valign=\"top\" width=\"55\"><span style=\"font-family: Times New Roman;font-size: medium\">\u00a03<\/span><\/td>\n<td valign=\"top\" width=\"338\"><span style=\"font-family: Times New Roman;font-size: medium\">\u00a0Magnus Odin<\/span><\/td>\n<td valign=\"top\" width=\"197\"><span style=\"font-family: Times New Roman;font-size: medium\">\u00a02015-08-10<\/span><\/td>\n<\/tr>\n<tr>\n<td valign=\"top\" width=\"55\"><span style=\"font-family: Times New Roman;font-size: medium\">\u00a04<\/span><\/td>\n<td valign=\"top\" width=\"338\"><span style=\"font-family: Times New Roman;font-size: medium\">\u00a0Simon Petersson<\/span><\/td>\n<td valign=\"top\" width=\"197\"><span style=\"font-family: Times New Roman;font-size: medium\">\u00a02015-08-16<\/span><\/td>\n<\/tr>\n<tr>\n<td valign=\"top\" width=\"55\"><span style=\"font-family: Times New Roman;font-size: medium\">\u00a05<\/span><\/td>\n<td valign=\"top\" width=\"338\"><span style=\"font-family: Times New Roman;font-size: medium\">\u00a0Simon Petersson<\/span><\/td>\n<td valign=\"top\" width=\"197\"><span style=\"font-family: Times New Roman;font-size: medium\">\u00a02015-10-17<\/span><\/td>\n<\/tr>\n<tr>\n<td valign=\"top\" width=\"55\"><span style=\"font-family: Times New Roman;font-size: medium\">\u00a06<\/span><\/td>\n<td valign=\"top\" width=\"338\"><span style=\"font-family: Times New Roman;font-size: medium\">\u00a0Simon Petersson<\/span><\/td>\n<td valign=\"top\" width=\"197\"><span style=\"font-family: Times New Roman;font-size: medium\">\u00a02015-10-17<\/span><\/td>\n<\/tr>\n<tr>\n<td valign=\"top\" width=\"55\"><span style=\"font-family: Times New Roman;font-size: medium\">\u00a07<\/span><\/td>\n<td valign=\"top\" width=\"338\"><span style=\"font-family: Times New Roman;font-size: medium\">\u00a0Simon Petersson<\/span><\/td>\n<td valign=\"top\" width=\"197\"><span style=\"font-family: Times New Roman;font-size: medium\">\u00a02015-10-17<\/span><\/td>\n<\/tr>\n<tr>\n<td valign=\"top\" width=\"55\"><span style=\"font-family: Times New Roman;font-size: medium\">\u00a08<\/span><\/td>\n<td valign=\"top\" width=\"338\"><span style=\"font-family: Times New Roman;font-size: medium\">\u00a0Simon Petersson<\/span><\/td>\n<td valign=\"top\" width=\"197\"><span style=\"font-family: Times New Roman;font-size: medium\">\u00a02015-10-18<\/span><\/td>\n<\/tr>\n<tr>\n<td valign=\"top\" width=\"55\"><\/td>\n<td valign=\"top\" width=\"338\"><\/td>\n<td valign=\"top\" width=\"197\"><\/td>\n<\/tr>\n<\/tbody>\n<\/table>\n<p>Bilder p\u00e5 r\u00e4varna finns <a href=\"https:\/\/krets.jagareforbundet.se\/motala\/ravtavling-2015\/tavlingsbidrag-2015\/ravbilder-2015\/\">h\u00e4r<\/a>.<\/p>\n","protected":false},"excerpt":{"rendered":"<p>F\u00f6ljande bidrag har\u00a0inkommit i 2015 \u00e5rs t\u00e4vling: Bidrag Namn Datum \u00a01 \u00a0Kenth Andersson \u00a02015-10-25 \u00a02 \u00a0Tomas Strandhag \u00a02015-08-09 \u00a03 \u00a0Magnus Odin \u00a02015-08-10 \u00a04 \u00a0Simon Petersson \u00a02015-08-16 \u00a05 \u00a0Simon Petersson \u00a02015-10-17 \u00a06 \u00a0Simon Petersson \u00a02015-10-17 \u00a07 \u00a0Simon Petersson \u00a02015-10-17 \u00a08 \u00a0Simon Petersson \u00a02015-10-18 Bilder p\u00e5 r\u00e4varna finns h\u00e4r.<\/p>\n","protected":false},"author":109,"featured_media":0,"parent":133,"menu_order":38,"comment_status":"closed","ping_status":"closed","template":"","meta":{"footnotes":""},"class_list":["post-597","page","type-page","status-publish","hentry"],"_links":{"self":[{"href":"https:\/\/krets.jagareforbundet.se\/motala\/wp-json\/wp\/v2\/pages\/597","targetHints":{"allow":["GET"]}}],"collection":[{"href":"https:\/\/krets.jagareforbundet.se\/motala\/wp-json\/wp\/v2\/pages"}],"about":[{"href":"https:\/\/krets.jagareforbundet.se\/motala\/wp-json\/wp\/v2\/types\/page"}],"author":[{"embeddable":true,"href":"https:\/\/krets.jagareforbundet.se\/motala\/wp-json\/wp\/v2\/users\/109"}],"replies":[{"embeddable":true,"href":"https:\/\/krets.jagareforbundet.se\/motala\/wp-json\/wp\/v2\/comments?post=597"}],"version-history":[{"count":2,"href":"https:\/\/krets.jagareforbundet.se\/motala\/wp-json\/wp\/v2\/pages\/597\/revisions"}],"predecessor-version":[{"id":1832,"href":"https:\/\/krets.jagareforbundet.se\/motala\/wp-json\/wp\/v2\/pages\/597\/revisions\/1832"}],"up":[{"embeddable":true,"href":"https:\/\/krets.jagareforbundet.se\/motala\/wp-json\/wp\/v2\/pages\/133"}],"wp:attachment":[{"href":"https:\/\/krets.jagareforbundet.se\/motala\/wp-json\/wp\/v2\/media?parent=597"}],"curies":[{"name":"wp","href":"https:\/\/api.w.org\/{rel}","templated":true}]}}