{"id":145,"date":"2016-02-01T14:40:21","date_gmt":"2016-02-01T13:40:21","guid":{"rendered":"https:\/\/krets.jagareforbundet.se\/munkedallysekil\/?page_id=145"},"modified":"2023-03-23T13:40:33","modified_gmt":"2023-03-23T12:40:33","slug":"hensbacka","status":"publish","type":"page","link":"https:\/\/krets.jagareforbundet.se\/munkedallysekil\/algskotselomraden\/hensbacka\/","title":{"rendered":"Hensbacka"},"content":{"rendered":"<p>Hensbacka \u00c4lg och Kronsk\u00f6tselomr\u00e5de<\/p>\n<p>Omr\u00e5det \u00e4r idag p\u00e5 ca 22 500 ha f\u00f6rdelat p\u00e5 70 jaktlag.<\/p>\n<p>Kontakt<br \/>\nKenth-Ove Wallstr\u00f6m<br \/>\nSkredsviks Gunner\u00f6d 230<br \/>\n451 95 Uddevalla<br \/>\n076-10 25 041<\/p>\n","protected":false},"excerpt":{"rendered":"<p>Hensbacka \u00c4lg och Kronsk\u00f6tselomr\u00e5de Omr\u00e5det \u00e4r idag p\u00e5 ca 22 500 ha f\u00f6rdelat p\u00e5 70 jaktlag. Kontakt Kenth-Ove Wallstr\u00f6m Skredsviks Gunner\u00f6d 230 451 95 Uddevalla 076-10 25 041<\/p>\n","protected":false},"author":242,"featured_media":0,"parent":144,"menu_order":0,"comment_status":"closed","ping_status":"closed","template":"","meta":{"footnotes":""},"class_list":["post-145","page","type-page","status-publish","hentry"],"_links":{"self":[{"href":"https:\/\/krets.jagareforbundet.se\/munkedallysekil\/wp-json\/wp\/v2\/pages\/145","targetHints":{"allow":["GET"]}}],"collection":[{"href":"https:\/\/krets.jagareforbundet.se\/munkedallysekil\/wp-json\/wp\/v2\/pages"}],"about":[{"href":"https:\/\/krets.jagareforbundet.se\/munkedallysekil\/wp-json\/wp\/v2\/types\/page"}],"author":[{"embeddable":true,"href":"https:\/\/krets.jagareforbundet.se\/munkedallysekil\/wp-json\/wp\/v2\/users\/242"}],"replies":[{"embeddable":true,"href":"https:\/\/krets.jagareforbundet.se\/munkedallysekil\/wp-json\/wp\/v2\/comments?post=145"}],"version-history":[{"count":3,"href":"https:\/\/krets.jagareforbundet.se\/munkedallysekil\/wp-json\/wp\/v2\/pages\/145\/revisions"}],"predecessor-version":[{"id":518,"href":"https:\/\/krets.jagareforbundet.se\/munkedallysekil\/wp-json\/wp\/v2\/pages\/145\/revisions\/518"}],"up":[{"embeddable":true,"href":"https:\/\/krets.jagareforbundet.se\/munkedallysekil\/wp-json\/wp\/v2\/pages\/144"}],"wp:attachment":[{"href":"https:\/\/krets.jagareforbundet.se\/munkedallysekil\/wp-json\/wp\/v2\/media?parent=145"}],"curies":[{"name":"wp","href":"https:\/\/api.w.org\/{rel}","templated":true}]}}