{"id":157,"date":"2016-02-01T16:57:07","date_gmt":"2016-02-01T15:57:07","guid":{"rendered":"https:\/\/krets.jagareforbundet.se\/munkedallysekil\/?page_id=157"},"modified":"2023-03-22T23:20:56","modified_gmt":"2023-03-22T22:20:56","slug":"stangenas","status":"publish","type":"page","link":"https:\/\/krets.jagareforbundet.se\/munkedallysekil\/algskotselomraden\/stangenas\/","title":{"rendered":"St\u00e5ngen\u00e4s"},"content":{"rendered":"<p>Info om \u00e4lgsk\u00f6tselomr\u00e5det<\/p>\n<p>\u201d St\u00e5ngen\u00e4s \u00c4SO omfattar ca 13\u00a0000 ha. Huvudsakliga utstr\u00e4ckningen motsvarar kommungr\u00e4nsen.<br \/>\n\u00c5rsm\u00f6te best\u00e5ende av mark\u00e4gare och j\u00e4gare beslutar \u00e5rligen om avskjutning, jaktregler och utser en styrelse om 6 personer.<br \/>\nNuvarande \u00e5r 21-22 \u00e4r andra \u00e5ret av tre\u00e5rig \u00e4lgf\u00f6rvaltningsplan.<br \/>\nStyrelsen har konstituerande m\u00f6te som utser sekreterare och kass\u00f6r och ca 6 ordinarie m\u00f6ten per \u00e5r.<br \/>\nEn till tv\u00e5 ggr om \u00e5ret genomf\u00f6rs \u00e4ven jaktledarm\u00f6ten.\u201d<\/p>\n<p><a href=\"https:\/\/krets.jagareforbundet.se\/munkedallysekil\/stangenas-ao-stadgar-2018\/\">Stadgar<\/a><\/p>\n<p><a href=\"https:\/\/krets.jagareforbundet.se\/munkedallysekil\/statistik-2013-21-4-mars\/\">Statistik<\/a><\/p>\n","protected":false},"excerpt":{"rendered":"<p>Info om \u00e4lgsk\u00f6tselomr\u00e5det \u201d St\u00e5ngen\u00e4s \u00c4SO omfattar ca 13\u00a0000 ha. Huvudsakliga utstr\u00e4ckningen motsvarar kommungr\u00e4nsen. \u00c5rsm\u00f6te best\u00e5ende av mark\u00e4gare och j\u00e4gare beslutar \u00e5rligen om avskjutning, jaktregler och utser en styrelse om 6 personer. Nuvarande \u00e5r 21-22 \u00e4r andra \u00e5ret av tre\u00e5rig \u00e4lgf\u00f6rvaltningsplan. Styrelsen har konstituerande m\u00f6te som utser sekreterare och kass\u00f6r och ca 6 ordinarie m\u00f6ten [&hellip;]<\/p>\n","protected":false},"author":242,"featured_media":0,"parent":144,"menu_order":0,"comment_status":"closed","ping_status":"closed","template":"","meta":{"footnotes":""},"class_list":["post-157","page","type-page","status-publish","hentry"],"_links":{"self":[{"href":"https:\/\/krets.jagareforbundet.se\/munkedallysekil\/wp-json\/wp\/v2\/pages\/157","targetHints":{"allow":["GET"]}}],"collection":[{"href":"https:\/\/krets.jagareforbundet.se\/munkedallysekil\/wp-json\/wp\/v2\/pages"}],"about":[{"href":"https:\/\/krets.jagareforbundet.se\/munkedallysekil\/wp-json\/wp\/v2\/types\/page"}],"author":[{"embeddable":true,"href":"https:\/\/krets.jagareforbundet.se\/munkedallysekil\/wp-json\/wp\/v2\/users\/242"}],"replies":[{"embeddable":true,"href":"https:\/\/krets.jagareforbundet.se\/munkedallysekil\/wp-json\/wp\/v2\/comments?post=157"}],"version-history":[{"count":3,"href":"https:\/\/krets.jagareforbundet.se\/munkedallysekil\/wp-json\/wp\/v2\/pages\/157\/revisions"}],"predecessor-version":[{"id":520,"href":"https:\/\/krets.jagareforbundet.se\/munkedallysekil\/wp-json\/wp\/v2\/pages\/157\/revisions\/520"}],"up":[{"embeddable":true,"href":"https:\/\/krets.jagareforbundet.se\/munkedallysekil\/wp-json\/wp\/v2\/pages\/144"}],"wp:attachment":[{"href":"https:\/\/krets.jagareforbundet.se\/munkedallysekil\/wp-json\/wp\/v2\/media?parent=157"}],"curies":[{"name":"wp","href":"https:\/\/api.w.org\/{rel}","templated":true}]}}