{"id":668,"date":"2025-03-26T17:56:14","date_gmt":"2025-03-26T16:56:14","guid":{"rendered":"https:\/\/krets.jagareforbundet.se\/munkedallysekil\/?page_id=668"},"modified":"2025-03-26T17:56:48","modified_gmt":"2025-03-26T16:56:48","slug":"ungdomslager-pa-skogaryd","status":"publish","type":"page","link":"https:\/\/krets.jagareforbundet.se\/munkedallysekil\/ungdomsektionen\/ungdomslager-pa-skogaryd\/","title":{"rendered":"Ungdomsl\u00e4ger p\u00e5 Skogaryd!"},"content":{"rendered":"<div class=\"xdj266r x11i5rnm xat24cr x1mh8g0r x1vvkbs x126k92a\">\n<h2>Dags att anm\u00e4la sig till \u00e5rets Ungdomsl\u00e4ger p\u00e5 Skogaryd!<\/h2>\n<\/div>\n<div class=\"x11i5rnm xat24cr x1mh8g0r x1vvkbs xtlvy1s x126k92a\">\n<div>Datum: 14-16 Juni.<\/div>\n<\/div>\n<div class=\"x11i5rnm xat24cr x1mh8g0r x1vvkbs xtlvy1s x126k92a\">\n<div>L\u00e4gret \u00e4r f\u00f6r dig mellan 12-16 \u00e5r. Med intresse f\u00f6r djur, natur, fiske, skytte, bad, det vilda m.m. L\u00e4grets plats \u00e4r p\u00e5 J\u00e4garetorpet Skogaryd som drivs av j\u00e4garef\u00f6rbundet V\u00e4strag\u00f6taland V\u00e4st.<\/div>\n<div>L\u00e4gret \u00e4r kostnadsfritt, men ett begr\u00e4nsat antal deltagare f\u00e5r plats.<\/div>\n<\/div>\n<div class=\"x11i5rnm xat24cr x1mh8g0r x1vvkbs xtlvy1s x126k92a\">\n<div>F\u00f6r anm\u00e4lan eller fr\u00e5gor kontakta Mats Svantesson p\u00e5 mats.svantesson@uddevalla-hamn.se eller telefon:070-685 70 40.<\/div>\n<\/div>\n<div class=\"x11i5rnm xat24cr x1mh8g0r x1vvkbs xtlvy1s x126k92a\">\n<div>Anm\u00e4lan senast 6 juni<\/div>\n<\/div>\n","protected":false},"excerpt":{"rendered":"<p>Dags att anm\u00e4la sig till \u00e5rets Ungdomsl\u00e4ger p\u00e5 Skogaryd! Datum: 14-16 Juni. L\u00e4gret \u00e4r f\u00f6r dig mellan 12-16 \u00e5r. Med intresse f\u00f6r djur, natur, fiske, skytte, bad, det vilda m.m. L\u00e4grets plats \u00e4r p\u00e5 J\u00e4garetorpet Skogaryd som drivs av j\u00e4garef\u00f6rbundet V\u00e4strag\u00f6taland V\u00e4st. L\u00e4gret \u00e4r kostnadsfritt, men ett begr\u00e4nsat antal deltagare f\u00e5r plats. F\u00f6r anm\u00e4lan eller [&hellip;]<\/p>\n","protected":false},"author":242,"featured_media":0,"parent":167,"menu_order":0,"comment_status":"closed","ping_status":"closed","template":"","meta":{"footnotes":""},"class_list":["post-668","page","type-page","status-publish","hentry"],"_links":{"self":[{"href":"https:\/\/krets.jagareforbundet.se\/munkedallysekil\/wp-json\/wp\/v2\/pages\/668","targetHints":{"allow":["GET"]}}],"collection":[{"href":"https:\/\/krets.jagareforbundet.se\/munkedallysekil\/wp-json\/wp\/v2\/pages"}],"about":[{"href":"https:\/\/krets.jagareforbundet.se\/munkedallysekil\/wp-json\/wp\/v2\/types\/page"}],"author":[{"embeddable":true,"href":"https:\/\/krets.jagareforbundet.se\/munkedallysekil\/wp-json\/wp\/v2\/users\/242"}],"replies":[{"embeddable":true,"href":"https:\/\/krets.jagareforbundet.se\/munkedallysekil\/wp-json\/wp\/v2\/comments?post=668"}],"version-history":[{"count":1,"href":"https:\/\/krets.jagareforbundet.se\/munkedallysekil\/wp-json\/wp\/v2\/pages\/668\/revisions"}],"predecessor-version":[{"id":669,"href":"https:\/\/krets.jagareforbundet.se\/munkedallysekil\/wp-json\/wp\/v2\/pages\/668\/revisions\/669"}],"up":[{"embeddable":true,"href":"https:\/\/krets.jagareforbundet.se\/munkedallysekil\/wp-json\/wp\/v2\/pages\/167"}],"wp:attachment":[{"href":"https:\/\/krets.jagareforbundet.se\/munkedallysekil\/wp-json\/wp\/v2\/media?parent=668"}],"curies":[{"name":"wp","href":"https:\/\/api.w.org\/{rel}","templated":true}]}}