{"id":37,"date":"2013-12-27T15:56:21","date_gmt":"2013-12-27T14:56:21","guid":{"rendered":"https:\/\/krets.jagareforbundet.se\/norrasormland\/?page_id=37"},"modified":"2024-06-30T14:19:41","modified_gmt":"2024-06-30T12:19:41","slug":"utbildning","status":"publish","type":"page","link":"https:\/\/krets.jagareforbundet.se\/norrasormland\/utbildning\/","title":{"rendered":"Utbildning"},"content":{"rendered":"<pre>\r\n<a style=\"font-family: Georgia, 'Times New Roman', 'Bitstream Charter', Times, serif\" title=\"Utbildningar och kurser\" href=\"http:\/\/jagareforbundet.se\/utbildning\/\" target=\"_blank\" rel=\"noopener noreferrer\">Kurser hos J\u00e4garef\u00f6rbundet<\/a><\/pre>\n<p><a title=\"Studiefr\u00e4mjandet S\u00f6rmland\" href=\"http:\/\/www.studieframjandet.se\/sormland\/\" target=\"_blank\" rel=\"noopener noreferrer\">Aktuella kurser, Studiefr\u00e4mjandet<\/a><\/p>\n<p>&nbsp;<\/p>\n<p><strong>Kontaktuppgifter Studiefr\u00e4mjandet i S\u00f6rmland<\/strong><\/p>\n<p><strong>Eskilstuna<\/strong><br \/>\nV\u00e4ster\u00e5sv\u00e4gen 90<br \/>\n632 23 Eskilstuna<br \/>\n016 \u2013 15 93 20<br \/>\n\u00d6ppet tider:<br \/>\nM\u00e5ndag \u2013 Torsdag<br \/>\n09.00 \u2013 12.00<br \/>\nFredag St\u00e4ngt<br \/>\n\u00d6vrig tid, ring f\u00f6r avtalad tid<\/p>\n<p><strong>Katrineholm<\/strong><br \/>\nK\u00f6pmangatan 3<br \/>\n641 30 Katrineholm<br \/>\n0150 \u2013 510 51<br \/>\n\u00d6ppet tider:<br \/>\nM\u00e5ndag \u2013 Fredag<br \/>\n09.00 \u2013 12.00<br \/>\n\u00d6vrig tid, ring f\u00f6r avtalad tid<\/p>\n<p><strong>Flen<\/strong><br \/>\nG\u00f6tgatan 7<br \/>\n642 37 Flen<br \/>\n0157 \u2013 142 62<br \/>\n\u00d6ppet tider:<br \/>\nM\u00e5ndagar 09.00 \u2013 18.00<br \/>\nLunch 12.00 \u2013 13.00<br \/>\n\u00d6vrig tid kontakta Katrineholmskontoret<\/p>\n<p><strong>Nyk\u00f6ping \u2013 Gnesta &#8211; Trosa<\/strong><br \/>\nBrunnsgatan 5<br \/>\n611 32 Nyk\u00f6ping<br \/>\n0155 \u2013 21 71 20<br \/>\n\u00d6ppet tider:<br \/>\nM\u00e5ndag \u2013 fredag<br \/>\n08.30 \u2013 16.30<br \/>\nFredag 08.30 \u2013 12.00<br \/>\nLunchst\u00e4ngt 12.00 \u2013 13.00<\/p>\n<p><strong>Str\u00e4ngn\u00e4s<\/strong><br \/>\nK\u00e4llgatan 3A<br \/>\n645 31 Str\u00e4ngn\u00e4s<br \/>\n0152 \u2013 65 05 50<br \/>\n\u00d6ppet tider:<br \/>\nM\u00e5ndag \u2013 Torsdag<br \/>\n09.00 \u2013 17.00<br \/>\nLunchst\u00e4ngt 12.00 \u2013 13.00<br \/>\nFredagar St\u00e4ngt<\/p>\n<p><strong>Ving\u00e5ker<\/strong><br \/>\nJ\u00e4rnv\u00e4gsgatan 3<br \/>\n643 30 Ving\u00e5ker<br \/>\n0151 \u2013 121 80<br \/>\n\u00d6ppet tider:<br \/>\nM\u00e5ndag \u2013 Fredag<br \/>\n09.00 \u2013 16.00<br \/>\nLunchst\u00e4ngt 12.00 -13.00<br \/>\nFredag St\u00e4ngt<\/p>\n<p>&nbsp;<\/p>\n<p>&nbsp;<\/p>\n","protected":false},"excerpt":{"rendered":"<p>Kurser hos J\u00e4garef\u00f6rbundet Aktuella kurser, Studiefr\u00e4mjandet &nbsp; Kontaktuppgifter Studiefr\u00e4mjandet i S\u00f6rmland Eskilstuna V\u00e4ster\u00e5sv\u00e4gen 90 632 23 Eskilstuna 016 \u2013 15 93 20 \u00d6ppet tider: M\u00e5ndag \u2013 Torsdag 09.00 \u2013 12.00 Fredag St\u00e4ngt \u00d6vrig tid, ring f\u00f6r avtalad tid Katrineholm K\u00f6pmangatan 3 641 30 Katrineholm 0150 \u2013 510 51 \u00d6ppet tider: M\u00e5ndag \u2013 Fredag 09.00 \u2013 [&hellip;]<\/p>\n","protected":false},"author":141,"featured_media":0,"parent":0,"menu_order":0,"comment_status":"open","ping_status":"open","template":"","meta":{"footnotes":""},"class_list":["post-37","page","type-page","status-publish","hentry"],"_links":{"self":[{"href":"https:\/\/krets.jagareforbundet.se\/norrasormland\/wp-json\/wp\/v2\/pages\/37","targetHints":{"allow":["GET"]}}],"collection":[{"href":"https:\/\/krets.jagareforbundet.se\/norrasormland\/wp-json\/wp\/v2\/pages"}],"about":[{"href":"https:\/\/krets.jagareforbundet.se\/norrasormland\/wp-json\/wp\/v2\/types\/page"}],"author":[{"embeddable":true,"href":"https:\/\/krets.jagareforbundet.se\/norrasormland\/wp-json\/wp\/v2\/users\/141"}],"replies":[{"embeddable":true,"href":"https:\/\/krets.jagareforbundet.se\/norrasormland\/wp-json\/wp\/v2\/comments?post=37"}],"version-history":[{"count":2,"href":"https:\/\/krets.jagareforbundet.se\/norrasormland\/wp-json\/wp\/v2\/pages\/37\/revisions"}],"predecessor-version":[{"id":802,"href":"https:\/\/krets.jagareforbundet.se\/norrasormland\/wp-json\/wp\/v2\/pages\/37\/revisions\/802"}],"wp:attachment":[{"href":"https:\/\/krets.jagareforbundet.se\/norrasormland\/wp-json\/wp\/v2\/media?parent=37"}],"curies":[{"name":"wp","href":"https:\/\/api.w.org\/{rel}","templated":true}]}}