{"id":383,"date":"2020-02-17T22:43:05","date_gmt":"2020-02-17T21:43:05","guid":{"rendered":"https:\/\/krets.jagareforbundet.se\/norrasormland\/?page_id=383"},"modified":"2026-04-11T19:05:42","modified_gmt":"2026-04-11T17:05:42","slug":"startsida","status":"publish","type":"page","link":"https:\/\/krets.jagareforbundet.se\/norrasormland\/","title":{"rendered":"V\u00e4lkommen till Norra S\u00f6rmlands Jaktv\u00e5rdskrets!"},"content":{"rendered":"<p><strong><img loading=\"lazy\" decoding=\"async\" class=\"size-full wp-image-407 aligncenter\" src=\"https:\/\/krets.jagareforbundet.se\/norrasormland\/files\/2020\/02\/sjf_gron_norra_sormland.jpg\" alt=\"\" width=\"800\" height=\"287\" srcset=\"https:\/\/krets.jagareforbundet.se\/norrasormland\/files\/2020\/02\/sjf_gron_norra_sormland.jpg 800w, https:\/\/krets.jagareforbundet.se\/norrasormland\/files\/2020\/02\/sjf_gron_norra_sormland-300x108.jpg 300w, https:\/\/krets.jagareforbundet.se\/norrasormland\/files\/2020\/02\/sjf_gron_norra_sormland-768x276.jpg 768w\" sizes=\"auto, (max-width: 800px) 100vw, 800px\" \/><\/strong><\/p>\n<div id=\"attachment_408\" style=\"width: 1010px\" class=\"wp-caption aligncenter\"><img loading=\"lazy\" decoding=\"async\" aria-describedby=\"caption-attachment-408\" class=\"size-full wp-image-408\" src=\"https:\/\/krets.jagareforbundet.se\/norrasormland\/files\/2020\/02\/algkviga_1000.jpg\" alt=\"\" width=\"1000\" height=\"479\" srcset=\"https:\/\/krets.jagareforbundet.se\/norrasormland\/files\/2020\/02\/algkviga_1000.jpg 1000w, https:\/\/krets.jagareforbundet.se\/norrasormland\/files\/2020\/02\/algkviga_1000-300x144.jpg 300w, https:\/\/krets.jagareforbundet.se\/norrasormland\/files\/2020\/02\/algkviga_1000-768x368.jpg 768w\" sizes=\"auto, (max-width: 1000px) 100vw, 1000px\" \/><p id=\"caption-attachment-408\" class=\"wp-caption-text\">Foto: Oscar Lindvall<\/p><\/div>\n<h2><strong>V\u00e4lkommen till Norra S\u00f6rmlands Jaktv\u00e5rdskrets!<\/strong><\/h2>\n<p>Norra S\u00f6rmland JVK ing\u00e5r i VFO2 och best\u00e5r av f\u00f6re detta VFO8 och VFO9 och \u00e4r S\u00f6rmlands st\u00f6rsta krets. En presentation av kretsen finns<span style=\"color: #000000\"> upp till h\u00f6ger &#8221;Om kretsen&#8221;.<\/span> D\u00e4r finns ocks\u00e5 en karta som visar kretsen geografiska utbredning. Du kan komma i kontakt med kretsen via mail till\u00a0 <a href=\"mailto:norrasormlandjvk@gmail.com\" target=\"_blank\" rel=\"noopener\"><span style=\"color: #0000ff\">norrasormlandjvk@gmail.com<\/span><\/a><\/p>\n<p>Kretsens stadgar finns under &#8221;Om kretsen&#8221; upp till h\u00f6ger och \u00e5rsm\u00f6tesprotokollen finns under &#8221;Dokument&#8221;.<\/p>\n<p>\u00c5rsm\u00f6tet 2026 h\u00f6lls onsdag den 11 februari p\u00e5 MEGS i Malmby utanf\u00f6r Str\u00e4ngn\u00e4s.<\/p>\n<h3>P\u00e5 g\u00e5ng i Kretsen 2026:<\/h3>\n<p>H\u00e4r l\u00e4ggs information om kommande aktiviteter upp varefter. N\u00e4r aktiviteten \u00e4r beslutad dyker den upp under\u00a0 rubriken Evenemang till h\u00f6ger<\/p>\n<p>Inbjudan till KM i efters\u00f6k 16 maj.<\/p>\n<p>Datum f\u00f6r <strong>Jaktlagstr\u00e4ffen,<\/strong> som \u00e4r norra delen av kretsens motsvarighet till byalagsskjutningen, \u00e4r inte best\u00e4mt \u00e4n.<\/p>\n<p>Prova p\u00e5 <strong>l\u00e5ngh\u00e5llsskytte<\/strong> p\u00e5 \u00c5ker-L\u00e4nna Jaktskytteklubb. Inget best\u00e4mt men finns intresse s\u00e5 h\u00f6r av er till kretsen s\u00e5 fixar vi det.<\/p>\n<p>Kurser i knivslipning, vapenv\u00e5rd, rapportering i Viltdata, praktisk efters\u00f6k mm planeras under \u00e5ret 2026. Mer info kommer&#8230;<\/p>\n<p>Har ni \u00f6nskem\u00e5l\/f\u00f6rslag p\u00e5 andra aktiviteter\/utbildningar s\u00e5 s\u00e4nd ett mail p\u00e5 adressen ovan.<\/p>\n<h3>Ett smakprov av Kretsen 2025:<\/h3>\n<div id=\"attachment_80\" style=\"width: 327px\" class=\"wp-caption alignleft\"><img loading=\"lazy\" decoding=\"async\" aria-describedby=\"caption-attachment-80\" class=\"size-full wp-image-80\" src=\"https:\/\/krets.jagareforbundet.se\/norrasormland\/files\/2014\/05\/wes.jpg\" alt=\"\" width=\"317\" height=\"200\" \/><p id=\"caption-attachment-80\" class=\"wp-caption-text\">Foto Unknown<\/p><\/div>\n<p><strong>Ungdomsl\u00e4gret<\/strong> h\u00f6lls \u00e5ter p\u00e5 Klinkeboda utanf\u00f6r Str\u00e4ngn\u00e4s 8-10 augusti 2025.<\/p>\n<p>Den traditionella <strong>Byalagsskjutning<\/strong> \u00e4gde rum p\u00e5 \u00d6SJSK bana utanf\u00f6r Gnesta. Resultat f\u00f6r 2025&#8217;s skjutning finns under &#8221;Resultat&#8221; upp till h\u00f6ger.<\/p>\n<p>Utbildning i efters\u00f6k med ESS \u00e4gde rum i april p\u00e5 Hugelsta JSK.<\/p>\n<p><strong>Tr\u00e4na er hund <\/strong>p\u00e5 vildsvin i h\u00e4gn \u00e4gde rum de 13 september.<\/p>\n<h3><\/h3>\n<h3>\u00c4FO 2:<\/h3>\n<p>V\u00e5r krets tillh\u00f6r \u00c4lgf\u00f6rvaltningsomr\u00e5de 2 sedan 2020. L\u00e4nk till \u00c4FO2 hemsida finns <span style=\"color: #0000ff\"><a style=\"color: #0000ff\" href=\"http:\/\/afo2.se\/\">h\u00e4r.<\/a><\/span><\/p>\n<h3>Rovdjur:<\/h3>\n<div id=\"attachment_35\" style=\"width: 327px\" class=\"wp-caption alignleft\"><img loading=\"lazy\" decoding=\"async\" aria-describedby=\"caption-attachment-35\" class=\"size-full wp-image-35\" src=\"https:\/\/krets.jagareforbundet.se\/norrasormland\/files\/2013\/12\/bjornen_lufsar.jpg\" alt=\"\" width=\"317\" height=\"200\" \/><p id=\"caption-attachment-35\" class=\"wp-caption-text\">Foto Johnny Olsson<\/p><\/div>\n<p>Det \u00e4r av st\u00f6rsta vikt att ni rapporterar observationer, sp\u00e5r eller avf\u00f6ring av rovdjur. I v\u00e5ra trakter fr\u00e4mst av lo och varg. Rapportera via <span style=\"color: #0000ff\"><a style=\"color: #0000ff\" href=\"https:\/\/www.skandobs.se\/#\" target=\"_blank\" rel=\"noopener noreferrer\">Skandobs<\/a>.<\/span><\/p>\n<p>S\u00e4songens rovdjursinventering p\u00e5g\u00e5r f\u00f6r fullt. \u00c5terkommer med information n\u00e4r resultatet \u00e4r s\u00e4kerst\u00e4llt.<\/p>\n<p>Skyddsjakt p\u00e5 varg beviljades 2025 vid tv\u00e5 tillf\u00e4llen i omr\u00e5det kring Malmk\u00f6ping.<\/p>\n<p>Lite info om \u00a728 finns <span style=\"color: #0000ff\"><a style=\"color: #0000ff\" href=\"https:\/\/krets.jagareforbundet.se\/norrasormland\/files\/2021\/02\/Paragraf-28.pdf\" target=\"_blank\" rel=\"noopener\">h\u00e4r<\/a><\/span>.<\/p>\n<h4><\/h4>\n<h3>Trafik- och efters\u00f6k<\/h3>\n<p>Fr\u00e5n 2023 engagerar sig kretsen i trafik efters\u00f6k genom att fokusera p\u00e5 jaktlagens och medlemmarnas behov av kunskap och utbildning i efters\u00f6k i samband med jakt. Det kommer docktrafik efters\u00f6k till del d\u00e5 vi d\u00e4r igenom f\u00e5r fram duktiga efters\u00f6ksekipage.<\/p>\n<p>&nbsp;<\/p>\n","protected":false},"excerpt":{"rendered":"<p>V\u00e4lkommen till Norra S\u00f6rmlands Jaktv\u00e5rdskrets! Norra S\u00f6rmland JVK ing\u00e5r i VFO2 och best\u00e5r av f\u00f6re detta VFO8 och VFO9 och \u00e4r S\u00f6rmlands st\u00f6rsta krets. En presentation av kretsen finns upp till h\u00f6ger &#8221;Om kretsen&#8221;. D\u00e4r finns ocks\u00e5 en karta som visar kretsen geografiska utbredning. Du kan komma i kontakt med kretsen via mail till\u00a0 norrasormlandjvk@gmail.com [&hellip;]<\/p>\n","protected":false},"author":141,"featured_media":0,"parent":0,"menu_order":0,"comment_status":"closed","ping_status":"closed","template":"","meta":{"footnotes":""},"class_list":["post-383","page","type-page","status-publish","hentry"],"_links":{"self":[{"href":"https:\/\/krets.jagareforbundet.se\/norrasormland\/wp-json\/wp\/v2\/pages\/383","targetHints":{"allow":["GET"]}}],"collection":[{"href":"https:\/\/krets.jagareforbundet.se\/norrasormland\/wp-json\/wp\/v2\/pages"}],"about":[{"href":"https:\/\/krets.jagareforbundet.se\/norrasormland\/wp-json\/wp\/v2\/types\/page"}],"author":[{"embeddable":true,"href":"https:\/\/krets.jagareforbundet.se\/norrasormland\/wp-json\/wp\/v2\/users\/141"}],"replies":[{"embeddable":true,"href":"https:\/\/krets.jagareforbundet.se\/norrasormland\/wp-json\/wp\/v2\/comments?post=383"}],"version-history":[{"count":4,"href":"https:\/\/krets.jagareforbundet.se\/norrasormland\/wp-json\/wp\/v2\/pages\/383\/revisions"}],"predecessor-version":[{"id":937,"href":"https:\/\/krets.jagareforbundet.se\/norrasormland\/wp-json\/wp\/v2\/pages\/383\/revisions\/937"}],"wp:attachment":[{"href":"https:\/\/krets.jagareforbundet.se\/norrasormland\/wp-json\/wp\/v2\/media?parent=383"}],"curies":[{"name":"wp","href":"https:\/\/api.w.org\/{rel}","templated":true}]}}