{"id":415,"date":"2020-02-22T16:17:55","date_gmt":"2020-02-22T15:17:55","guid":{"rendered":"https:\/\/krets.jagareforbundet.se\/norrasormland\/?page_id=415"},"modified":"2022-10-21T15:11:51","modified_gmt":"2022-10-21T13:11:51","slug":"resultat","status":"publish","type":"page","link":"https:\/\/krets.jagareforbundet.se\/norrasormland\/resultat\/","title":{"rendered":"Resultat"},"content":{"rendered":"<p>H\u00e4r finns resultat fr\u00e5n diverse aktiviteter<\/p>\n<p><a href=\"https:\/\/krets.jagareforbundet.se\/norrasormland\/resultat\/byalagsskjutning\/\"><span style=\"color: #0000ff\">Byalagsskjutning S\u00f6dertuna<\/span><\/a><\/p>\n<p><span style=\"color: #0000ff\"><a style=\"color: #0000ff\" href=\"https:\/\/krets.jagareforbundet.se\/norrasormland\/resultat\/kretsmasterskap-eftersok\/\">Kretsm\u00e4sterskap i efters\u00f6k<\/a><\/span><\/p>\n<p><span style=\"color: #0000ff\"><a style=\"color: #0000ff\" href=\"https:\/\/krets.jagareforbundet.se\/norrasormland\/resultat\/jaktlagstraffen\/\">Jaktlagstr\u00e4ffen Klinkeboda<\/a>\u00a0<\/span><\/p>\n<p>&nbsp;<\/p>\n<p>&nbsp;<\/p>\n","protected":false},"excerpt":{"rendered":"<p>H\u00e4r finns resultat fr\u00e5n diverse aktiviteter Byalagsskjutning S\u00f6dertuna Kretsm\u00e4sterskap i efters\u00f6k Jaktlagstr\u00e4ffen Klinkeboda\u00a0 &nbsp; &nbsp;<\/p>\n","protected":false},"author":141,"featured_media":0,"parent":0,"menu_order":0,"comment_status":"closed","ping_status":"closed","template":"","meta":{"footnotes":""},"class_list":["post-415","page","type-page","status-publish","hentry"],"_links":{"self":[{"href":"https:\/\/krets.jagareforbundet.se\/norrasormland\/wp-json\/wp\/v2\/pages\/415","targetHints":{"allow":["GET"]}}],"collection":[{"href":"https:\/\/krets.jagareforbundet.se\/norrasormland\/wp-json\/wp\/v2\/pages"}],"about":[{"href":"https:\/\/krets.jagareforbundet.se\/norrasormland\/wp-json\/wp\/v2\/types\/page"}],"author":[{"embeddable":true,"href":"https:\/\/krets.jagareforbundet.se\/norrasormland\/wp-json\/wp\/v2\/users\/141"}],"replies":[{"embeddable":true,"href":"https:\/\/krets.jagareforbundet.se\/norrasormland\/wp-json\/wp\/v2\/comments?post=415"}],"version-history":[{"count":3,"href":"https:\/\/krets.jagareforbundet.se\/norrasormland\/wp-json\/wp\/v2\/pages\/415\/revisions"}],"predecessor-version":[{"id":664,"href":"https:\/\/krets.jagareforbundet.se\/norrasormland\/wp-json\/wp\/v2\/pages\/415\/revisions\/664"}],"wp:attachment":[{"href":"https:\/\/krets.jagareforbundet.se\/norrasormland\/wp-json\/wp\/v2\/media?parent=415"}],"curies":[{"name":"wp","href":"https:\/\/api.w.org\/{rel}","templated":true}]}}