{"id":202,"date":"2015-03-11T14:14:25","date_gmt":"2015-03-11T13:14:25","guid":{"rendered":"https:\/\/krets.jagareforbundet.se\/vallentunataby\/?page_id=202"},"modified":"2026-04-30T14:54:59","modified_gmt":"2026-04-30T12:54:59","slug":"viltolyckor-och-eftersok","status":"publish","type":"page","link":"https:\/\/krets.jagareforbundet.se\/norrort\/viltolyckor-och-eftersok\/","title":{"rendered":"Viltolyckor och Efters\u00f6k"},"content":{"rendered":"<h3>Kolliderat med vilt? RING 112[\/highlight]<\/h3>\n<p>Som en av 16 organisationer ing\u00e5r Svenska J\u00e4garef\u00f6rbundet i <a href=\"https:\/\/www.viltolycka.se\/\">Nationella Viltolycksr\u00e5det<\/a>. Svenska J\u00e4garef\u00f6rbundets uppdrag best\u00e5r av att p\u00e5 lokal niv\u00e5 organisera kompetenta efters\u00f6ksj\u00e4gare med syfte att minska trafikskadat vilts lidande.<\/p>\n<p>Inom Vallentuna, T\u00e4by, Danderyd och Sigtuna &#8211; \u00f6ster om E4, sker varje \u00e5r upp\u00e5t 300 viltolyckor som rapporteras till Polisen. Ett tjugotal personer ing\u00e5r i kretsens efters\u00f6ksorganisation. Som efters\u00f6ksj\u00e4gare f\u00f6rv\u00e4ntas du st\u00e4lla upp under alla dygnets tider, i v\u00e5tt och torrt, varmt och kallt, f\u00f6r att f\u00f6rkorta lidandet f\u00f6r p\u00e5k\u00f6rt vilt.<\/p>\n<p>H\u00e4r \u00e4r ett exempel p\u00e5 hur v\u00e5r Efters\u00f6kssamordnare arbetade i februari 2026 med ovanliga m\u00e5nga viltolyckor <a href=\"https:\/\/www.mitti.se\/nyheter\/ovanligt-manga-viltolyckor--atta-rapporterade-pa-en-vecka-6.3.346476.869f9ba5b8\">Mitti<\/a><\/p>\n<h3>Intresserad av att bli efters\u00f6ksj\u00e4gare?<\/h3>\n<p>Kontakta Efters\u00f6ksansvarig: Anders Brismo &#8211; norrort@abkrets.se<\/p>\n<p>En efters\u00f6ksj\u00e4gare skall inneha j\u00e4garexamen, efters\u00f6kshund enligt NVR:s riktlinjer, licens f\u00f6r kulvapen i klass 1 samt godk\u00e4nd utbildning &#8221;Trafiks\u00e4kerhet vid efters\u00f6k av trafikskadat vilt&#8221;. Dessutom ska man vara godk\u00e4nd av polisen och anv\u00e4nda av polisen tilldelad skyddutrustning.<\/p>\n<p>&nbsp;<\/p>\n","protected":false},"excerpt":{"rendered":"<p>Kolliderat med vilt? RING 112[\/highlight] Som en av 16 organisationer ing\u00e5r Svenska J\u00e4garef\u00f6rbundet i Nationella Viltolycksr\u00e5det. Svenska J\u00e4garef\u00f6rbundets uppdrag best\u00e5r av att p\u00e5 lokal niv\u00e5 organisera kompetenta efters\u00f6ksj\u00e4gare med syfte att minska trafikskadat vilts lidande. Inom Vallentuna, T\u00e4by, Danderyd och Sigtuna &#8211; \u00f6ster om E4, sker varje \u00e5r upp\u00e5t 300 viltolyckor som rapporteras till Polisen. [&hellip;]<\/p>\n","protected":false},"author":136,"featured_media":203,"parent":0,"menu_order":7,"comment_status":"open","ping_status":"closed","template":"","meta":{"footnotes":""},"class_list":["post-202","page","type-page","status-publish","has-post-thumbnail","hentry"],"_links":{"self":[{"href":"https:\/\/krets.jagareforbundet.se\/norrort\/wp-json\/wp\/v2\/pages\/202","targetHints":{"allow":["GET"]}}],"collection":[{"href":"https:\/\/krets.jagareforbundet.se\/norrort\/wp-json\/wp\/v2\/pages"}],"about":[{"href":"https:\/\/krets.jagareforbundet.se\/norrort\/wp-json\/wp\/v2\/types\/page"}],"author":[{"embeddable":true,"href":"https:\/\/krets.jagareforbundet.se\/norrort\/wp-json\/wp\/v2\/users\/136"}],"replies":[{"embeddable":true,"href":"https:\/\/krets.jagareforbundet.se\/norrort\/wp-json\/wp\/v2\/comments?post=202"}],"version-history":[{"count":3,"href":"https:\/\/krets.jagareforbundet.se\/norrort\/wp-json\/wp\/v2\/pages\/202\/revisions"}],"predecessor-version":[{"id":1596,"href":"https:\/\/krets.jagareforbundet.se\/norrort\/wp-json\/wp\/v2\/pages\/202\/revisions\/1596"}],"wp:featuredmedia":[{"embeddable":true,"href":"https:\/\/krets.jagareforbundet.se\/norrort\/wp-json\/wp\/v2\/media\/203"}],"wp:attachment":[{"href":"https:\/\/krets.jagareforbundet.se\/norrort\/wp-json\/wp\/v2\/media?parent=202"}],"curies":[{"name":"wp","href":"https:\/\/api.w.org\/{rel}","templated":true}]}}