{"id":214,"date":"2013-09-02T20:37:17","date_gmt":"2013-09-02T18:37:17","guid":{"rendered":"https:\/\/krets.jagareforbundet.se\/norrtaljesodra\/?page_id=214"},"modified":"2022-03-21T14:30:59","modified_gmt":"2022-03-21T13:30:59","slug":"algskotselomradet","status":"publish","type":"page","link":"https:\/\/krets.jagareforbundet.se\/norrtaljesodra\/algskotselomradet\/","title":{"rendered":"\u00c4lgsk\u00f6tselomr\u00e5det"},"content":{"rendered":"<h2><\/h2>\n<p>&nbsp;<\/p>\n<h2>H\u00e4r hittar ni information om Norrt\u00e4lje S\u00f6dra \u00e4lgsk\u00f6tselomr\u00e5de.<\/h2>\n<h2>v\u00e4lj flik till h\u00f6ger f\u00f6r att hitta mer information<\/h2>\n<p>&nbsp;<\/p>\n<h2><\/h2>\n<p>&nbsp;<\/p>\n","protected":false},"excerpt":{"rendered":"<p>&nbsp; H\u00e4r hittar ni information om Norrt\u00e4lje S\u00f6dra \u00e4lgsk\u00f6tselomr\u00e5de. v\u00e4lj flik till h\u00f6ger f\u00f6r att hitta mer information &nbsp; &nbsp;<\/p>\n","protected":false},"author":117,"featured_media":0,"parent":0,"menu_order":4,"comment_status":"open","ping_status":"open","template":"","meta":{"footnotes":""},"class_list":["post-214","page","type-page","status-publish","hentry"],"_links":{"self":[{"href":"https:\/\/krets.jagareforbundet.se\/norrtaljesodra\/wp-json\/wp\/v2\/pages\/214","targetHints":{"allow":["GET"]}}],"collection":[{"href":"https:\/\/krets.jagareforbundet.se\/norrtaljesodra\/wp-json\/wp\/v2\/pages"}],"about":[{"href":"https:\/\/krets.jagareforbundet.se\/norrtaljesodra\/wp-json\/wp\/v2\/types\/page"}],"author":[{"embeddable":true,"href":"https:\/\/krets.jagareforbundet.se\/norrtaljesodra\/wp-json\/wp\/v2\/users\/117"}],"replies":[{"embeddable":true,"href":"https:\/\/krets.jagareforbundet.se\/norrtaljesodra\/wp-json\/wp\/v2\/comments?post=214"}],"version-history":[{"count":1,"href":"https:\/\/krets.jagareforbundet.se\/norrtaljesodra\/wp-json\/wp\/v2\/pages\/214\/revisions"}],"predecessor-version":[{"id":772,"href":"https:\/\/krets.jagareforbundet.se\/norrtaljesodra\/wp-json\/wp\/v2\/pages\/214\/revisions\/772"}],"wp:attachment":[{"href":"https:\/\/krets.jagareforbundet.se\/norrtaljesodra\/wp-json\/wp\/v2\/media?parent=214"}],"curies":[{"name":"wp","href":"https:\/\/api.w.org\/{rel}","templated":true}]}}