{"id":595,"date":"2019-04-02T20:33:06","date_gmt":"2019-04-02T18:33:06","guid":{"rendered":"https:\/\/krets.jagareforbundet.se\/norrtaljesodra\/?page_id=595"},"modified":"2025-01-26T19:52:12","modified_gmt":"2025-01-26T18:52:12","slug":"algskotselomradets-stadgar","status":"publish","type":"page","link":"https:\/\/krets.jagareforbundet.se\/norrtaljesodra\/algskotselomradet\/algskotselomradets-stadgar\/","title":{"rendered":"\u00c4lgsk\u00f6tselomr\u00e5dets Stadgar"},"content":{"rendered":"<p>\u00c4lgsk\u00f6tselomr\u00e5dets stadgar finns i utskriftbar PDF fil om du trycker p\u00e5 nedanst\u00e5ende l\u00e4nk.<\/p>\n<p>&nbsp;<\/p>\n<p><span style=\"color: #0000ff\"><a style=\"color: #0000ff\" href=\"https:\/\/krets.jagareforbundet.se\/norrtaljesodra\/files\/2025\/01\/stadgar-2024.pdf\">Stadgar f\u00f6r Norrt\u00e4lje S\u00f6dra \u00e4lgsk\u00f6tselomr\u00e5de<\/a><\/span><\/p>\n<p>&nbsp;<\/p>\n<p>&nbsp;<\/p>\n","protected":false},"excerpt":{"rendered":"<p>\u00c4lgsk\u00f6tselomr\u00e5dets stadgar finns i utskriftbar PDF fil om du trycker p\u00e5 nedanst\u00e5ende l\u00e4nk. &nbsp; Stadgar f\u00f6r Norrt\u00e4lje S\u00f6dra \u00e4lgsk\u00f6tselomr\u00e5de &nbsp; &nbsp;<\/p>\n","protected":false},"author":117,"featured_media":0,"parent":214,"menu_order":0,"comment_status":"closed","ping_status":"closed","template":"","meta":{"footnotes":""},"class_list":["post-595","page","type-page","status-publish","hentry"],"_links":{"self":[{"href":"https:\/\/krets.jagareforbundet.se\/norrtaljesodra\/wp-json\/wp\/v2\/pages\/595","targetHints":{"allow":["GET"]}}],"collection":[{"href":"https:\/\/krets.jagareforbundet.se\/norrtaljesodra\/wp-json\/wp\/v2\/pages"}],"about":[{"href":"https:\/\/krets.jagareforbundet.se\/norrtaljesodra\/wp-json\/wp\/v2\/types\/page"}],"author":[{"embeddable":true,"href":"https:\/\/krets.jagareforbundet.se\/norrtaljesodra\/wp-json\/wp\/v2\/users\/117"}],"replies":[{"embeddable":true,"href":"https:\/\/krets.jagareforbundet.se\/norrtaljesodra\/wp-json\/wp\/v2\/comments?post=595"}],"version-history":[{"count":2,"href":"https:\/\/krets.jagareforbundet.se\/norrtaljesodra\/wp-json\/wp\/v2\/pages\/595\/revisions"}],"predecessor-version":[{"id":834,"href":"https:\/\/krets.jagareforbundet.se\/norrtaljesodra\/wp-json\/wp\/v2\/pages\/595\/revisions\/834"}],"up":[{"embeddable":true,"href":"https:\/\/krets.jagareforbundet.se\/norrtaljesodra\/wp-json\/wp\/v2\/pages\/214"}],"wp:attachment":[{"href":"https:\/\/krets.jagareforbundet.se\/norrtaljesodra\/wp-json\/wp\/v2\/media?parent=595"}],"curies":[{"name":"wp","href":"https:\/\/api.w.org\/{rel}","templated":true}]}}