{"id":757,"date":"2022-03-10T17:17:40","date_gmt":"2022-03-10T16:17:40","guid":{"rendered":"https:\/\/krets.jagareforbundet.se\/norrtaljesodra\/?page_id=757"},"modified":"2022-11-21T20:16:58","modified_gmt":"2022-11-21T19:16:58","slug":"2022-2","status":"publish","type":"page","link":"https:\/\/krets.jagareforbundet.se\/norrtaljesodra\/km-vilteftersok-2020\/2022-2\/","title":{"rendered":"2022"},"content":{"rendered":"<p>&nbsp;<\/p>\n<p>&nbsp;<\/p>\n<p>\u00c5rets KM i efters\u00f6k har i sedvanlig ordning genomf\u00f6rts p\u00e5 Sika den 8\/5-22<\/p>\n<p>I \u00e5r deltog 6 ekipage, n\u00e5gra som vi tidigare haft \u00e4ran att l\u00e4ra k\u00e4nna och n\u00e5gra hundar o hundf\u00f6rare som vi inte tr\u00e4ffat tidigare, vilket \u00e4r b\u00e5de inspirerande och roligt. Alltid lika kul att dela kunskap och erfarenhet blandat med efters\u00f6kshistorier med varandra!<\/p>\n<p>Vann gjorde Peter Holmstedt med hunden Jacky Kleine Munsterl\u00e4nder stort grattis till er, de \u00e4r nu anm\u00e4lda att representera v\u00e5r krets i LM efters\u00f6k som i \u00e5r genomf\u00f6rs p\u00e5 G\u00e5l\u00f6 jaktg\u00e5rd den 6\/8-22 d\u00e4r vi givetvis \u00f6nskar lycka till.<\/p>\n<p>\u00d6vriga deltagare:<\/p>\n<p>Pernholt Junior med hunden Bea Wachtelhund.<\/p>\n<p>Micke L\u00f6venstr\u00f6m med hunden Nova blandras.<\/p>\n<p>Christina Pernholt med hunden Bea Wachtelhund.<\/p>\n<p>Ronnie Skyving med hunden Arrak Bayersk viltsp\u00e5rhund.<\/p>\n<p>Kurt Widnersson med hunden Elza blandras.<\/p>\n<p>&nbsp;<\/p>\n<p>Ansvarig f\u00f6r KM var Tord Jansson, med hj\u00e4lp av Kurt widnersson och Nicke Liiw.<\/p>\n<p>&nbsp;<\/p>\n<p><a href=\"https:\/\/krets.jagareforbundet.se\/norrtaljesodra\/files\/2022\/11\/IMGP3907.jpg\"><img loading=\"lazy\" decoding=\"async\" class=\"alignnone size-full wp-image-775\" src=\"https:\/\/krets.jagareforbundet.se\/norrtaljesodra\/files\/2022\/11\/IMGP3907.jpg\" alt=\"\" width=\"320\" height=\"214\" srcset=\"https:\/\/krets.jagareforbundet.se\/norrtaljesodra\/files\/2022\/11\/IMGP3907.jpg 320w, https:\/\/krets.jagareforbundet.se\/norrtaljesodra\/files\/2022\/11\/IMGP3907-300x201.jpg 300w\" sizes=\"auto, (max-width: 320px) 100vw, 320px\" \/><\/a> <a href=\"https:\/\/krets.jagareforbundet.se\/norrtaljesodra\/files\/2022\/11\/IMGP3873.jpg\"><img loading=\"lazy\" decoding=\"async\" class=\"alignnone size-full wp-image-777\" src=\"https:\/\/krets.jagareforbundet.se\/norrtaljesodra\/files\/2022\/11\/IMGP3873.jpg\" alt=\"\" width=\"320\" height=\"214\" srcset=\"https:\/\/krets.jagareforbundet.se\/norrtaljesodra\/files\/2022\/11\/IMGP3873.jpg 320w, https:\/\/krets.jagareforbundet.se\/norrtaljesodra\/files\/2022\/11\/IMGP3873-300x201.jpg 300w\" sizes=\"auto, (max-width: 320px) 100vw, 320px\" \/><\/a> <a href=\"https:\/\/krets.jagareforbundet.se\/norrtaljesodra\/files\/2022\/11\/IMGP3878.jpg\"><img loading=\"lazy\" decoding=\"async\" class=\"alignnone size-full wp-image-778\" src=\"https:\/\/krets.jagareforbundet.se\/norrtaljesodra\/files\/2022\/11\/IMGP3878.jpg\" alt=\"\" width=\"320\" height=\"214\" srcset=\"https:\/\/krets.jagareforbundet.se\/norrtaljesodra\/files\/2022\/11\/IMGP3878.jpg 320w, https:\/\/krets.jagareforbundet.se\/norrtaljesodra\/files\/2022\/11\/IMGP3878-300x201.jpg 300w\" sizes=\"auto, (max-width: 320px) 100vw, 320px\" \/><\/a> <a href=\"https:\/\/krets.jagareforbundet.se\/norrtaljesodra\/files\/2022\/11\/IMGP3881.jpg\"><img loading=\"lazy\" decoding=\"async\" class=\"alignnone size-full wp-image-779\" src=\"https:\/\/krets.jagareforbundet.se\/norrtaljesodra\/files\/2022\/11\/IMGP3881.jpg\" alt=\"\" width=\"320\" height=\"214\" srcset=\"https:\/\/krets.jagareforbundet.se\/norrtaljesodra\/files\/2022\/11\/IMGP3881.jpg 320w, https:\/\/krets.jagareforbundet.se\/norrtaljesodra\/files\/2022\/11\/IMGP3881-300x201.jpg 300w\" sizes=\"auto, (max-width: 320px) 100vw, 320px\" \/><\/a> <a href=\"https:\/\/krets.jagareforbundet.se\/norrtaljesodra\/files\/2022\/11\/IMGP3895.jpg\"><img loading=\"lazy\" decoding=\"async\" class=\"alignnone size-full wp-image-780\" src=\"https:\/\/krets.jagareforbundet.se\/norrtaljesodra\/files\/2022\/11\/IMGP3895.jpg\" alt=\"\" width=\"320\" height=\"214\" srcset=\"https:\/\/krets.jagareforbundet.se\/norrtaljesodra\/files\/2022\/11\/IMGP3895.jpg 320w, https:\/\/krets.jagareforbundet.se\/norrtaljesodra\/files\/2022\/11\/IMGP3895-300x201.jpg 300w\" sizes=\"auto, (max-width: 320px) 100vw, 320px\" \/><\/a> <a href=\"https:\/\/krets.jagareforbundet.se\/norrtaljesodra\/files\/2022\/11\/IMGP3899.jpg\"><img loading=\"lazy\" decoding=\"async\" class=\"alignnone size-full wp-image-781\" src=\"https:\/\/krets.jagareforbundet.se\/norrtaljesodra\/files\/2022\/11\/IMGP3899.jpg\" alt=\"\" width=\"320\" height=\"214\" srcset=\"https:\/\/krets.jagareforbundet.se\/norrtaljesodra\/files\/2022\/11\/IMGP3899.jpg 320w, https:\/\/krets.jagareforbundet.se\/norrtaljesodra\/files\/2022\/11\/IMGP3899-300x201.jpg 300w\" sizes=\"auto, (max-width: 320px) 100vw, 320px\" \/><\/a> <a href=\"https:\/\/krets.jagareforbundet.se\/norrtaljesodra\/files\/2022\/11\/unnamed-1.jpg\"><img loading=\"lazy\" decoding=\"async\" class=\"alignnone size-full wp-image-782\" src=\"https:\/\/krets.jagareforbundet.se\/norrtaljesodra\/files\/2022\/11\/unnamed-1.jpg\" alt=\"\" width=\"214\" height=\"320\" srcset=\"https:\/\/krets.jagareforbundet.se\/norrtaljesodra\/files\/2022\/11\/unnamed-1.jpg 214w, https:\/\/krets.jagareforbundet.se\/norrtaljesodra\/files\/2022\/11\/unnamed-1-201x300.jpg 201w\" sizes=\"auto, (max-width: 214px) 100vw, 214px\" \/><\/a> <a href=\"https:\/\/krets.jagareforbundet.se\/norrtaljesodra\/files\/2022\/11\/unnamed.jpg\"><img loading=\"lazy\" decoding=\"async\" class=\"alignnone size-full wp-image-783\" src=\"https:\/\/krets.jagareforbundet.se\/norrtaljesodra\/files\/2022\/11\/unnamed.jpg\" alt=\"\" width=\"214\" height=\"320\" srcset=\"https:\/\/krets.jagareforbundet.se\/norrtaljesodra\/files\/2022\/11\/unnamed.jpg 214w, https:\/\/krets.jagareforbundet.se\/norrtaljesodra\/files\/2022\/11\/unnamed-201x300.jpg 201w\" sizes=\"auto, (max-width: 214px) 100vw, 214px\" \/><\/a><\/p>\n<p>&nbsp;<\/p>\n<h2><\/h2>\n","protected":false},"excerpt":{"rendered":"<p>&nbsp; &nbsp; \u00c5rets KM i efters\u00f6k har i sedvanlig ordning genomf\u00f6rts p\u00e5 Sika den 8\/5-22 I \u00e5r deltog 6 ekipage, n\u00e5gra som vi tidigare haft \u00e4ran att l\u00e4ra k\u00e4nna och n\u00e5gra hundar o hundf\u00f6rare som vi inte tr\u00e4ffat tidigare, vilket \u00e4r b\u00e5de inspirerande och roligt. Alltid lika kul att dela kunskap och erfarenhet blandat med [&hellip;]<\/p>\n","protected":false},"author":117,"featured_media":0,"parent":652,"menu_order":0,"comment_status":"closed","ping_status":"closed","template":"","meta":{"footnotes":""},"class_list":["post-757","page","type-page","status-publish","hentry"],"_links":{"self":[{"href":"https:\/\/krets.jagareforbundet.se\/norrtaljesodra\/wp-json\/wp\/v2\/pages\/757","targetHints":{"allow":["GET"]}}],"collection":[{"href":"https:\/\/krets.jagareforbundet.se\/norrtaljesodra\/wp-json\/wp\/v2\/pages"}],"about":[{"href":"https:\/\/krets.jagareforbundet.se\/norrtaljesodra\/wp-json\/wp\/v2\/types\/page"}],"author":[{"embeddable":true,"href":"https:\/\/krets.jagareforbundet.se\/norrtaljesodra\/wp-json\/wp\/v2\/users\/117"}],"replies":[{"embeddable":true,"href":"https:\/\/krets.jagareforbundet.se\/norrtaljesodra\/wp-json\/wp\/v2\/comments?post=757"}],"version-history":[{"count":3,"href":"https:\/\/krets.jagareforbundet.se\/norrtaljesodra\/wp-json\/wp\/v2\/pages\/757\/revisions"}],"predecessor-version":[{"id":784,"href":"https:\/\/krets.jagareforbundet.se\/norrtaljesodra\/wp-json\/wp\/v2\/pages\/757\/revisions\/784"}],"up":[{"embeddable":true,"href":"https:\/\/krets.jagareforbundet.se\/norrtaljesodra\/wp-json\/wp\/v2\/pages\/652"}],"wp:attachment":[{"href":"https:\/\/krets.jagareforbundet.se\/norrtaljesodra\/wp-json\/wp\/v2\/media?parent=757"}],"curies":[{"name":"wp","href":"https:\/\/api.w.org\/{rel}","templated":true}]}}