{"id":245,"date":"2016-11-16T12:40:18","date_gmt":"2016-11-16T11:40:18","guid":{"rendered":"https:\/\/krets.jagareforbundet.se\/ockelbo\/?page_id=245"},"modified":"2016-11-16T13:03:35","modified_gmt":"2016-11-16T12:03:35","slug":"facebook","status":"publish","type":"page","link":"https:\/\/krets.jagareforbundet.se\/ockelbo\/facebook\/","title":{"rendered":"Facebook"},"content":{"rendered":"<p><a href=\"https:\/\/www.facebook.com\/ockelbojvk\/\">L\u00e4nk till v\u00e5r Facebook-sida<\/a>.<\/p>\n<p>Fl\u00f6det ser du h\u00e4r.<\/p>\n<div class=\"fb-page\" data-href=\"https:\/\/www.facebook.com\/ockelbojvk\/\" data-tabs=\"timeline\" data-width=\"400\" data-height=\"600\" data-small-header=\"true\" data-adapt-container-width=\"true\" data-hide-cover=\"false\" data-show-facepile=\"true\">\n<blockquote cite=\"https:\/\/www.facebook.com\/ockelbojvk\/\" class=\"fb-xfbml-parse-ignore\"><p><a href=\"https:\/\/www.facebook.com\/ockelbojvk\/\">Ockelbo Jaktv\u00e5rdskrets<\/a><\/p><\/blockquote>\n<\/div>\n","protected":false},"excerpt":{"rendered":"<p>L\u00e4nk till v\u00e5r Facebook-sida. Fl\u00f6det ser du h\u00e4r. Ockelbo Jaktv\u00e5rdskrets<\/p>\n","protected":false},"author":133,"featured_media":0,"parent":0,"menu_order":65,"comment_status":"closed","ping_status":"closed","template":"","meta":{"footnotes":""},"class_list":["post-245","page","type-page","status-publish","hentry"],"_links":{"self":[{"href":"https:\/\/krets.jagareforbundet.se\/ockelbo\/wp-json\/wp\/v2\/pages\/245","targetHints":{"allow":["GET"]}}],"collection":[{"href":"https:\/\/krets.jagareforbundet.se\/ockelbo\/wp-json\/wp\/v2\/pages"}],"about":[{"href":"https:\/\/krets.jagareforbundet.se\/ockelbo\/wp-json\/wp\/v2\/types\/page"}],"author":[{"embeddable":true,"href":"https:\/\/krets.jagareforbundet.se\/ockelbo\/wp-json\/wp\/v2\/users\/133"}],"replies":[{"embeddable":true,"href":"https:\/\/krets.jagareforbundet.se\/ockelbo\/wp-json\/wp\/v2\/comments?post=245"}],"version-history":[{"count":1,"href":"https:\/\/krets.jagareforbundet.se\/ockelbo\/wp-json\/wp\/v2\/pages\/245\/revisions"}],"predecessor-version":[{"id":247,"href":"https:\/\/krets.jagareforbundet.se\/ockelbo\/wp-json\/wp\/v2\/pages\/245\/revisions\/247"}],"wp:attachment":[{"href":"https:\/\/krets.jagareforbundet.se\/ockelbo\/wp-json\/wp\/v2\/media?parent=245"}],"curies":[{"name":"wp","href":"https:\/\/api.w.org\/{rel}","templated":true}]}}