{"id":28,"date":"2011-09-09T08:06:13","date_gmt":"2011-09-09T06:06:13","guid":{"rendered":"https:\/\/krets.jagareforbundet.se\/template\/?page_id=28"},"modified":"2014-03-08T16:21:22","modified_gmt":"2014-03-08T15:21:22","slug":"cg-franktryckosten-se","status":"publish","type":"page","link":"https:\/\/krets.jagareforbundet.se\/ockelbo\/cg-franktryckosten-se\/","title":{"rendered":"Kontakta oss"},"content":{"rendered":"<p>H\u00e4r kan du kontakta Ockelbo JVK via email,<\/p>\n<p>anv\u00e4nd formul\u00e4ret nedan.<\/p>\n","protected":false},"excerpt":{"rendered":"<p>H\u00e4r kan du kontakta Ockelbo JVK via email, anv\u00e4nd formul\u00e4ret nedan.<\/p>\n","protected":false},"author":3,"featured_media":0,"parent":0,"menu_order":100,"comment_status":"open","ping_status":"closed","template":"template-contact.php","meta":{"footnotes":""},"class_list":["post-28","page","type-page","status-publish","hentry"],"_links":{"self":[{"href":"https:\/\/krets.jagareforbundet.se\/ockelbo\/wp-json\/wp\/v2\/pages\/28","targetHints":{"allow":["GET"]}}],"collection":[{"href":"https:\/\/krets.jagareforbundet.se\/ockelbo\/wp-json\/wp\/v2\/pages"}],"about":[{"href":"https:\/\/krets.jagareforbundet.se\/ockelbo\/wp-json\/wp\/v2\/types\/page"}],"author":[{"embeddable":true,"href":"https:\/\/krets.jagareforbundet.se\/ockelbo\/wp-json\/wp\/v2\/users\/3"}],"replies":[{"embeddable":true,"href":"https:\/\/krets.jagareforbundet.se\/ockelbo\/wp-json\/wp\/v2\/comments?post=28"}],"version-history":[{"count":0,"href":"https:\/\/krets.jagareforbundet.se\/ockelbo\/wp-json\/wp\/v2\/pages\/28\/revisions"}],"wp:attachment":[{"href":"https:\/\/krets.jagareforbundet.se\/ockelbo\/wp-json\/wp\/v2\/media?parent=28"}],"curies":[{"name":"wp","href":"https:\/\/api.w.org\/{rel}","templated":true}]}}