{"id":386,"date":"2025-05-27T10:55:24","date_gmt":"2025-05-27T08:55:24","guid":{"rendered":"https:\/\/krets.jagareforbundet.se\/osterokersvaxholm\/?page_id=386"},"modified":"2025-06-05T08:50:08","modified_gmt":"2025-06-05T06:50:08","slug":"eftersok","status":"publish","type":"page","link":"https:\/\/krets.jagareforbundet.se\/osterokersvaxholm\/eftersok\/","title":{"rendered":"Efters\u00f6k"},"content":{"rendered":"<p><a href=\"https:\/\/krets.jagareforbundet.se\/osterokersvaxholm\/files\/2025\/06\/eftersok.jpg\"><img loading=\"lazy\" decoding=\"async\" class=\"alignnone wp-image-452\" src=\"https:\/\/krets.jagareforbundet.se\/osterokersvaxholm\/files\/2025\/06\/eftersok-300x126.jpg\" alt=\"\" width=\"284\" height=\"119\" srcset=\"https:\/\/krets.jagareforbundet.se\/osterokersvaxholm\/files\/2025\/06\/eftersok-300x126.jpg 300w, https:\/\/krets.jagareforbundet.se\/osterokersvaxholm\/files\/2025\/06\/eftersok.jpg 425w\" sizes=\"auto, (max-width: 284px) 100vw, 284px\" \/><\/a><\/p>\n<h3>Varf\u00f6r efters\u00f6k?<\/h3>\n<p>Efters\u00f6k \u00e4r vad som tar vid n\u00e4r vi m\u00e4nniskor skadat ett vilt djur. Antingen uppst\u00e5r detta genom ett d\u00e5ligt lossat skott under jakt eller f\u00f6r att ett motorfordon \u2013 p\u00e5 v\u00e4g eller j\u00e4rnv\u00e4g \u2013 kolliderat med viltet.<\/p>\n<p><a href=\"https:\/\/jagareforbundet.se\/ea\/\">Kontakta oss &#8211; EA:s ekipage &#8211; Svenska J\u00e4garef\u00f6rbundet<\/a><\/p>\n<h3>Vilket ansvar har Du &#8211; som j\u00e4gare?<\/h3>\n<p>Jakt kr\u00e4ver omd\u00f6me och f\u00f6rberedelser<\/p>\n<p>Grundl\u00e4ggande f\u00f6r alla som ut\u00f6var jakt \u00e4r, precis som Jaktlagen s\u00e4ger,\u00a0<em>Jakten ska bedrivas s\u00e5 att viltet inte uts\u00e4tts f\u00f6r on\u00f6digt lidande<\/em>\u00a0(\u00a7 27 Jaktlagen). Med goda f\u00f6rberedelser inf\u00f6r jakt och gott omd\u00f6me vid utf\u00f6randet kan efters\u00f6k vanligen undvikas. Skulle behov av efters\u00f6k \u00e4nd\u00e5 uppst\u00e5 g\u00e4ller det att veta vilket ansvar som vilar p\u00e5 dig som j\u00e4gare.<\/p>\n<p>J\u00e4garens ansvar<\/p>\n<p><strong>Av 28 \u00a7 Jaktlagen framg\u00e5r att:<\/strong><em>\u00a0Om vilt har skadats vid jakt, ska j\u00e4garen snarast vidta de \u00e5tg\u00e4rder som beh\u00f6vs f\u00f6r att viltet ska kunna uppsp\u00e5ras och avlivas.<\/em><\/p>\n<p>Detta betyder att allt vilt \u00e4r inkluderat och att j\u00e4garen sj\u00e4lv \u00e4r personligt ansvarig. I de fall jakten leds av en jaktledare \u00e4r det dennes roll att organisera ett eventuellt efters\u00f6k. Men ytterst ligger ansvaret, f\u00f6r att ett efters\u00f6k genomf\u00f6rs, kvar hos den enskilde j\u00e4gare som gett upphov till situationen.<\/p>\n<p>Vad s\u00e4ger lagen mer om vilt har skadats vid jakt?<\/p>\n<p>Om \u00e4lg, hjort eller r\u00e5djur har skadats vid jakt p\u00e5 ett jaktomr\u00e5de och tar sig in p\u00e5 ett annat jaktomr\u00e5de, skall j\u00e4garen se till att jaktr\u00e4ttshavaren d\u00e4r eller mark\u00e4garen snarast underr\u00e4ttas. Kan dessa n\u00e5s endast med sv\u00e5righet, f\u00e5r Polismyndigheten i orten underr\u00e4ttas i st\u00e4llet.<\/p>\n<p>Ansvaret f\u00f6r att efters\u00f6ket fullf\u00f6ljs in p\u00e5 angr\u00e4nsande jaktomr\u00e5den ligger kvar hos den enskilde j\u00e4garen, som har gett upphov till situationen.<\/p>\n<p>Vid en efters\u00f6kssituation f\u00e5r j\u00e4garen vidta de &#8221;\u00e5tg\u00e4rder som beh\u00f6vs&#8221; f\u00f6r att sp\u00e5ra upp och avliva viltet. Det kan inneb\u00e4ra anv\u00e4ndning av bil, belysning eller vapen som annars \u00e4r otill\u00e5tna vid jakt. I efterhand m\u00e5ste man dock vara beredd att motivera behovet av medlen som sattes in.<\/p>\n<p>Krav p\u00e5 efters\u00f6kshund<\/p>\n<p><strong>17 \u00a7 Jaktf\u00f6rordningen:<\/strong>\u00a0<em>Vid jakt efter bj\u00f6rn, varg, j\u00e4rv, lo, \u00e4lg, hjort, r\u00e5djur, mufflonf\u00e5r eller vildsvin ska en hund som \u00e4r s\u00e4rskilt tr\u00e4nad i att sp\u00e5ra upp skadat vilt kunna finnas p\u00e5 skottplatsen inom h\u00f6gst tv\u00e5 timmar fr\u00e5n p\u00e5skjutningen.<\/em><\/p>\n<p><em>Vid jakt efter ringduva, g\u00e4ss eller \u00e4nder ska en hund som kan apportera eller markera nedskjuten f\u00e5gel medf\u00f6ras. Vid jakt efter \u00f6vrig f\u00e5gel ska en hund som kan apportera eller markera nedskjuten f\u00e5gel medf\u00f6ras under tiden mellan solens nedg\u00e5ng och en timme f\u00f6re solens uppg\u00e5ng. Skyldigheten att medf\u00f6ra hund g\u00e4ller inte om jakten sker p\u00e5 sn\u00f6t\u00e4ckt mark eller fr\u00e5n b\u00e5t i \u00f6ppet vatten eller vid havskust med hj\u00e4lp av vettar.<\/em><\/p>\n<p>Om efters\u00f6ksj\u00e4gare hj\u00e4lper annan j\u00e4gare att finna ett vilt som visar sig vara statens<\/p>\n<p>Om du som efters\u00f6kj\u00e4gare hj\u00e4lper en j\u00e4gare att finna ett vilt som visar sig vara s\u00e5dant som tillfaller staten (uppr\u00e4knade i \u00a7 33 av Jaktf\u00f6rordningen) eller \u00e4lg, kron- eller dovvilt utanf\u00f6r jakttid, m\u00e5ste du f\u00f6rs\u00e4kra dig om att detta polisanm\u00e4ls.<\/p>\n<p>Undantag fr\u00e5n ovanst\u00e5ende g\u00e4ller om n\u00e5got av de stora rovdjuren d\u00f6dats med st\u00f6d av \u00a7 28 i Jaktf\u00f6rordningen, f\u00f6r att skydda tamdjur.<\/p>\n<p>Ovanst\u00e5ende tv\u00e5 stycken bygger p\u00e5 36 \u00a7 Jaktf\u00f6rordningen som \u00e5terges h\u00e4r nedan och kan l\u00e4sas i sin helhet via l\u00e4nk nederst p\u00e5 denna sida.<\/p>\n<p><strong>36 \u00a7 Jaktf\u00f6rordningen:<\/strong>\u00a0<em>Den som har p\u00e5tr\u00e4ffat ett d\u00f6tt djur av s\u00e5dan art som avses i 33 \u00a7 f\u00f6rsta stycket eller har omh\u00e4ndertagit eller vid annat \u00e4n till\u00e5ten jakt har d\u00f6dat ett s\u00e5dant djur ska, utom i fall som avses i 28 d \u00a7, snarast m\u00f6jligt anm\u00e4la h\u00e4ndelsen till Polismyndigheten, oberoende av vem djuret tillfaller. Detsamma g\u00e4ller i fr\u00e5ga om \u00e4lg eller hjort n\u00e4r djuret \u00e4r fredat.<\/em><\/p>\n<p>F\u00e5r en mark\u00e4gare veta att ett djur som avses i 33 \u00a7 har omh\u00e4ndertagits eller p\u00e5tr\u00e4ffats p\u00e5 hans eller hennes marker, \u00e4r mark\u00e4garen skyldig att f\u00f6rvissa sig om att en anm\u00e4lan har gjorts eller sj\u00e4lv g\u00f6ra en anm\u00e4lan. En arrendator och en jaktr\u00e4ttshavare har samma skyldighet.<\/p>\n","protected":false},"excerpt":{"rendered":"<p>Varf\u00f6r efters\u00f6k? Efters\u00f6k \u00e4r vad som tar vid n\u00e4r vi m\u00e4nniskor skadat ett vilt djur. Antingen uppst\u00e5r detta genom ett d\u00e5ligt lossat skott under jakt eller f\u00f6r att ett motorfordon \u2013 p\u00e5 v\u00e4g eller j\u00e4rnv\u00e4g \u2013 kolliderat med viltet. Kontakta oss &#8211; EA:s ekipage &#8211; Svenska J\u00e4garef\u00f6rbundet Vilket ansvar har Du &#8211; som j\u00e4gare? Jakt [&hellip;]<\/p>\n","protected":false},"author":130,"featured_media":0,"parent":0,"menu_order":9,"comment_status":"closed","ping_status":"closed","template":"","meta":{"footnotes":""},"class_list":["post-386","page","type-page","status-publish","hentry"],"_links":{"self":[{"href":"https:\/\/krets.jagareforbundet.se\/osterokersvaxholm\/wp-json\/wp\/v2\/pages\/386","targetHints":{"allow":["GET"]}}],"collection":[{"href":"https:\/\/krets.jagareforbundet.se\/osterokersvaxholm\/wp-json\/wp\/v2\/pages"}],"about":[{"href":"https:\/\/krets.jagareforbundet.se\/osterokersvaxholm\/wp-json\/wp\/v2\/types\/page"}],"author":[{"embeddable":true,"href":"https:\/\/krets.jagareforbundet.se\/osterokersvaxholm\/wp-json\/wp\/v2\/users\/130"}],"replies":[{"embeddable":true,"href":"https:\/\/krets.jagareforbundet.se\/osterokersvaxholm\/wp-json\/wp\/v2\/comments?post=386"}],"version-history":[{"count":4,"href":"https:\/\/krets.jagareforbundet.se\/osterokersvaxholm\/wp-json\/wp\/v2\/pages\/386\/revisions"}],"predecessor-version":[{"id":455,"href":"https:\/\/krets.jagareforbundet.se\/osterokersvaxholm\/wp-json\/wp\/v2\/pages\/386\/revisions\/455"}],"wp:attachment":[{"href":"https:\/\/krets.jagareforbundet.se\/osterokersvaxholm\/wp-json\/wp\/v2\/media?parent=386"}],"curies":[{"name":"wp","href":"https:\/\/api.w.org\/{rel}","templated":true}]}}