{"id":388,"date":"2025-05-27T10:55:54","date_gmt":"2025-05-27T08:55:54","guid":{"rendered":"https:\/\/krets.jagareforbundet.se\/osterokersvaxholm\/?page_id=388"},"modified":"2025-05-28T10:34:54","modified_gmt":"2025-05-28T08:34:54","slug":"medlemsformaner","status":"publish","type":"page","link":"https:\/\/krets.jagareforbundet.se\/osterokersvaxholm\/medlemsformaner\/","title":{"rendered":"Medlemsf\u00f6rm\u00e5ner"},"content":{"rendered":"<header>\n<h4 class=\"title entry-title\"><strong style=\"font-size: 16px\">F\u00f6rm\u00e5ner Svenska J\u00e4garef\u00f6rbundet: <\/strong><\/h4>\n<p><a style=\"font-size: 16px\" href=\"http:\/\/jagareforbundet.se\/medlem\/medlemsrabatter\/\">H\u00e4r hittar du Svenska J\u00e4garef\u00f6rbundets MedlemsF\u00f6rm\u00e5ner &gt;&gt;<\/a><\/header>\n<p>H\u00e4r kommer \u00e4ven v\u00e5ra medlemmars lokala f\u00f6rm\u00e5ner att l\u00e4ggas upp inom kort.<\/p>\n","protected":false},"excerpt":{"rendered":"<p>F\u00f6rm\u00e5ner Svenska J\u00e4garef\u00f6rbundet: H\u00e4r hittar du Svenska J\u00e4garef\u00f6rbundets MedlemsF\u00f6rm\u00e5ner &gt;&gt; H\u00e4r kommer \u00e4ven v\u00e5ra medlemmars lokala f\u00f6rm\u00e5ner att l\u00e4ggas upp inom kort.<\/p>\n","protected":false},"author":130,"featured_media":0,"parent":0,"menu_order":6,"comment_status":"closed","ping_status":"closed","template":"","meta":{"footnotes":""},"class_list":["post-388","page","type-page","status-publish","hentry"],"_links":{"self":[{"href":"https:\/\/krets.jagareforbundet.se\/osterokersvaxholm\/wp-json\/wp\/v2\/pages\/388","targetHints":{"allow":["GET"]}}],"collection":[{"href":"https:\/\/krets.jagareforbundet.se\/osterokersvaxholm\/wp-json\/wp\/v2\/pages"}],"about":[{"href":"https:\/\/krets.jagareforbundet.se\/osterokersvaxholm\/wp-json\/wp\/v2\/types\/page"}],"author":[{"embeddable":true,"href":"https:\/\/krets.jagareforbundet.se\/osterokersvaxholm\/wp-json\/wp\/v2\/users\/130"}],"replies":[{"embeddable":true,"href":"https:\/\/krets.jagareforbundet.se\/osterokersvaxholm\/wp-json\/wp\/v2\/comments?post=388"}],"version-history":[{"count":3,"href":"https:\/\/krets.jagareforbundet.se\/osterokersvaxholm\/wp-json\/wp\/v2\/pages\/388\/revisions"}],"predecessor-version":[{"id":444,"href":"https:\/\/krets.jagareforbundet.se\/osterokersvaxholm\/wp-json\/wp\/v2\/pages\/388\/revisions\/444"}],"wp:attachment":[{"href":"https:\/\/krets.jagareforbundet.se\/osterokersvaxholm\/wp-json\/wp\/v2\/media?parent=388"}],"curies":[{"name":"wp","href":"https:\/\/api.w.org\/{rel}","templated":true}]}}