{"id":238,"date":"2017-03-05T20:20:27","date_gmt":"2017-03-05T19:20:27","guid":{"rendered":"https:\/\/krets.jagareforbundet.se\/rasbo\/?page_id=238"},"modified":"2022-04-21T18:40:27","modified_gmt":"2022-04-21T16:40:27","slug":"eftersokstraning","status":"publish","type":"page","link":"https:\/\/krets.jagareforbundet.se\/rasbo\/eftersokstraning\/","title":{"rendered":"Sp\u00e5rtr\u00e4ning"},"content":{"rendered":"<p>Sp\u00e5rtr\u00e4ningen b\u00f6rjar den 23 april i Rasbokil. Samling sker klockan 08.00 vid Rasbokils kyrka.<br \/>\nF\u00f6r mera information kontakta Andreas Frick 0706664471<!--\/data\/user\/0\/com.samsung.android.app.notes\/files\/clipdata\/clipdata_bodytext_210314_124024_034.sdocx--><\/p>\n","protected":false},"excerpt":{"rendered":"<p>Sp\u00e5rtr\u00e4ningen b\u00f6rjar den 23 april i Rasbokil. Samling sker klockan 08.00 vid Rasbokils kyrka. F\u00f6r mera information kontakta Andreas Frick 0706664471<\/p>\n","protected":false},"author":204,"featured_media":0,"parent":0,"menu_order":0,"comment_status":"closed","ping_status":"closed","template":"","meta":{"footnotes":""},"class_list":["post-238","page","type-page","status-publish","hentry"],"_links":{"self":[{"href":"https:\/\/krets.jagareforbundet.se\/rasbo\/wp-json\/wp\/v2\/pages\/238","targetHints":{"allow":["GET"]}}],"collection":[{"href":"https:\/\/krets.jagareforbundet.se\/rasbo\/wp-json\/wp\/v2\/pages"}],"about":[{"href":"https:\/\/krets.jagareforbundet.se\/rasbo\/wp-json\/wp\/v2\/types\/page"}],"author":[{"embeddable":true,"href":"https:\/\/krets.jagareforbundet.se\/rasbo\/wp-json\/wp\/v2\/users\/204"}],"replies":[{"embeddable":true,"href":"https:\/\/krets.jagareforbundet.se\/rasbo\/wp-json\/wp\/v2\/comments?post=238"}],"version-history":[{"count":3,"href":"https:\/\/krets.jagareforbundet.se\/rasbo\/wp-json\/wp\/v2\/pages\/238\/revisions"}],"predecessor-version":[{"id":351,"href":"https:\/\/krets.jagareforbundet.se\/rasbo\/wp-json\/wp\/v2\/pages\/238\/revisions\/351"}],"wp:attachment":[{"href":"https:\/\/krets.jagareforbundet.se\/rasbo\/wp-json\/wp\/v2\/media?parent=238"}],"curies":[{"name":"wp","href":"https:\/\/api.w.org\/{rel}","templated":true}]}}