{"id":352,"date":"2022-04-21T18:49:12","date_gmt":"2022-04-21T16:49:12","guid":{"rendered":"https:\/\/krets.jagareforbundet.se\/rasbo\/?page_id=352"},"modified":"2022-04-21T18:49:12","modified_gmt":"2022-04-21T16:49:12","slug":"spartraning-2022","status":"publish","type":"page","link":"https:\/\/krets.jagareforbundet.se\/rasbo\/spartraning-2022\/","title":{"rendered":"Sp\u00e5rtr\u00e4ning 2022"},"content":{"rendered":"<p>Sp\u00e5rtr\u00e4ningen b\u00f6rjar den 23 april i Rasbokil. Samling sker klockan 08.00 vid Rasbokils kyrka.F\u00f6r mera information kontakta Andreas Frick 0706664471<\/p>\n","protected":false},"excerpt":{"rendered":"<p>Sp\u00e5rtr\u00e4ningen b\u00f6rjar den 23 april i Rasbokil. Samling sker klockan 08.00 vid Rasbokils kyrka.F\u00f6r mera information kontakta Andreas Frick 0706664471<\/p>\n","protected":false},"author":204,"featured_media":0,"parent":0,"menu_order":0,"comment_status":"closed","ping_status":"closed","template":"","meta":{"footnotes":""},"class_list":["post-352","page","type-page","status-publish","hentry"],"_links":{"self":[{"href":"https:\/\/krets.jagareforbundet.se\/rasbo\/wp-json\/wp\/v2\/pages\/352","targetHints":{"allow":["GET"]}}],"collection":[{"href":"https:\/\/krets.jagareforbundet.se\/rasbo\/wp-json\/wp\/v2\/pages"}],"about":[{"href":"https:\/\/krets.jagareforbundet.se\/rasbo\/wp-json\/wp\/v2\/types\/page"}],"author":[{"embeddable":true,"href":"https:\/\/krets.jagareforbundet.se\/rasbo\/wp-json\/wp\/v2\/users\/204"}],"replies":[{"embeddable":true,"href":"https:\/\/krets.jagareforbundet.se\/rasbo\/wp-json\/wp\/v2\/comments?post=352"}],"version-history":[{"count":1,"href":"https:\/\/krets.jagareforbundet.se\/rasbo\/wp-json\/wp\/v2\/pages\/352\/revisions"}],"predecessor-version":[{"id":353,"href":"https:\/\/krets.jagareforbundet.se\/rasbo\/wp-json\/wp\/v2\/pages\/352\/revisions\/353"}],"wp:attachment":[{"href":"https:\/\/krets.jagareforbundet.se\/rasbo\/wp-json\/wp\/v2\/media?parent=352"}],"curies":[{"name":"wp","href":"https:\/\/api.w.org\/{rel}","templated":true}]}}