{"id":2,"date":"2011-09-07T09:28:43","date_gmt":"2011-09-07T09:28:43","guid":{"rendered":"https:\/\/krets.jagareforbundet.se\/template\/?page_id=2"},"modified":"2026-02-10T17:05:53","modified_gmt":"2026-02-10T16:05:53","slug":"exempelsida","status":"publish","type":"page","link":"https:\/\/krets.jagareforbundet.se\/rattvik\/","title":{"rendered":"R\u00e4ttviks Jaktv\u00e5rdskrets"},"content":{"rendered":"<p>&nbsp;<\/p>\n<h1 class=\"x_MsoNormal\" style=\"text-align: center\">\u00c5RSST\u00c4MMA 2026<\/h1>\n<p style=\"text-align: center\"><strong>J\u00e4garef\u00f6rbundet R\u00e4ttvik bjuder in till<br \/>\nkrets\u00e5rsm\u00f6te 2026<\/strong><\/p>\n<p style=\"text-align: center\">N\u00e4r: 17 februari<br \/>\nTid: kl 18:30<br \/>\nVar: Stiernh\u00f6\u00f6ksgymansiet (aulan)<\/p>\n<p style=\"text-align: center\"><strong>Mer information:<\/strong><\/p>\n<p style=\"text-align: center\"><b>F\u00f6redrag om forskningsprojekt om j\u00e4rv<\/b><br \/>\n<strong>\u00c5rsm\u00f6teshandlingar finns p\u00e5 plats i lokalen.<br \/>\nVi bjuder p\u00e5 kaffe &amp; tilltugg!<\/strong><\/p>\n<p style=\"text-align: center\">\u00c5rsm\u00f6teshandlingar hittar du h\u00e4r: <a href=\"https:\/\/krets.jagareforbundet.se\/rattvik\/files\/2026\/02\/Arsmoteshandlingar-2026.docx\" target=\"_blank\" rel=\"noopener\">\u00c5rsm\u00f6teshandlingar 2026<\/a><\/p>\n<p style=\"text-align: center\">Handlingarna uppdateras med valberedningens f\u00f6rslag s\u00e5 fort som m\u00f6jligt.<\/p>\n<p>&nbsp;<\/p>\n<p><img loading=\"lazy\" decoding=\"async\" class=\"aligncenter wp-image-861 size-medium\" src=\"https:\/\/krets.jagareforbundet.se\/rattvik\/files\/2021\/06\/page-break-300x32.jpg\" alt=\"\" width=\"300\" height=\"32\" srcset=\"https:\/\/krets.jagareforbundet.se\/rattvik\/files\/2021\/06\/page-break-300x32.jpg 300w, https:\/\/krets.jagareforbundet.se\/rattvik\/files\/2021\/06\/page-break-1024x108.jpg 1024w, https:\/\/krets.jagareforbundet.se\/rattvik\/files\/2021\/06\/page-break-768x81.jpg 768w, https:\/\/krets.jagareforbundet.se\/rattvik\/files\/2021\/06\/page-break-1536x162.jpg 1536w, https:\/\/krets.jagareforbundet.se\/rattvik\/files\/2021\/06\/page-break.jpg 1814w\" sizes=\"auto, (max-width: 300px) 100vw, 300px\" \/><\/p>\n<p>&nbsp;<\/p>\n<p><img loading=\"lazy\" decoding=\"async\" class=\"size-full wp-image-993 aligncenter\" src=\"https:\/\/krets.jagareforbundet.se\/rattvik\/files\/2024\/09\/skjutdagar-raberget-2024-2.png\" alt=\"\" width=\"966\" height=\"600\" srcset=\"https:\/\/krets.jagareforbundet.se\/rattvik\/files\/2024\/09\/skjutdagar-raberget-2024-2.png 966w, https:\/\/krets.jagareforbundet.se\/rattvik\/files\/2024\/09\/skjutdagar-raberget-2024-2-300x186.png 300w, https:\/\/krets.jagareforbundet.se\/rattvik\/files\/2024\/09\/skjutdagar-raberget-2024-2-768x477.png 768w\" sizes=\"auto, (max-width: 966px) 100vw, 966px\" \/><\/p>\n<p>&nbsp;<\/p>\n<p><img loading=\"lazy\" decoding=\"async\" class=\"aligncenter wp-image-861 size-medium\" src=\"https:\/\/krets.jagareforbundet.se\/rattvik\/files\/2021\/06\/page-break-300x32.jpg\" alt=\"\" width=\"300\" height=\"32\" srcset=\"https:\/\/krets.jagareforbundet.se\/rattvik\/files\/2021\/06\/page-break-300x32.jpg 300w, https:\/\/krets.jagareforbundet.se\/rattvik\/files\/2021\/06\/page-break-1024x108.jpg 1024w, https:\/\/krets.jagareforbundet.se\/rattvik\/files\/2021\/06\/page-break-768x81.jpg 768w, https:\/\/krets.jagareforbundet.se\/rattvik\/files\/2021\/06\/page-break-1536x162.jpg 1536w, https:\/\/krets.jagareforbundet.se\/rattvik\/files\/2021\/06\/page-break.jpg 1814w\" sizes=\"auto, (max-width: 300px) 100vw, 300px\" \/><\/p>\n<p><a href=\"https:\/\/krets.jagareforbundet.se\/rattvik\/files\/2023\/02\/Handlingar-arsstamma-2023.pdf\"><img loading=\"lazy\" decoding=\"async\" class=\"alignleft wp-image-971 size-medium\" src=\"https:\/\/krets.jagareforbundet.se\/rattvik\/files\/2023\/05\/Arstamma-2023-295x300.jpg\" alt=\"\" width=\"295\" height=\"300\" srcset=\"https:\/\/krets.jagareforbundet.se\/rattvik\/files\/2023\/05\/Arstamma-2023-295x300.jpg 295w, https:\/\/krets.jagareforbundet.se\/rattvik\/files\/2023\/05\/Arstamma-2023-1007x1024.jpg 1007w, https:\/\/krets.jagareforbundet.se\/rattvik\/files\/2023\/05\/Arstamma-2023-768x781.jpg 768w, https:\/\/krets.jagareforbundet.se\/rattvik\/files\/2023\/05\/Arstamma-2023-1510x1536.jpg 1510w, https:\/\/krets.jagareforbundet.se\/rattvik\/files\/2023\/05\/Arstamma-2023-2014x2048.jpg 2014w\" sizes=\"auto, (max-width: 295px) 100vw, 295px\" \/><\/a><\/p>\n<p><a href=\"https:\/\/krets.jagareforbundet.se\/rattvik\/jaktskyttebanor\/\"><img loading=\"lazy\" decoding=\"async\" class=\"alignright wp-image-958 size-medium\" src=\"https:\/\/krets.jagareforbundet.se\/rattvik\/files\/2023\/05\/skjutdagar-vid-raberget-2023-300x300.jpg\" alt=\"\" width=\"300\" height=\"300\" srcset=\"https:\/\/krets.jagareforbundet.se\/rattvik\/files\/2023\/05\/skjutdagar-vid-raberget-2023-300x300.jpg 300w, https:\/\/krets.jagareforbundet.se\/rattvik\/files\/2023\/05\/skjutdagar-vid-raberget-2023-150x150.jpg 150w, https:\/\/krets.jagareforbundet.se\/rattvik\/files\/2023\/05\/skjutdagar-vid-raberget-2023.jpg 746w\" sizes=\"auto, (max-width: 300px) 100vw, 300px\" \/><\/a><\/p>\n<p>&nbsp;<\/p>\n<p>&nbsp;<\/p>\n<p>&nbsp;<\/p>\n<p>&nbsp;<\/p>\n<p>&nbsp;<\/p>\n<p>&nbsp;<\/p>\n<p>&nbsp;<\/p>\n<p>&nbsp;<\/p>\n<p><a href=\"https:\/\/www.viltdata.se\/\"><img loading=\"lazy\" decoding=\"async\" class=\"alignright wp-image-917 size-medium\" src=\"https:\/\/krets.jagareforbundet.se\/rattvik\/files\/2021\/09\/Viltdata-info-ver-2-300x300.jpg\" alt=\"\" width=\"300\" height=\"300\" srcset=\"https:\/\/krets.jagareforbundet.se\/rattvik\/files\/2021\/09\/Viltdata-info-ver-2-300x300.jpg 300w, https:\/\/krets.jagareforbundet.se\/rattvik\/files\/2021\/09\/Viltdata-info-ver-2-1024x1024.jpg 1024w, https:\/\/krets.jagareforbundet.se\/rattvik\/files\/2021\/09\/Viltdata-info-ver-2-150x150.jpg 150w, https:\/\/krets.jagareforbundet.se\/rattvik\/files\/2021\/09\/Viltdata-info-ver-2-768x769.jpg 768w, https:\/\/krets.jagareforbundet.se\/rattvik\/files\/2021\/09\/Viltdata-info-ver-2.jpg 1080w\" sizes=\"auto, (max-width: 300px) 100vw, 300px\" \/><\/a><\/p>\n<p><a href=\"https:\/\/krets.jagareforbundet.se\/rattvik\/hundar\/\"><img loading=\"lazy\" decoding=\"async\" class=\"alignnone wp-image-969 size-medium\" src=\"https:\/\/krets.jagareforbundet.se\/rattvik\/files\/2023\/05\/Kretsmasterskap-i-Viltspar-2023-1-300x300.jpg\" alt=\"\" width=\"300\" height=\"300\" srcset=\"https:\/\/krets.jagareforbundet.se\/rattvik\/files\/2023\/05\/Kretsmasterskap-i-Viltspar-2023-1-300x300.jpg 300w, https:\/\/krets.jagareforbundet.se\/rattvik\/files\/2023\/05\/Kretsmasterskap-i-Viltspar-2023-1-1024x1024.jpg 1024w, https:\/\/krets.jagareforbundet.se\/rattvik\/files\/2023\/05\/Kretsmasterskap-i-Viltspar-2023-1-150x150.jpg 150w, https:\/\/krets.jagareforbundet.se\/rattvik\/files\/2023\/05\/Kretsmasterskap-i-Viltspar-2023-1-768x768.jpg 768w, https:\/\/krets.jagareforbundet.se\/rattvik\/files\/2023\/05\/Kretsmasterskap-i-Viltspar-2023-1-1536x1536.jpg 1536w, https:\/\/krets.jagareforbundet.se\/rattvik\/files\/2023\/05\/Kretsmasterskap-i-Viltspar-2023-1-2048x2048.jpg 2048w\" sizes=\"auto, (max-width: 300px) 100vw, 300px\" \/><\/a><\/p>\n<p>&nbsp;<\/p>\n<p>&nbsp;<\/p>\n<p><img loading=\"lazy\" decoding=\"async\" class=\"aligncenter wp-image-861 size-medium\" src=\"https:\/\/krets.jagareforbundet.se\/rattvik\/files\/2021\/06\/page-break-300x32.jpg\" alt=\"\" width=\"300\" height=\"32\" srcset=\"https:\/\/krets.jagareforbundet.se\/rattvik\/files\/2021\/06\/page-break-300x32.jpg 300w, https:\/\/krets.jagareforbundet.se\/rattvik\/files\/2021\/06\/page-break-1024x108.jpg 1024w, https:\/\/krets.jagareforbundet.se\/rattvik\/files\/2021\/06\/page-break-768x81.jpg 768w, https:\/\/krets.jagareforbundet.se\/rattvik\/files\/2021\/06\/page-break-1536x162.jpg 1536w, https:\/\/krets.jagareforbundet.se\/rattvik\/files\/2021\/06\/page-break.jpg 1814w\" sizes=\"auto, (max-width: 300px) 100vw, 300px\" \/><\/p>\n<div>\n<div class=\"x_WordSection1\">\n<div>\n<h1 class=\"x_MsoNormal\" style=\"text-align: center\">\u00c5RSST\u00c4MMA 2023<\/h1>\n<\/div>\n<p style=\"text-align: center\">Nedan hittar du handlingarna f\u00f6r \u00e5rsst\u00e4mman.<\/p>\n<p style=\"text-align: center\"><a href=\"https:\/\/krets.jagareforbundet.se\/rattvik\/files\/2023\/02\/Handlingar-arsstamma-2023.pdf\">L\u00e4nk till Handlingar f\u00f6r \u00c5rsst\u00e4mma 2023<\/a><\/p>\n<p style=\"text-align: center\">\n<\/div>\n<\/div>\n<p style=\"text-align: center\"><a href=\"https:\/\/krets.jagareforbundet.se\/rattvik\/files\/2021\/06\/page-break.jpg\"><img loading=\"lazy\" decoding=\"async\" class=\"alignnone size-medium wp-image-861\" src=\"https:\/\/krets.jagareforbundet.se\/rattvik\/files\/2021\/06\/page-break-300x32.jpg\" alt=\"\" width=\"300\" height=\"32\" srcset=\"https:\/\/krets.jagareforbundet.se\/rattvik\/files\/2021\/06\/page-break-300x32.jpg 300w, https:\/\/krets.jagareforbundet.se\/rattvik\/files\/2021\/06\/page-break-1024x108.jpg 1024w, https:\/\/krets.jagareforbundet.se\/rattvik\/files\/2021\/06\/page-break-768x81.jpg 768w, https:\/\/krets.jagareforbundet.se\/rattvik\/files\/2021\/06\/page-break-1536x162.jpg 1536w, https:\/\/krets.jagareforbundet.se\/rattvik\/files\/2021\/06\/page-break.jpg 1814w\" sizes=\"auto, (max-width: 300px) 100vw, 300px\" \/><\/a><\/p>\n<p>&nbsp;<\/p>\n<h2><a href=\"https:\/\/krets.jagareforbundet.se\/rattvik\/vandringspris\/\"><img loading=\"lazy\" decoding=\"async\" class=\"alignleft wp-image-872 size-medium\" src=\"https:\/\/krets.jagareforbundet.se\/rattvik\/files\/2021\/06\/Brorsson-Fallmans-vandringspris-300x300.jpg\" alt=\"\" width=\"300\" height=\"300\" srcset=\"https:\/\/krets.jagareforbundet.se\/rattvik\/files\/2021\/06\/Brorsson-Fallmans-vandringspris-300x300.jpg 300w, https:\/\/krets.jagareforbundet.se\/rattvik\/files\/2021\/06\/Brorsson-Fallmans-vandringspris-150x150.jpg 150w, https:\/\/krets.jagareforbundet.se\/rattvik\/files\/2021\/06\/Brorsson-Fallmans-vandringspris.jpg 600w\" sizes=\"auto, (max-width: 300px) 100vw, 300px\" \/><\/a><a href=\"https:\/\/krets.jagareforbundet.se\/rattvik\/vandringspris\/\"><img loading=\"lazy\" decoding=\"async\" class=\"alignright wp-image-873 size-medium\" src=\"https:\/\/krets.jagareforbundet.se\/rattvik\/files\/2021\/06\/vandringspris-square-300x300.jpg\" alt=\"\" width=\"300\" height=\"300\" srcset=\"https:\/\/krets.jagareforbundet.se\/rattvik\/files\/2021\/06\/vandringspris-square-300x300.jpg 300w, https:\/\/krets.jagareforbundet.se\/rattvik\/files\/2021\/06\/vandringspris-square-150x150.jpg 150w, https:\/\/krets.jagareforbundet.se\/rattvik\/files\/2021\/06\/vandringspris-square.jpg 427w\" sizes=\"auto, (max-width: 300px) 100vw, 300px\" \/><\/a><\/h2>\n<p>&nbsp;<\/p>\n<p>&nbsp;<\/p>\n<p>&nbsp;<\/p>\n<p>&nbsp;<\/p>\n<p>&nbsp;<\/p>\n<p>&nbsp;<\/p>\n<p>&nbsp;<\/p>\n<p>&nbsp;<\/p>\n<p>&nbsp;<\/p>\n<p><img loading=\"lazy\" decoding=\"async\" class=\"aligncenter wp-image-861 size-medium\" src=\"https:\/\/krets.jagareforbundet.se\/rattvik\/files\/2021\/06\/page-break-300x32.jpg\" alt=\"\" width=\"300\" height=\"32\" srcset=\"https:\/\/krets.jagareforbundet.se\/rattvik\/files\/2021\/06\/page-break-300x32.jpg 300w, https:\/\/krets.jagareforbundet.se\/rattvik\/files\/2021\/06\/page-break-1024x108.jpg 1024w, https:\/\/krets.jagareforbundet.se\/rattvik\/files\/2021\/06\/page-break-768x81.jpg 768w, https:\/\/krets.jagareforbundet.se\/rattvik\/files\/2021\/06\/page-break-1536x162.jpg 1536w, https:\/\/krets.jagareforbundet.se\/rattvik\/files\/2021\/06\/page-break.jpg 1814w\" sizes=\"auto, (max-width: 300px) 100vw, 300px\" \/><\/p>\n<p>&nbsp;<\/p>\n<p style=\"text-align: center\"><strong>BRISTF\u00c4LLIG INRAPPORTERING TILL VILTDATA &#8211; VIKTIGT UNDERLAG F\u00d6R VILTFORSKNINGEN<br \/>\n<\/strong><\/p>\n<p style=\"text-align: center\">Inrapporteringen till Viltdata av hur m\u00e5nga r\u00e5djur, harar, skogsh\u00f6ns o s v samt predatorer som t ex. r\u00e4v, gr\u00e4vling, m\u00e5rd som f\u00e4llts inom ert omr\u00e5de \u00e4r av stor vikt f\u00f6r viltforskningen, som vi j\u00e4gare delfinansierar via det statliga jaktkortet.\u00a0 Styrelsen f\u00f6r R\u00e4ttviks Jaktv\u00e5rdskrets uppmanar d\u00e4rf\u00f6r alla ute i resp. VVO, jaktlag etc. att rapportera f\u00e4llt vilt till ert VVOs\/jaktlags Viltdata-rapport\u00f6r.<\/p>\n<p>&nbsp;<\/p>\n<p><img loading=\"lazy\" decoding=\"async\" class=\"aligncenter wp-image-861 size-medium\" src=\"https:\/\/krets.jagareforbundet.se\/rattvik\/files\/2021\/06\/page-break-300x32.jpg\" alt=\"\" width=\"300\" height=\"32\" srcset=\"https:\/\/krets.jagareforbundet.se\/rattvik\/files\/2021\/06\/page-break-300x32.jpg 300w, https:\/\/krets.jagareforbundet.se\/rattvik\/files\/2021\/06\/page-break-1024x108.jpg 1024w, https:\/\/krets.jagareforbundet.se\/rattvik\/files\/2021\/06\/page-break-768x81.jpg 768w, https:\/\/krets.jagareforbundet.se\/rattvik\/files\/2021\/06\/page-break-1536x162.jpg 1536w, https:\/\/krets.jagareforbundet.se\/rattvik\/files\/2021\/06\/page-break.jpg 1814w\" sizes=\"auto, (max-width: 300px) 100vw, 300px\" \/><\/p>\n<p>&nbsp;<\/p>\n<p><a href=\"https:\/\/krets.jagareforbundet.se\/rattvik\/jaktskyttebanor\/\"><img loading=\"lazy\" decoding=\"async\" class=\"aligncenter wp-image-874 size-full\" style=\"color: #333333\" src=\"https:\/\/krets.jagareforbundet.se\/rattvik\/files\/2021\/06\/valkommen.jpg\" alt=\"\" width=\"1620\" height=\"229\" srcset=\"https:\/\/krets.jagareforbundet.se\/rattvik\/files\/2021\/06\/valkommen.jpg 1620w, https:\/\/krets.jagareforbundet.se\/rattvik\/files\/2021\/06\/valkommen-300x42.jpg 300w, https:\/\/krets.jagareforbundet.se\/rattvik\/files\/2021\/06\/valkommen-1024x145.jpg 1024w, https:\/\/krets.jagareforbundet.se\/rattvik\/files\/2021\/06\/valkommen-768x109.jpg 768w, https:\/\/krets.jagareforbundet.se\/rattvik\/files\/2021\/06\/valkommen-1536x217.jpg 1536w\" sizes=\"auto, (max-width: 1620px) 100vw, 1620px\" \/><\/a><\/p>\n<p>&nbsp;<\/p>\n<ul>\n<li>\n<h4><strong>V\u00e4lkommen till R\u00e4ttviks Jaktv\u00e5rdskrets av J\u00e4garef\u00f6rbundet!<\/strong>\u00a0 Du som bor p\u00e5 annan ort men jagar inom R\u00e4ttviks kommun vet v\u00e4l att du kan bli medlem i R\u00e4ttvikskretsen och d\u00e4rigenom st\u00f6tta oss! Vi har en mycket fin jaktskyttebana som administreras av R\u00e5bergets Jaktskytteklubb.\u00a0 N\u00e5gra ur v\u00e5r styrelse ing\u00e5r \u00e4ven i Jaktskytteklubbens styrelse.<\/h4>\n<\/li>\n<li>\n<h4>R\u00e4ttvikskretsen \u00e4r den av l\u00e4nsf\u00f6rbundets kretsar som \u00e4r mest aktiv vad g\u00e4ller motioner till L\u00e4nsf\u00f6rbundets \u00e5rsm\u00f6te!\u00a0 P\u00e5 senare \u00e5r har alla v\u00e5ra motioner antagits av s\u00e5v\u00e4l L\u00e4nsf\u00f6rbundets \u00e5rsm\u00f6te som J\u00e4garef\u00f6rbundets centrala \u00e5rsm\u00f6te<\/h4>\n<\/li>\n<li>\n<h4>V\u00e5ra styrelsemedlemmar Daniel B\u00e4ckstr\u00f6m, Anders Gravsj\u00f6 och Jonny Jones fick vid J\u00e4garef\u00f6rbundet Dalarnas \u00e5rsm\u00f6te 2015 J\u00e4garef\u00f6rbundets utm\u00e4rkelse f\u00f6r sitt arbete med att utbilda till j\u00e4garexamen.<\/h4>\n<\/li>\n<\/ul>\n<ul>\n<li>\n<h4>H\u00e4r finner du information kretsens \u00e5rsm\u00f6tesprotokoll, kretsstyrelsens arbete, kretsens skyttebanor,\u00a0efters\u00f6ksekipage, j\u00e4garexamen, ungdomssatsning, tjejsatsning och mycket mer.<\/h4>\n<\/li>\n<li>\n<h4>Till\u00a0h\u00f6ger finner du en meny om allt som finns p\u00e5 hemsidan.<\/h4>\n<\/li>\n<li>\n<h4>Anm\u00e4l dig g\u00e4rna till att f\u00e5 mail n\u00e4r Nyheter l\u00e4ggs upp h\u00e4r p\u00e5 hemsidan.<\/h4>\n<\/li>\n<li>\n<h4>L\u00e4ngst ned finner du Svenska J\u00e4garef\u00f6rbundets nationella funktioner.<\/h4>\n<\/li>\n<li>\n<h4>Saknar du n\u00e5gon information, kontakta ordf\u00f6rande eller webbansvarig.<\/h4>\n<\/li>\n<\/ul>\n<h4>V\u00e4l m\u00f6tt!<\/h4>\n<h4>\/R\u00e4ttviks JVK Styrelse<\/h4>\n<h3><\/h3>\n","protected":false},"excerpt":{"rendered":"<p>&nbsp; \u00c5RSST\u00c4MMA 2026 J\u00e4garef\u00f6rbundet R\u00e4ttvik bjuder in till krets\u00e5rsm\u00f6te 2026 N\u00e4r: 17 februari Tid: kl 18:30 Var: Stiernh\u00f6\u00f6ksgymansiet (aulan) Mer information: F\u00f6redrag om forskningsprojekt om j\u00e4rv \u00c5rsm\u00f6teshandlingar finns p\u00e5 plats i lokalen. Vi bjuder p\u00e5 kaffe &amp; tilltugg! \u00c5rsm\u00f6teshandlingar hittar du h\u00e4r: \u00c5rsm\u00f6teshandlingar 2026 Handlingarna uppdateras med valberedningens f\u00f6rslag s\u00e5 fort som m\u00f6jligt. &nbsp; &nbsp; [&hellip;]<\/p>\n","protected":false},"author":3,"featured_media":0,"parent":0,"menu_order":0,"comment_status":"open","ping_status":"open","template":"","meta":{"footnotes":""},"class_list":["post-2","page","type-page","status-publish","hentry"],"_links":{"self":[{"href":"https:\/\/krets.jagareforbundet.se\/rattvik\/wp-json\/wp\/v2\/pages\/2","targetHints":{"allow":["GET"]}}],"collection":[{"href":"https:\/\/krets.jagareforbundet.se\/rattvik\/wp-json\/wp\/v2\/pages"}],"about":[{"href":"https:\/\/krets.jagareforbundet.se\/rattvik\/wp-json\/wp\/v2\/types\/page"}],"author":[{"embeddable":true,"href":"https:\/\/krets.jagareforbundet.se\/rattvik\/wp-json\/wp\/v2\/users\/3"}],"replies":[{"embeddable":true,"href":"https:\/\/krets.jagareforbundet.se\/rattvik\/wp-json\/wp\/v2\/comments?post=2"}],"version-history":[{"count":3,"href":"https:\/\/krets.jagareforbundet.se\/rattvik\/wp-json\/wp\/v2\/pages\/2\/revisions"}],"predecessor-version":[{"id":1010,"href":"https:\/\/krets.jagareforbundet.se\/rattvik\/wp-json\/wp\/v2\/pages\/2\/revisions\/1010"}],"wp:attachment":[{"href":"https:\/\/krets.jagareforbundet.se\/rattvik\/wp-json\/wp\/v2\/media?parent=2"}],"curies":[{"name":"wp","href":"https:\/\/api.w.org\/{rel}","templated":true}]}}