{"id":126,"date":"2013-09-22T21:17:39","date_gmt":"2013-09-22T19:17:39","guid":{"rendered":"https:\/\/krets.jagareforbundet.se\/skara\/?page_id=126"},"modified":"2026-04-13T16:56:00","modified_gmt":"2026-04-13T14:56:00","slug":"aso-harlunda-vinkol","status":"publish","type":"page","link":"https:\/\/krets.jagareforbundet.se\/skara\/aso-harlunda-vinkol\/","title":{"rendered":"\u00c4SO H\u00e4rlunda Vink\u00f6l"},"content":{"rendered":"<h2><a href=\"https:\/\/krets.jagareforbundet.se\/skara\/files\/2025\/10\/ASO-Harlunda-Vinkol-Banner.png\"><img loading=\"lazy\" decoding=\"async\" class=\"alignnone wp-image-2048 size-full\" src=\"https:\/\/krets.jagareforbundet.se\/skara\/files\/2025\/10\/ASO-Harlunda-Vinkol-Banner.png\" alt=\"\" width=\"1500\" height=\"483\" srcset=\"https:\/\/krets.jagareforbundet.se\/skara\/files\/2025\/10\/ASO-Harlunda-Vinkol-Banner.png 1500w, https:\/\/krets.jagareforbundet.se\/skara\/files\/2025\/10\/ASO-Harlunda-Vinkol-Banner-300x97.png 300w, https:\/\/krets.jagareforbundet.se\/skara\/files\/2025\/10\/ASO-Harlunda-Vinkol-Banner-1024x330.png 1024w, https:\/\/krets.jagareforbundet.se\/skara\/files\/2025\/10\/ASO-Harlunda-Vinkol-Banner-768x247.png 768w\" sizes=\"auto, (max-width: 1500px) 100vw, 1500px\" \/><\/a><\/h2>\n<h3 style=\"text-align: center\"><div class=\"woo-sc-box  normal large rounded \"><a href=\"https:\/\/www.dropbox.com\/scl\/fi\/392itrk7ih9ca8b743q10\/Tilldelning-och-avskjutning-2025-26.xlsx?rlkey=sp23qv1oi5bpy4b5mun6zj5gq&amp;st=kaww7eq5&amp;dl=0\" target=\"_blank\" rel=\"noopener\">Se aktuell avskjutning h\u00e4r!<\/a><\/div><\/h3>\n<h2>\ud83d\udcc4Dokument<\/h2>\n<p>Nedan hittar du protokoll v\u00e5r \u00e5rs- och v\u00e5rm\u00f6ten, dokument till st\u00f6d f\u00f6r inventeringar, avskjutningsresultat fr\u00e5n f\u00f6reg\u00e5ende och innevarande jakts\u00e4song mm. Klicka p\u00e5 plustecknen f\u00f6r att se dokumenten.<\/p>\n<div class=\"shortcode-toggle toggle-stadgar-och-regler-for-jakten closed default border\"><h4 class=\"toggle-trigger\"><a href=\"#\">Stadgar och regler f\u00f6r jakten<\/a><\/h4>\n<div class=\"toggle-content\"><\/p>\n<p>\ud83d\udcc4 <a href=\"https:\/\/krets.jagareforbundet.se\/skara\/files\/2024\/09\/Stadgar-ASO-Harlunda-Vinkol-2024-09-23.pdf\" target=\"_blank\" rel=\"noopener\">Stadgar \u00c4SO H\u00e4rlunda-Vink\u00f6l 2024-09-23<\/a><\/p>\n<p>\ud83d\udcc4 <a href=\"https:\/\/krets.jagareforbundet.se\/skara\/files\/2025\/10\/Regler-for-algjakten-2025-26.pdf\">Regler f\u00f6r \u00e4lgjakten 2025-26<\/a><\/p>\n<p>\ud83d\udcc4 <a href=\"https:\/\/krets.jagareforbundet.se\/skara\/files\/2025\/10\/Regler-for-kronviltjakten-2025-26.pdf\">Regler f\u00f6r kronviltjakten 2025-26<\/a><\/div><!--\/.toggle-content-->\n<input type=\"hidden\" name=\"title_open\" value=\"St\u00e4ng Stadgar och regler f\u00f6r jakten\" \/><input type=\"hidden\" name=\"title_closed\" value=\"Stadgar och regler f\u00f6r jakten\" \/><\/div><!--\/.shortcode-toggle-->\n<div class=\"shortcode-toggle toggle-avskjutningsrapporter closed default border\"><h4 class=\"toggle-trigger\"><a href=\"#\">Avskjutningsrapporter<\/a><\/h4>\n<div class=\"toggle-content\"><\/p>\n<p>\ud83d\udcc4 <a href=\"https:\/\/www.dropbox.com\/scl\/fi\/392itrk7ih9ca8b743q10\/Tilldelning-och-avskjutning-2025-26.xlsx?rlkey=sp23qv1oi5bpy4b5mun6zj5gq&amp;st=kaww7eq5&amp;dl=0\">Slutgiltigt avskjutningsresultat jakt\u00e5r 2025-26<\/a><\/p>\n<p>\ud83d\udcc4 <a href=\"https:\/\/krets.jagareforbundet.se\/skara\/files\/2025\/04\/H-V-Tilldelningsbl-vuxna-2024-25-2025-03-04.xlsx\">Slutgiltigt avskjutningsresultat jakt\u00e5r 2024-25<\/a> <\/div><!--\/.toggle-content-->\n<input type=\"hidden\" name=\"title_open\" value=\"St\u00e4ng Avskjutningsrapporter\" \/><input type=\"hidden\" name=\"title_closed\" value=\"Avskjutningsrapporter\" \/><\/div><!--\/.shortcode-toggle-->\n<div class=\"shortcode-toggle toggle-inventeringar-underlag-och-blanketter closed default border\"><h4 class=\"toggle-trigger\"><a href=\"#\">Inventeringar - underlag och blanketter<\/a><\/h4>\n<div class=\"toggle-content\"><\/p>\n<p><strong>\u00c4lgobs<\/strong><\/p>\n<p>\ud83d\udcc4 <a href=\"https:\/\/krets.jagareforbundet.se\/skara\/files\/2025\/10\/Arbetsblankett-for-Alg-och-Kronobs-2025.pdf\">F\u00e4ltblankett f\u00f6r \u00c4lg och Kronobs 2025<\/a><\/p>\n<p>\ud83d\udcc4 <a href=\"https:\/\/krets.jagareforbundet.se\/skara\/files\/2025\/10\/Obsrapport-ny-2025.xlsx\">Obs-rapport f\u00f6r undergruppsrapport\u00f6rer 2025<\/a><\/p>\n<p><strong>Spillningsinventering<\/strong><\/p>\n<p>\ud83d\udcc4 <a href=\"https:\/\/krets.jagareforbundet.se\/skara\/files\/2025\/10\/Handledning-spillningsinventering-Vastra-Gotaland.pdf\">Handledning spillningsinventering V\u00e4stra G\u00f6taland<\/a><\/p>\n<p>\ud83d\udcc4 <a href=\"https:\/\/krets.jagareforbundet.se\/skara\/files\/2026\/04\/Oversiktskarta-Spillningsinventering-Harlunda-Vinkol-2025.pdf\">\u00d6versiktskarta Spillningsinventering H\u00e4rlunda Vink\u00f6l 2025<\/a><\/p>\n<p>\ud83d\udcc4 <a href=\"https:\/\/krets.jagareforbundet.se\/skara\/files\/2026\/04\/Inventeringsprotokoll-Samtliga-inventeringsbara-2026.pdf\">Inventeringsprotokoll 2026<\/a><\/div><!--\/.toggle-content-->\n<input type=\"hidden\" name=\"title_open\" value=\"St\u00e4ng Inventeringar - underlag och blanketter\" \/><input type=\"hidden\" name=\"title_closed\" value=\"Inventeringar - underlag och blanketter\" \/><\/div><!--\/.shortcode-toggle-->\n<div class=\"shortcode-toggle toggle-kartor closed default border\"><h4 class=\"toggle-trigger\"><a href=\"#\">Kartor<\/a><\/h4>\n<div class=\"toggle-content\"><\/p>\n<p>\ud83d\udcc4 <a href=\"https:\/\/krets.jagareforbundet.se\/skara\/files\/2024\/09\/Registreringskarta-ASO-H-V-14-95-14-002-A-2022.pdf\" target=\"_blank\" rel=\"noopener\">Registreringskarta \u00c4SO H\u00e4rlunda-Vink\u00f6l 2022<\/a><\/p>\n<p>\ud83d\udcc4 <a href=\"https:\/\/www.lansstyrelsen.se\/download\/18.5846ffb316294c33b2a409a8\/1526067952760\/karta-agf.pdf\" target=\"_blank\" rel=\"noopener\">\u00d6versikt \u00e4lgf\u00f6rvaltningsomr\u00e5den V\u00e4stra G\u00f6taland<\/a> <\/div><!--\/.toggle-content-->\n<input type=\"hidden\" name=\"title_open\" value=\"St\u00e4ng Kartor\" \/><input type=\"hidden\" name=\"title_closed\" value=\"Kartor\" \/><\/div><!--\/.shortcode-toggle-->\n<div class=\"shortcode-toggle toggle-varmotet-2026 closed default border\"><h4 class=\"toggle-trigger\"><a href=\"#\">V\u00e5rm\u00f6tet 2026<\/a><\/h4>\n<div class=\"toggle-content\"><\/p>\n<p>\ud83d\udcc4 <a href=\"https:\/\/krets.jagareforbundet.se\/skara\/files\/2026\/04\/Varmotet-2026-presentation.pdf\">V\u00e5rm\u00f6tet 2026 presentation<\/a><\/p>\n<p>\ud83d\udcc4 <a href=\"https:\/\/krets.jagareforbundet.se\/skara\/files\/2026\/04\/Protokoll-varmote-2026-03-23.pdf\">Protokoll v\u00e5rm\u00f6te 2026-03-23<\/a><\/div><!--\/.toggle-content-->\n<input type=\"hidden\" name=\"title_open\" value=\"St\u00e4ng V\u00e5rm\u00f6tet 2026\" \/><input type=\"hidden\" name=\"title_closed\" value=\"V\u00e5rm\u00f6tet 2026\" \/><\/div><!--\/.shortcode-toggle-->\n<div class=\"shortcode-toggle toggle-hosmotet-2025 closed default border\"><h4 class=\"toggle-trigger\"><a href=\"#\">H\u00f6sm\u00f6tet 2025<\/a><\/h4>\n<div class=\"toggle-content\"><\/p>\n<p>\ud83d\udcc4 <a href=\"https:\/\/krets.jagareforbundet.se\/skara\/files\/2025\/10\/Hostmotet-2025-presentation.pdf\">H\u00f6stm\u00f6tet 2025 presentation<\/a><\/p>\n<p>\ud83d\udcc4 <a href=\"https:\/\/krets.jagareforbundet.se\/skara\/files\/2025\/10\/Protokoll-hostmote-2025-09-29-signed.pdf\">Protokoll h\u00f6stm\u00f6te 2025-09-29<\/a><\/p>\n<p>\ud83d\udcc4 <a href=\"https:\/\/krets.jagareforbundet.se\/skara\/files\/2025\/10\/Verksamhetsberattelse-for-Harlunda-Vinkol-ASO-jaktaret-2024-25.pdf\">Verksamhetsber\u00e4ttelse f\u00f6r H\u00e4rlunda-Vink\u00f6l \u00c4SO jakt\u00e5ret 2024-25<\/a><\/p>\n<p>\ud83d\udcc4 <a href=\"https:\/\/krets.jagareforbundet.se\/skara\/files\/2025\/10\/Rostlangd-ASO-Harlunda-Vinkol-2025-2026.pdf\">R\u00f6stl\u00e4ngd \u00c4SO H\u00e4rlunda-Vink\u00f6l 2025-2026<\/a><\/div><!--\/.toggle-content-->\n<input type=\"hidden\" name=\"title_open\" value=\"St\u00e4ng H\u00f6stm\u00f6tet 2025\" \/><input type=\"hidden\" name=\"title_closed\" value=\"H\u00f6sm\u00f6tet 2025\" \/><\/div><!--\/.shortcode-toggle-->\n<div class=\"shortcode-toggle toggle-skotselomradets-arshjul closed default border\"><h4 class=\"toggle-trigger\"><a href=\"#\">Sk\u00f6tselomr\u00e5dets \u00e5rshjul<\/a><\/h4>\n<div class=\"toggle-content\"><\/p>\n<p><a href=\"https:\/\/krets.jagareforbundet.se\/skara\/files\/2025\/10\/Arshjulet-ASO-scaled.png\"><img loading=\"lazy\" decoding=\"async\" class=\"alignnone wp-image-2046 size-full\" src=\"https:\/\/krets.jagareforbundet.se\/skara\/files\/2025\/10\/Arshjulet-ASO-scaled.png\" alt=\"\" width=\"2560\" height=\"1899\" srcset=\"https:\/\/krets.jagareforbundet.se\/skara\/files\/2025\/10\/Arshjulet-ASO-scaled.png 2560w, https:\/\/krets.jagareforbundet.se\/skara\/files\/2025\/10\/Arshjulet-ASO-300x223.png 300w, https:\/\/krets.jagareforbundet.se\/skara\/files\/2025\/10\/Arshjulet-ASO-1024x760.png 1024w, https:\/\/krets.jagareforbundet.se\/skara\/files\/2025\/10\/Arshjulet-ASO-768x570.png 768w, https:\/\/krets.jagareforbundet.se\/skara\/files\/2025\/10\/Arshjulet-ASO-1536x1139.png 1536w, https:\/\/krets.jagareforbundet.se\/skara\/files\/2025\/10\/Arshjulet-ASO-2048x1519.png 2048w\" sizes=\"auto, (max-width: 2560px) 100vw, 2560px\" \/><\/a><\/p>\n<p><\/div><!--\/.toggle-content-->\n<input type=\"hidden\" name=\"title_open\" value=\"St\u00e4ng \u00e5rshjulet\" \/><input type=\"hidden\" name=\"title_closed\" value=\"Sk\u00f6tselomr\u00e5dets \u00e5rshjul\" \/><\/div><!--\/.shortcode-toggle-->\n<hr \/>\n<h2>\ud83d\udcca Statistik om avskjutning och inventeringar<\/h2>\n<p><img loading=\"lazy\" decoding=\"async\" class=\"alignleft wp-image-2057\" src=\"https:\/\/krets.jagareforbundet.se\/skara\/files\/2025\/10\/Avskjutningsstatistik_skarmbild-300x165.png\" alt=\"\" width=\"401\" height=\"221\" srcset=\"https:\/\/krets.jagareforbundet.se\/skara\/files\/2025\/10\/Avskjutningsstatistik_skarmbild-300x165.png 300w, https:\/\/krets.jagareforbundet.se\/skara\/files\/2025\/10\/Avskjutningsstatistik_skarmbild-1024x565.png 1024w, https:\/\/krets.jagareforbundet.se\/skara\/files\/2025\/10\/Avskjutningsstatistik_skarmbild-768x424.png 768w, https:\/\/krets.jagareforbundet.se\/skara\/files\/2025\/10\/Avskjutningsstatistik_skarmbild-1536x847.png 1536w, https:\/\/krets.jagareforbundet.se\/skara\/files\/2025\/10\/Avskjutningsstatistik_skarmbild.png 1552w\" sizes=\"auto, (max-width: 401px) 100vw, 401px\" \/><\/p>\n<p>Ta del av H\u00e4rlunda-Vink\u00f6ls avskjutnings- och inventeringsstatistik f\u00f6r \u00e4lg och kronhjort, p\u00e5 sk\u00f6tselomr\u00e5des- och undergruppsniv\u00e5. Nu \u00e4r statistiken kompletterad med spillningsinventeringsdata!<\/p>\n<p>Sidan inneh\u00e5ller f\u00f6ljande statistik: antal f\u00e4llda djur, avskjutning mot plan, \u00e5lder, slaktvikter, viltobs, spillningsinventeringar och statistik per undergrupp<\/p>\n<a target=\"_blank\" href=\"https:\/\/app.powerbi.com\/view?r=eyJrIjoiMjExZmUyODQtZjhkNS00MWViLWExMmEtODc0ZWI0ZGU4NjNiIiwidCI6IjQ1NTBhMzMzLTYxZGQtNDY2Ny1hNzdjLTY1YjcyMjllNTBkMCIsImMiOjh9\" class=\"woo-sc-button  green\" ><span class=\"woo-tick\">Avskjutningsstatistiken<\/span><\/a>\n<hr \/>\n<h2><strong>\ud83d\udc65 Kontaktpersoner<\/strong><\/h2>\n<h3><strong>Styrelsen 2024-25<\/strong><\/h3>\n<p><strong>Ordf\u00f6rande\/rapportansvarig<br \/>\n<\/strong>Leif Funke, 070-340 41 95<br \/>\n<a href=\"mailto:leif.funke@bahnhof.se\">leif.funke@bahnhof.se<\/a><\/p>\n<p><strong>Sekreterare<br \/>\n<\/strong>Anders Paulsson, 076-105 83 90<br \/>\n<a href=\"mailto:anders.paulsson@telia.com\">anders.paulsson@telia.com<\/a><\/p>\n<p><strong>Kass\u00f6r<br \/>\n<\/strong>Jens Carlsson, 070-540 51 40<br \/>\n<a href=\"mailto:jgocarlsson@gmail.com\">jgocarlsson@gmail.com<\/a><\/p>\n<p><strong>Vice ordf\u00f6rande<br \/>\n<\/strong>Ulf Djerf, 070-836 03 88<br \/>\n<a href=\"mailto:ulf@skalunda.se\">ulf@skalunda.se<\/a><\/p>\n<h3><strong>Undergruppsrepresentanter<\/strong><\/h3>\n<p><strong>Norra V\u00e5nga<br \/>\n<\/strong>Tore Kjellner, 070-677 15 78<br \/>\n<a href=\"mailto:kjellner.tore@telia.com\">kjellner.tore@telia.com<\/a><\/p>\n<p>David Jonsson, 073-052 22 71<br \/>\n<a href=\"mailto:davidjonsson93@hotmail.com\">davidjonsson93@hotmail.com<\/a><\/p>\n<p>Jens Carlsson, 070-540 51 40<br \/>\n<a href=\"mailto:jgocarlsson@gmail.com\">jgocarlsson@gmail.com<\/a><\/p>\n<p><strong>Stenum<br \/>\n<\/strong>Mikael von Heideken, 0703-61 31 89<br \/>\n<a href=\"mailto:mikaelvonheideken@gmail.com\">mikaelvonheideken@gmail.com<\/a><\/p>\n<p>Jan Hellstrand, 072-219 44 33<br \/>\n<a href=\"mailto:jannevasterasen@gmail.com\">jannevasterasen@gmail.com<\/a><\/p>\n<p><strong>\u00a0MVG<br \/>\n<\/strong>Linus Bengtsson, 070-378 63 54<br \/>\n<a href=\"mailto:linusbengtsson94@gmail.com\">linusbengtsson94@gmail.com<\/a><\/p>\n<p>Johan Lindstr\u00f6m, 070-990 60 39<br \/>\n<a href=\"mailto:johan.lindstrom@skaratandvard.com\">johan.lindstrom@skaratandvard.com<\/a><\/p>\n<p><strong>HVK<br \/>\n<\/strong>Fredrik Brin\u00e9, 070-894 56 66<br \/>\n<a href=\"mailto:fredrik@multimontage.com\">fredrik@multimontage.com<\/a><\/p>\n<h3><strong>Rapportansvariga i undergrupperna<\/strong><\/h3>\n<p><strong>Norra V\u00e5nga<br \/>\n<\/strong>David Jonsson, 073-052 22 71<br \/>\n<a href=\"mailto:davidjonsson93@hotmail.com\">davidjonsson93@hotmail.com<\/a><\/p>\n<p><strong>Stenum<br \/>\n<\/strong>Leif Funke, 070-340 41 95<br \/>\n<a href=\"mailto:leif.funke@bahnhof.se\">leif.funke@bahnhof.se<\/a><\/p>\n<p><strong>MVG<br \/>\n<\/strong>Max Olsson, 070-391 58 87<br \/>\n<a href=\"mailto:max.olsson@live.com\">max.olsson@live.com<\/a><\/p>\n<p><strong>HVK (inkl. Lilla listan)<br \/>\n<\/strong>Robert \u00c5lrud, 070-390 07 77<br \/>\n<a href=\"mailto:robert.alerud@telia.com\">robert.alerud@telia.com<\/a><\/p>\n<h3>\u00c5ldersbed\u00f6mning<\/h3>\n<p>Sverker Dal\u00e9n,\u00a0\u00d6sttomten Stenum, 0707-65 43 89<br \/>\n<a href=\"mailto:sverker.dalen@gmail.com\">sverker.dalen@gmail.com<\/a><\/p>\n<hr \/>\n<p>&nbsp;<\/p>\n<h2>\ud83d\udd17 L\u00e4nkar<\/h2>\n<ul>\n<li><a href=\"https:\/\/www.lansstyrelsen.se\/vastra-gotaland\/djur\/jakt-och-vilt\/algjakt\/algforvaltning-och-jaktomraden.html\" target=\"_blank\" rel=\"noopener\">\u00c4lgf\u00f6rvaltning och jaktomr\u00e5den | L\u00e4nsstyrelsen V\u00e4stra G\u00f6taland (lansstyrelsen.se)<\/a><\/li>\n<li><a href=\"https:\/\/eur01.safelinks.protection.outlook.com\/?url=https%3A%2F%2Fwww.facebook.com%2Fshare%2F1BJEso4YGd%2F%3Fmibextid%3DwwXIfr&amp;data=05%7C02%7Canders.paulsson%40borga.com%7C82fca5f64d4c458b803d08de996ca212%7C4550a33361dd4667a77c65b7229e50d0%7C0%7C0%7C639116889047420115%7CUnknown%7CTWFpbGZsb3d8eyJFbXB0eU1hcGkiOnRydWUsIlYiOiIwLjAuMDAwMCIsIlAiOiJXaW4zMiIsIkFOIjoiTWFpbCIsIldUIjoyfQ%3D%3D%7C0%7C%7C%7C&amp;sdata=kf3naKuEljgqt4pZTdRP6y9ojQpbD17ipG%2FRcvD%2FvCg%3D&amp;reserved=0\">Facebooksida f\u00f6r \u00c4SO H\u00e4rlunda-Vink\u00f6l<\/a><\/li>\n<\/ul>\n","protected":false},"excerpt":{"rendered":"<p>\ud83d\udcc4Dokument Nedan hittar du protokoll v\u00e5r \u00e5rs- och v\u00e5rm\u00f6ten, dokument till st\u00f6d f\u00f6r inventeringar, avskjutningsresultat fr\u00e5n f\u00f6reg\u00e5ende och innevarande jakts\u00e4song mm. Klicka p\u00e5 plustecknen f\u00f6r att se dokumenten. \ud83d\udcca Statistik om avskjutning och inventeringar Ta del av H\u00e4rlunda-Vink\u00f6ls avskjutnings- och inventeringsstatistik f\u00f6r \u00e4lg och kronhjort, p\u00e5 sk\u00f6tselomr\u00e5des- och undergruppsniv\u00e5. Nu \u00e4r statistiken kompletterad med spillningsinventeringsdata! [&hellip;]<\/p>\n","protected":false},"author":62,"featured_media":0,"parent":0,"menu_order":20,"comment_status":"open","ping_status":"open","template":"","meta":{"footnotes":""},"class_list":["post-126","page","type-page","status-publish","hentry"],"_links":{"self":[{"href":"https:\/\/krets.jagareforbundet.se\/skara\/wp-json\/wp\/v2\/pages\/126","targetHints":{"allow":["GET"]}}],"collection":[{"href":"https:\/\/krets.jagareforbundet.se\/skara\/wp-json\/wp\/v2\/pages"}],"about":[{"href":"https:\/\/krets.jagareforbundet.se\/skara\/wp-json\/wp\/v2\/types\/page"}],"author":[{"embeddable":true,"href":"https:\/\/krets.jagareforbundet.se\/skara\/wp-json\/wp\/v2\/users\/62"}],"replies":[{"embeddable":true,"href":"https:\/\/krets.jagareforbundet.se\/skara\/wp-json\/wp\/v2\/comments?post=126"}],"version-history":[{"count":3,"href":"https:\/\/krets.jagareforbundet.se\/skara\/wp-json\/wp\/v2\/pages\/126\/revisions"}],"predecessor-version":[{"id":2198,"href":"https:\/\/krets.jagareforbundet.se\/skara\/wp-json\/wp\/v2\/pages\/126\/revisions\/2198"}],"wp:attachment":[{"href":"https:\/\/krets.jagareforbundet.se\/skara\/wp-json\/wp\/v2\/media?parent=126"}],"curies":[{"name":"wp","href":"https:\/\/api.w.org\/{rel}","templated":true}]}}