{"id":1337,"date":"2021-05-12T22:03:26","date_gmt":"2021-05-12T20:03:26","guid":{"rendered":"https:\/\/krets.jagareforbundet.se\/skara\/?page_id=1337"},"modified":"2023-05-06T22:58:59","modified_gmt":"2023-05-06T20:58:59","slug":"kommunala-viltvardare","status":"publish","type":"page","link":"https:\/\/krets.jagareforbundet.se\/skara\/kommunala-viltvardare\/","title":{"rendered":"Kommunala Viltv\u00e5rdare Skara"},"content":{"rendered":"<p>&nbsp;<\/p>\n<p>Ser du ett vilt djur som \u00e4r skadad p\u00e5 kommunens mark \u2013 Ring ! Kontaktcenter p\u00e5 tel 0511- 320 00.<\/p>\n<p>De kommunala viltv\u00e5rdarna \u00e4r i f\u00f6rsta hand en funktion f\u00f6r att hantera vilt p\u00e5 kommunens egen mark som inte \u00e4r utarrenderad f\u00f6r jakt. Exempel \u00e4r inom t\u00e4torterna, d\u00e4r uppdragen kan g\u00e4lla allt ifr\u00e5n r\u00e5dgivning till skyddsjakt av vilda djur.<\/p>\n<p>&nbsp;<\/p>\n<h2 id=\"h-Stodtillprivatpersoner\" class=\"mellanrubrik\">St\u00f6d till privatpersoner<\/h2>\n<p class=\"normal\">Att hj\u00e4lpa privatpersoner med problem kopplade till vilda djur ing\u00e5r inte inom ramen f\u00f6r kommunala viltv\u00e5rdares uppdrag. D\u00e4remot kan man som privatperson f\u00e5 kontakt med viltv\u00e5rdarna f\u00f6r att f\u00e5 r\u00e5dgivning eller eventuellt hj\u00e4lp av dem om de anser att det finns behov eller \u00e4r m\u00f6jligt. H\u00e4r \u00e4r det dock viktigt att du t\u00e4nker p\u00e5 att det \u00e4r du som \u00e4r best\u00e4llare och inte kommunen.<\/p>\n<h2 id=\"h-Kontakt\" class=\"mellanrubrik\">Kontakt<\/h2>\n<p class=\"normal\">Kommunens Kontaktcenter 0511-320 00 kontaktas p\u00e5 dagtid m\u00e5ndag-torsdag kl. 08.00\u201316.30 fredag kl. 08.00-16.00<\/p>\n<p>&nbsp;<\/p>\n<p>&nbsp;<\/p>\n","protected":false},"excerpt":{"rendered":"<p>&nbsp; Ser du ett vilt djur som \u00e4r skadad p\u00e5 kommunens mark \u2013 Ring ! Kontaktcenter p\u00e5 tel 0511- 320 00. De kommunala viltv\u00e5rdarna \u00e4r i f\u00f6rsta hand en funktion f\u00f6r att hantera vilt p\u00e5 kommunens egen mark som inte \u00e4r utarrenderad f\u00f6r jakt. Exempel \u00e4r inom t\u00e4torterna, d\u00e4r uppdragen kan g\u00e4lla allt ifr\u00e5n r\u00e5dgivning [&hellip;]<\/p>\n","protected":false},"author":62,"featured_media":0,"parent":0,"menu_order":0,"comment_status":"closed","ping_status":"closed","template":"","meta":{"footnotes":""},"class_list":["post-1337","page","type-page","status-publish","hentry"],"_links":{"self":[{"href":"https:\/\/krets.jagareforbundet.se\/skara\/wp-json\/wp\/v2\/pages\/1337","targetHints":{"allow":["GET"]}}],"collection":[{"href":"https:\/\/krets.jagareforbundet.se\/skara\/wp-json\/wp\/v2\/pages"}],"about":[{"href":"https:\/\/krets.jagareforbundet.se\/skara\/wp-json\/wp\/v2\/types\/page"}],"author":[{"embeddable":true,"href":"https:\/\/krets.jagareforbundet.se\/skara\/wp-json\/wp\/v2\/users\/62"}],"replies":[{"embeddable":true,"href":"https:\/\/krets.jagareforbundet.se\/skara\/wp-json\/wp\/v2\/comments?post=1337"}],"version-history":[{"count":3,"href":"https:\/\/krets.jagareforbundet.se\/skara\/wp-json\/wp\/v2\/pages\/1337\/revisions"}],"predecessor-version":[{"id":1739,"href":"https:\/\/krets.jagareforbundet.se\/skara\/wp-json\/wp\/v2\/pages\/1337\/revisions\/1739"}],"wp:attachment":[{"href":"https:\/\/krets.jagareforbundet.se\/skara\/wp-json\/wp\/v2\/media?parent=1337"}],"curies":[{"name":"wp","href":"https:\/\/api.w.org\/{rel}","templated":true}]}}