{"id":1673,"date":"2023-03-21T19:51:41","date_gmt":"2023-03-21T18:51:41","guid":{"rendered":"https:\/\/krets.jagareforbundet.se\/skara\/?page_id=1673"},"modified":"2023-03-22T18:25:45","modified_gmt":"2023-03-22T17:25:45","slug":"barn-och-ungdom","status":"publish","type":"page","link":"https:\/\/krets.jagareforbundet.se\/skara\/barn-och-ungdom\/","title":{"rendered":"Barn och Ungdom"},"content":{"rendered":"<blockquote><p>&nbsp;<\/p><\/blockquote>\n<div class=\"mceTemp\">\n<p><a href=\"https:\/\/krets.jagareforbundet.se\/skara\/files\/2023\/03\/BusjonAlgjaktCalleFranklinA.jpg\"><img loading=\"lazy\" decoding=\"async\" class=\"size-medium wp-image-1695 aligncenter\" src=\"https:\/\/krets.jagareforbundet.se\/skara\/files\/2023\/03\/BusjonAlgjaktCalleFranklinA-300x225.jpg\" alt=\"\" width=\"300\" height=\"225\" \/><\/a>Foto:Calle Franklin<\/p>\n<p><strong>Har du fr\u00e5gor om barn och ungdom eller f\u00f6rslag p\u00e5 aktiviteter, kontakta ansvarig Louise Hall. louise.hall@edu.skara.se\u00a0<\/strong><\/p>\n<p><strong>Bilder att f\u00e4rgl\u00e4gga<\/strong><\/p>\n<p><a href=\"https:\/\/krets.jagareforbundet.se\/skara\/files\/2023\/03\/sv_vildsvin1.pdf\">vildsvin<\/a><\/p>\n<p><a href=\"https:\/\/krets.jagareforbundet.se\/skara\/files\/2023\/03\/sv_tjadertupp1.pdf\">tjadertupp<\/a><\/p>\n<p><a href=\"https:\/\/krets.jagareforbundet.se\/skara\/files\/2023\/03\/sv_bjorn.pdf\">bjorn<\/a><\/p>\n<p><a href=\"https:\/\/krets.jagareforbundet.se\/skara\/files\/2023\/03\/sv_alg.pdf\">sv_alg<\/a><\/p>\n<hr \/>\n<p><strong>Ladda ned fr\u00e5gor och bilder till tipspromenad\u00a0<\/strong><\/p>\n<p><a href=\"https:\/\/krets.jagareforbundet.se\/skara\/files\/2023\/03\/tipspromenad1.pdf\">tipspromenad(1)<\/a><\/p>\n<p><a href=\"https:\/\/krets.jagareforbundet.se\/skara\/files\/2023\/03\/Djurbilder-till-tipspromenad.pdf\">Djurbilder till tipspromenad<\/a><\/p>\n<hr \/>\n<p><strong>Djurbilder<\/strong><\/p>\n<p><a href=\"https:\/\/krets.jagareforbundet.se\/skara\/files\/2023\/03\/a3_vildsvin.pdf\">a3_vildsvin\u00a0 \u00a0<\/a><\/p>\n<p><a href=\"https:\/\/krets.jagareforbundet.se\/skara\/files\/2023\/03\/a3_alg.pdf\">a3_alg<\/a><\/p>\n<p><a href=\"https:\/\/krets.jagareforbundet.se\/skara\/files\/2023\/03\/a3_bjorn.pdf\">a3_bjorn<\/a><\/p>\n<p><a href=\"https:\/\/krets.jagareforbundet.se\/skara\/files\/2023\/03\/a3_tjadertupp.pdf\">a3_tjadertupp<\/a><\/p>\n<hr \/>\n<p><strong>Olika Sp\u00e5rst\u00e4mplar<\/strong><\/p>\n<p><a href=\"https:\/\/krets.jagareforbundet.se\/skara\/files\/2023\/03\/spar_sparlopor_s.pdf\">spar_sparlopor_s<\/a><\/p>\n<p><a href=\"https:\/\/krets.jagareforbundet.se\/skara\/files\/2023\/03\/spar_rovdjur2bjorn_s.pdf\">spar_rovdjur<\/a><\/p>\n<p><a href=\"https:\/\/krets.jagareforbundet.se\/skara\/files\/2023\/03\/spar_rovdjur2bjorn_s.pdf\">2bjorn_<\/a><\/p>\n<p><a href=\"https:\/\/krets.jagareforbundet.se\/skara\/files\/2023\/03\/spar_rovdjur1_s.pdf\">s<\/a><a href=\"https:\/\/krets.jagareforbundet.se\/skara\/files\/2023\/03\/spar_rovdjur1_s.pdf\">par_rovdjur1_s<\/a><\/p>\n<p><a href=\"https:\/\/krets.jagareforbundet.se\/skara\/files\/2023\/03\/spar_gnagare_faglar_s.pdf\">spar_gnagare<\/a><\/p>\n<p><a href=\"https:\/\/krets.jagareforbundet.se\/skara\/files\/2023\/03\/spar_gnagare_faglar_s.pdf\">_faglar_s<\/a> <a href=\"https:\/\/krets.jagareforbundet.se\/skara\/files\/2023\/03\/spar_klovdjur_s.pdf\">spar_<\/a><\/p>\n<p><a href=\"https:\/\/krets.jagareforbundet.se\/skara\/files\/2023\/03\/spar_klovdjur_s.pdf\">klovdjur_s<\/a><\/p>\n<hr \/>\n<p>Ungdomsansvarig \u00e4r Louise Hall louise.hall@edu.skara.se<\/p>\n<\/div>\n<hr \/>\n<hr \/>\n<p>&nbsp;<\/p>\n","protected":false},"excerpt":{"rendered":"<p>&nbsp; Foto:Calle Franklin Har du fr\u00e5gor om barn och ungdom eller f\u00f6rslag p\u00e5 aktiviteter, kontakta ansvarig Louise Hall. louise.hall@edu.skara.se\u00a0 Bilder att f\u00e4rgl\u00e4gga vildsvin tjadertupp bjorn sv_alg Ladda ned fr\u00e5gor och bilder till tipspromenad\u00a0 tipspromenad(1) Djurbilder till tipspromenad Djurbilder a3_vildsvin\u00a0 \u00a0 a3_alg a3_bjorn a3_tjadertupp Olika Sp\u00e5rst\u00e4mplar spar_sparlopor_s spar_rovdjur 2bjorn_ spar_rovdjur1_s spar_gnagare _faglar_s spar_ klovdjur_s Ungdomsansvarig \u00e4r [&hellip;]<\/p>\n","protected":false},"author":62,"featured_media":0,"parent":0,"menu_order":0,"comment_status":"closed","ping_status":"closed","template":"","meta":{"footnotes":""},"class_list":["post-1673","page","type-page","status-publish","hentry"],"_links":{"self":[{"href":"https:\/\/krets.jagareforbundet.se\/skara\/wp-json\/wp\/v2\/pages\/1673","targetHints":{"allow":["GET"]}}],"collection":[{"href":"https:\/\/krets.jagareforbundet.se\/skara\/wp-json\/wp\/v2\/pages"}],"about":[{"href":"https:\/\/krets.jagareforbundet.se\/skara\/wp-json\/wp\/v2\/types\/page"}],"author":[{"embeddable":true,"href":"https:\/\/krets.jagareforbundet.se\/skara\/wp-json\/wp\/v2\/users\/62"}],"replies":[{"embeddable":true,"href":"https:\/\/krets.jagareforbundet.se\/skara\/wp-json\/wp\/v2\/comments?post=1673"}],"version-history":[{"count":3,"href":"https:\/\/krets.jagareforbundet.se\/skara\/wp-json\/wp\/v2\/pages\/1673\/revisions"}],"predecessor-version":[{"id":1681,"href":"https:\/\/krets.jagareforbundet.se\/skara\/wp-json\/wp\/v2\/pages\/1673\/revisions\/1681"}],"wp:attachment":[{"href":"https:\/\/krets.jagareforbundet.se\/skara\/wp-json\/wp\/v2\/media?parent=1673"}],"curies":[{"name":"wp","href":"https:\/\/api.w.org\/{rel}","templated":true}]}}