{"id":545,"date":"2017-03-27T14:14:06","date_gmt":"2017-03-27T12:14:06","guid":{"rendered":"https:\/\/krets.jagareforbundet.se\/skara\/?page_id=545"},"modified":"2025-02-05T21:05:43","modified_gmt":"2025-02-05T20:05:43","slug":"hundgruppen","status":"publish","type":"page","link":"https:\/\/krets.jagareforbundet.se\/skara\/hundgruppen\/","title":{"rendered":"Hundgruppen"},"content":{"rendered":"<p><strong>Hundgruppen<\/strong> anordnar kurser inom bland annat Jakthundslydnad, viltsp\u00e5r och f\u00f6rsta hj\u00e4lpen.<\/p>\n<p>&nbsp;<\/p>\n<p><a href=\"https:\/\/krets.jagareforbundet.se\/skara\/hur-blir-man-medlem\/johanna_algjakt_nanna_hamilton\/\" rel=\"attachment wp-att-583\"><img loading=\"lazy\" decoding=\"async\" class=\"alignnone size-medium wp-image-583\" src=\"https:\/\/krets.jagareforbundet.se\/skara\/files\/2017\/03\/johanna_algjakt_nanna_hamilton-300x214.jpg\" alt=\"\" width=\"300\" height=\"214\" \/><\/a><\/p>\n<p>Fotograf Nanna Hamilton<\/p>\n<p>&nbsp;<\/p>\n<p>\u00c4r du intresserad av att delta eller saknar du n\u00e5gon aktivitet? H\u00f6r av dig till hundansvariga!<\/p>\n<p>Ingrid Brodin:\u00a0ingma.brodin@gmail.com<\/p>\n<p>Christer Dahlborg:\u00a0Christer.Dahlborg@lidkopingenergi.se<\/p>\n<p>&nbsp;<\/p>\n<p>&nbsp;<\/p>\n","protected":false},"excerpt":{"rendered":"<p>Hundgruppen anordnar kurser inom bland annat Jakthundslydnad, viltsp\u00e5r och f\u00f6rsta hj\u00e4lpen. &nbsp; Fotograf Nanna Hamilton &nbsp; \u00c4r du intresserad av att delta eller saknar du n\u00e5gon aktivitet? H\u00f6r av dig till hundansvariga! Ingrid Brodin:\u00a0ingma.brodin@gmail.com Christer Dahlborg:\u00a0Christer.Dahlborg@lidkopingenergi.se &nbsp; &nbsp;<\/p>\n","protected":false},"author":62,"featured_media":0,"parent":0,"menu_order":5,"comment_status":"closed","ping_status":"closed","template":"","meta":{"footnotes":""},"class_list":["post-545","page","type-page","status-publish","hentry"],"_links":{"self":[{"href":"https:\/\/krets.jagareforbundet.se\/skara\/wp-json\/wp\/v2\/pages\/545","targetHints":{"allow":["GET"]}}],"collection":[{"href":"https:\/\/krets.jagareforbundet.se\/skara\/wp-json\/wp\/v2\/pages"}],"about":[{"href":"https:\/\/krets.jagareforbundet.se\/skara\/wp-json\/wp\/v2\/types\/page"}],"author":[{"embeddable":true,"href":"https:\/\/krets.jagareforbundet.se\/skara\/wp-json\/wp\/v2\/users\/62"}],"replies":[{"embeddable":true,"href":"https:\/\/krets.jagareforbundet.se\/skara\/wp-json\/wp\/v2\/comments?post=545"}],"version-history":[{"count":4,"href":"https:\/\/krets.jagareforbundet.se\/skara\/wp-json\/wp\/v2\/pages\/545\/revisions"}],"predecessor-version":[{"id":1997,"href":"https:\/\/krets.jagareforbundet.se\/skara\/wp-json\/wp\/v2\/pages\/545\/revisions\/1997"}],"wp:attachment":[{"href":"https:\/\/krets.jagareforbundet.se\/skara\/wp-json\/wp\/v2\/media?parent=545"}],"curies":[{"name":"wp","href":"https:\/\/api.w.org\/{rel}","templated":true}]}}