{"id":546,"date":"2017-03-28T12:33:30","date_gmt":"2017-03-28T10:33:30","guid":{"rendered":"https:\/\/krets.jagareforbundet.se\/skara\/?page_id=546"},"modified":"2026-02-16T09:22:50","modified_gmt":"2026-02-16T08:22:50","slug":"styrelsen-i-skara-kretsen","status":"publish","type":"page","link":"https:\/\/krets.jagareforbundet.se\/skara\/styrelsen-i-skara-kretsen\/","title":{"rendered":"Styrelsen"},"content":{"rendered":"<p>&nbsp;<\/p>\n<p>Styrelsen kontaktuppgifter<\/p>\n<p>&nbsp;<\/p>\n<p><strong>Ordf\u00f6rande<\/strong><\/p>\n<p>Ingrid Brodin<\/p>\n<p>076-1786511<\/p>\n<p>ingma.brodin@gmail.com<\/p>\n<p>&nbsp;<\/p>\n<p><strong>Vice ordf\u00f6rande<\/strong><\/p>\n<p>Robert \u00c5lrud<\/p>\n<p>070-3900777<\/p>\n<p>robert.alerud@telia.com<\/p>\n<p>&nbsp;<\/p>\n<p><strong>Sekreterare<\/strong><\/p>\n<p>Helena Sv\u00e4rd<\/p>\n<p>070-7276050<\/p>\n<p>hs@helenasvard.se<\/p>\n<p>&nbsp;<\/p>\n<p><b>Kass\u00f6r<\/b><\/p>\n<p>Bj\u00f6rn Blomberg<\/p>\n<p>070-9445221<\/p>\n<p>bblomberg1@live.se<\/p>\n<p>&nbsp;<\/p>\n<p><strong>Ordinarie \u00a0ledam\u00f6ter<\/strong><\/p>\n<p>H\u00e5kan Pettersson<\/p>\n<p>076-1464579<\/p>\n<p>&nbsp;<\/p>\n<p>Rose-Marie Andersson<\/p>\n<p>anderssonrosemarie72@gmail.com<\/p>\n<p>&nbsp;<\/p>\n<p>Christer Dahlborg<\/p>\n<p>Christer.Dahlborg@lidkopingenergi.se<\/p>\n<p>070-6997751<\/p>\n<p>&nbsp;<\/p>\n<p><strong>Suppleant<\/strong><\/p>\n<p>Anna von Heideken<\/p>\n<p>annavonheideken@gmail.com<\/p>\n","protected":false},"excerpt":{"rendered":"<p>&nbsp; Styrelsen kontaktuppgifter &nbsp; Ordf\u00f6rande Ingrid Brodin 076-1786511 ingma.brodin@gmail.com &nbsp; Vice ordf\u00f6rande Robert \u00c5lrud 070-3900777 robert.alerud@telia.com &nbsp; Sekreterare Helena Sv\u00e4rd 070-7276050 hs@helenasvard.se &nbsp; Kass\u00f6r Bj\u00f6rn Blomberg 070-9445221 bblomberg1@live.se &nbsp; Ordinarie \u00a0ledam\u00f6ter H\u00e5kan Pettersson 076-1464579 &nbsp; Rose-Marie Andersson anderssonrosemarie72@gmail.com &nbsp; Christer Dahlborg Christer.Dahlborg@lidkopingenergi.se 070-6997751 &nbsp; Suppleant Anna von Heideken annavonheideken@gmail.com<\/p>\n","protected":false},"author":62,"featured_media":0,"parent":0,"menu_order":1,"comment_status":"closed","ping_status":"closed","template":"","meta":{"footnotes":""},"class_list":["post-546","page","type-page","status-publish","hentry"],"_links":{"self":[{"href":"https:\/\/krets.jagareforbundet.se\/skara\/wp-json\/wp\/v2\/pages\/546","targetHints":{"allow":["GET"]}}],"collection":[{"href":"https:\/\/krets.jagareforbundet.se\/skara\/wp-json\/wp\/v2\/pages"}],"about":[{"href":"https:\/\/krets.jagareforbundet.se\/skara\/wp-json\/wp\/v2\/types\/page"}],"author":[{"embeddable":true,"href":"https:\/\/krets.jagareforbundet.se\/skara\/wp-json\/wp\/v2\/users\/62"}],"replies":[{"embeddable":true,"href":"https:\/\/krets.jagareforbundet.se\/skara\/wp-json\/wp\/v2\/comments?post=546"}],"version-history":[{"count":4,"href":"https:\/\/krets.jagareforbundet.se\/skara\/wp-json\/wp\/v2\/pages\/546\/revisions"}],"predecessor-version":[{"id":2165,"href":"https:\/\/krets.jagareforbundet.se\/skara\/wp-json\/wp\/v2\/pages\/546\/revisions\/2165"}],"wp:attachment":[{"href":"https:\/\/krets.jagareforbundet.se\/skara\/wp-json\/wp\/v2\/media?parent=546"}],"curies":[{"name":"wp","href":"https:\/\/api.w.org\/{rel}","templated":true}]}}