{"id":669,"date":"2018-03-03T22:07:54","date_gmt":"2018-03-03T21:07:54","guid":{"rendered":"https:\/\/krets.jagareforbundet.se\/skara\/?page_id=669"},"modified":"2025-02-05T21:03:02","modified_gmt":"2025-02-05T20:03:02","slug":"skytte","status":"publish","type":"page","link":"https:\/\/krets.jagareforbundet.se\/skara\/skytte\/","title":{"rendered":"Skara Jaktskytteklubb"},"content":{"rendered":"<div class=\"mceTemp\"><\/div>\n<p>\u00d6vningsskytte \u00e4r ju b\u00e5de kul och mycket viktigt f\u00f6r varje j\u00e4gare som alla ju vet. M\u00f6jligheter till detta finns p\u00e5 Skara Jaktskytteklubbs anl\u00e4ggning. D\u00e4r bedrivs lerduveskytte i olika former, skeet ,trap, fasantorn, vildsvinsbana 50 m (kal 22), samt \u00e4lgbana. En bana d\u00e4r man kan skjuta in sitt vapen (80m) finns ocks\u00e5. Under sommaren 2018 har klubben installerat den nya sj\u00e4lvmarkerande \u00e4lgbanan. Skjutningarna har blivit effektivare och fler hinner skjuta. Skytten ser sj\u00e4lv i b\u00e5set var man tr\u00e4ffar.<\/p>\n<p>Medlemmar i klubben skjuter billigare\/serie.<\/p>\n<p>Kontakter Skara JSK:\u00a0 Ordf\u00f6rande Lars Jakobsson tel 0703709933<\/p>\n<p>Kass\u00f6r \u00d6rjan Storm<\/p>\n<p>&nbsp;<\/p>\n<p>&nbsp;<\/p>\n<p>&nbsp;<\/p>\n<p>&nbsp;<\/p>\n<p>&nbsp;<\/p>\n<p>&nbsp;<\/p>\n<p>&nbsp;<\/p>\n<p>&nbsp;<\/p>\n<p>&nbsp;<\/p>\n","protected":false},"excerpt":{"rendered":"<p>\u00d6vningsskytte \u00e4r ju b\u00e5de kul och mycket viktigt f\u00f6r varje j\u00e4gare som alla ju vet. M\u00f6jligheter till detta finns p\u00e5 Skara Jaktskytteklubbs anl\u00e4ggning. D\u00e4r bedrivs lerduveskytte i olika former, skeet ,trap, fasantorn, vildsvinsbana 50 m (kal 22), samt \u00e4lgbana. En bana d\u00e4r man kan skjuta in sitt vapen (80m) finns ocks\u00e5. Under sommaren 2018 har [&hellip;]<\/p>\n","protected":false},"author":62,"featured_media":0,"parent":0,"menu_order":6,"comment_status":"closed","ping_status":"closed","template":"","meta":{"footnotes":""},"class_list":["post-669","page","type-page","status-publish","hentry"],"_links":{"self":[{"href":"https:\/\/krets.jagareforbundet.se\/skara\/wp-json\/wp\/v2\/pages\/669","targetHints":{"allow":["GET"]}}],"collection":[{"href":"https:\/\/krets.jagareforbundet.se\/skara\/wp-json\/wp\/v2\/pages"}],"about":[{"href":"https:\/\/krets.jagareforbundet.se\/skara\/wp-json\/wp\/v2\/types\/page"}],"author":[{"embeddable":true,"href":"https:\/\/krets.jagareforbundet.se\/skara\/wp-json\/wp\/v2\/users\/62"}],"replies":[{"embeddable":true,"href":"https:\/\/krets.jagareforbundet.se\/skara\/wp-json\/wp\/v2\/comments?post=669"}],"version-history":[{"count":3,"href":"https:\/\/krets.jagareforbundet.se\/skara\/wp-json\/wp\/v2\/pages\/669\/revisions"}],"predecessor-version":[{"id":1994,"href":"https:\/\/krets.jagareforbundet.se\/skara\/wp-json\/wp\/v2\/pages\/669\/revisions\/1994"}],"wp:attachment":[{"href":"https:\/\/krets.jagareforbundet.se\/skara\/wp-json\/wp\/v2\/media?parent=669"}],"curies":[{"name":"wp","href":"https:\/\/api.w.org\/{rel}","templated":true}]}}