{"id":801,"date":"2018-06-06T22:05:08","date_gmt":"2018-06-06T20:05:08","guid":{"rendered":"https:\/\/krets.jagareforbundet.se\/skara\/?page_id=801"},"modified":"2025-02-05T20:56:43","modified_gmt":"2025-02-05T19:56:43","slug":"vildsvinseftersok","status":"publish","type":"page","link":"https:\/\/krets.jagareforbundet.se\/skara\/vildsvinseftersok\/","title":{"rendered":"Vildsvinsefters\u00f6k"},"content":{"rendered":"<div id=\"attachment_894\" style=\"width: 310px\" class=\"wp-caption alignright\"><a href=\"https:\/\/krets.jagareforbundet.se\/skara\/vildsvinseftersok\/24516435-wild-boar-in-the-wild-in-winter\/\" rel=\"attachment wp-att-894\"><img loading=\"lazy\" decoding=\"async\" aria-describedby=\"caption-attachment-894\" class=\"wp-image-894 size-medium\" src=\"https:\/\/krets.jagareforbundet.se\/skara\/files\/2019\/03\/24516435-wild-boar-in-the-wild-in-winter-300x200.jpg\" alt=\"\" width=\"300\" height=\"200\" \/><\/a><p id=\"caption-attachment-894\" class=\"wp-caption-text\">Foto:Mostphotos<\/p><\/div>\n<p>&nbsp;<\/p>\n<p>Vildsvinsefters\u00f6k Skara<\/p>\n<p>OBS ! Kontakt om efters\u00f6ksekipage \u00e4r tillg\u00e4nglig &#8221;skall &#8221; g\u00f6ras &#8221;innan&#8221; jakttillf\u00e4lle .<\/p>\n<p>Sven Olof Larsson 0703996465<\/p>\n<p>Tonie Bjelkenhoff 0704221041<\/p>\n<p>Fredrik Bengtsson 0705740150<\/p>\n<p>Linus Bengtsson 0703786354<\/p>\n","protected":false},"excerpt":{"rendered":"<p>&nbsp; Vildsvinsefters\u00f6k Skara OBS ! Kontakt om efters\u00f6ksekipage \u00e4r tillg\u00e4nglig &#8221;skall &#8221; g\u00f6ras &#8221;innan&#8221; jakttillf\u00e4lle . Sven Olof Larsson 0703996465 Tonie Bjelkenhoff 0704221041 Fredrik Bengtsson 0705740150 Linus Bengtsson 0703786354<\/p>\n","protected":false},"author":62,"featured_media":0,"parent":0,"menu_order":6,"comment_status":"closed","ping_status":"closed","template":"","meta":{"footnotes":""},"class_list":["post-801","page","type-page","status-publish","hentry"],"_links":{"self":[{"href":"https:\/\/krets.jagareforbundet.se\/skara\/wp-json\/wp\/v2\/pages\/801","targetHints":{"allow":["GET"]}}],"collection":[{"href":"https:\/\/krets.jagareforbundet.se\/skara\/wp-json\/wp\/v2\/pages"}],"about":[{"href":"https:\/\/krets.jagareforbundet.se\/skara\/wp-json\/wp\/v2\/types\/page"}],"author":[{"embeddable":true,"href":"https:\/\/krets.jagareforbundet.se\/skara\/wp-json\/wp\/v2\/users\/62"}],"replies":[{"embeddable":true,"href":"https:\/\/krets.jagareforbundet.se\/skara\/wp-json\/wp\/v2\/comments?post=801"}],"version-history":[{"count":4,"href":"https:\/\/krets.jagareforbundet.se\/skara\/wp-json\/wp\/v2\/pages\/801\/revisions"}],"predecessor-version":[{"id":1993,"href":"https:\/\/krets.jagareforbundet.se\/skara\/wp-json\/wp\/v2\/pages\/801\/revisions\/1993"}],"wp:attachment":[{"href":"https:\/\/krets.jagareforbundet.se\/skara\/wp-json\/wp\/v2\/media?parent=801"}],"curies":[{"name":"wp","href":"https:\/\/api.w.org\/{rel}","templated":true}]}}