{"id":2,"date":"2021-09-07T12:28:43","date_gmt":"2021-09-07T10:28:43","guid":{"rendered":"https:\/\/krets.jagareforbundet.se\/template\/?page_id=2"},"modified":"2022-01-09T17:33:02","modified_gmt":"2022-01-09T16:33:02","slug":"exempelsida","status":"publish","type":"page","link":"https:\/\/krets.jagareforbundet.se\/skelleftea\/","title":{"rendered":"V\u00e4lkommen till Skellefte\u00e5 kretsen"},"content":{"rendered":"<p>MEDLEM<br \/>\nStolt j\u00e4gare och medlem<br \/>\n\u2022 J\u00e4garef\u00f6rbundet arbetar f\u00f6r att ge dig en bra och variationsrik jakt.<br \/>\n\u2022 Vi \u00e4r en v\u00e4xande organisation och v\u00e5r position \u00e4r tydlig.<br \/>\n\u2022 Alla \u00e4r v\u00e4lkomna och det \u00e4r attraktivt att utvecklas i J\u00e4garef\u00f6rbundet.<br \/>\n\u2022 Vi respekteras i samh\u00e4llet f\u00f6r v\u00e5r kunskap, v\u00e5ra f\u00e4rdigheter och etik.<\/p>\n<p>JAKT OCH VILTV\u00c5RD<br \/>\nV\u00e4lm\u00e5ende viltstammar som f\u00f6rvaltas lokalt<br \/>\n\u2022 J\u00e4garef\u00f6rbundet v\u00e5rdar och st\u00e5r upp f\u00f6r det vilda.<br \/>\n\u2022 Viltf\u00f6rvaltningen baseras p\u00e5 fakta, kunskap och lokal f\u00f6rankring.<br \/>\n\u2022 Vi s\u00e4kerst\u00e4ller kvalitativa viltstammar lokalt, genom samverkan med<br \/>\nandra parter regionalt, nationellt och internationellt.<\/p>\n<p>SAMH\u00c4LLE<br \/>\nJakt och viltv\u00e5rd \u00e4r en sj\u00e4lvklar samh\u00e4llsnytta<br \/>\n\u2022 J\u00e4garef\u00f6rbundets kunskap efterfr\u00e5gas och uppskattas av samh\u00e4llet.<br \/>\n\u2022 Allm\u00e4nheten har kunskap och f\u00f6rst\u00e5else f\u00f6r jaktens och viltv\u00e5rdens<br \/>\nbetydelse f\u00f6r vilt, m\u00e4nniska och natur.<br \/>\n\u2022 Vi arbetar med andra intressenter f\u00f6r en rik fauna och biologisk m\u00e5ngfald.<br \/>\n___________________________________________________________________________________________________________________<\/p>\n<div class=\"fb-page\" data-href=\"https:\/\/www.facebook.com\/J%C3%A4garef%C3%B6rbundet-Skellefte%C3%A5-107716671798371\/\" data-tabs=\"timeline\" data-width=\"400\" data-height=\"550\" data-small-header=\"false\" data-adapt-container-width=\"true\" data-hide-cover=\"false\" data-show-facepile=\"true\">\n<blockquote cite=\"https:\/\/www.facebook.com\/J%C3%A4garef%C3%B6rbundet-Skellefte%C3%A5-107716671798371\/\" class=\"fb-xfbml-parse-ignore\"><p><a href=\"https:\/\/www.facebook.com\/J%C3%A4garef%C3%B6rbundet-Skellefte%C3%A5-107716671798371\/\">J\u00e4garef\u00f6rbundet Skellefte\u00e5<\/a><\/p><\/blockquote>\n<\/div>\n","protected":false},"excerpt":{"rendered":"<p>MEDLEM Stolt j\u00e4gare och medlem \u2022 J\u00e4garef\u00f6rbundet arbetar f\u00f6r att ge dig en bra och variationsrik jakt. \u2022 Vi \u00e4r en v\u00e4xande organisation och v\u00e5r position \u00e4r tydlig. \u2022 Alla \u00e4r v\u00e4lkomna och det \u00e4r attraktivt att utvecklas i J\u00e4garef\u00f6rbundet. \u2022 Vi respekteras i samh\u00e4llet f\u00f6r v\u00e5r kunskap, v\u00e5ra f\u00e4rdigheter och etik. JAKT OCH VILTV\u00c5RD [&hellip;]<\/p>\n","protected":false},"author":3,"featured_media":199,"parent":0,"menu_order":0,"comment_status":"open","ping_status":"open","template":"","meta":{"jetpack_post_was_ever_published":false,"footnotes":""},"class_list":["post-2","page","type-page","status-publish","has-post-thumbnail","hentry"],"jetpack_sharing_enabled":true,"_links":{"self":[{"href":"https:\/\/krets.jagareforbundet.se\/skelleftea\/wp-json\/wp\/v2\/pages\/2","targetHints":{"allow":["GET"]}}],"collection":[{"href":"https:\/\/krets.jagareforbundet.se\/skelleftea\/wp-json\/wp\/v2\/pages"}],"about":[{"href":"https:\/\/krets.jagareforbundet.se\/skelleftea\/wp-json\/wp\/v2\/types\/page"}],"author":[{"embeddable":true,"href":"https:\/\/krets.jagareforbundet.se\/skelleftea\/wp-json\/wp\/v2\/users\/3"}],"replies":[{"embeddable":true,"href":"https:\/\/krets.jagareforbundet.se\/skelleftea\/wp-json\/wp\/v2\/comments?post=2"}],"version-history":[{"count":3,"href":"https:\/\/krets.jagareforbundet.se\/skelleftea\/wp-json\/wp\/v2\/pages\/2\/revisions"}],"predecessor-version":[{"id":217,"href":"https:\/\/krets.jagareforbundet.se\/skelleftea\/wp-json\/wp\/v2\/pages\/2\/revisions\/217"}],"wp:featuredmedia":[{"embeddable":true,"href":"https:\/\/krets.jagareforbundet.se\/skelleftea\/wp-json\/wp\/v2\/media\/199"}],"wp:attachment":[{"href":"https:\/\/krets.jagareforbundet.se\/skelleftea\/wp-json\/wp\/v2\/media?parent=2"}],"curies":[{"name":"wp","href":"https:\/\/api.w.org\/{rel}","templated":true}]}}