{"id":112,"date":"2014-02-27T11:58:58","date_gmt":"2014-02-27T10:58:58","guid":{"rendered":"https:\/\/krets.jagareforbundet.se\/skovde\/?page_id=112"},"modified":"2025-06-02T13:57:59","modified_gmt":"2025-06-02T11:57:59","slug":"hund","status":"publish","type":"page","link":"https:\/\/krets.jagareforbundet.se\/skovde\/hund\/","title":{"rendered":"Hund"},"content":{"rendered":"<h2>Ansvariga:<\/h2>\n<p>Carolina Larsen 072 0602958\u00a0 \u00a0 \u00a0 \u00a0 \u00a0 \u00a0 \u00a0 \u00a0 \u00a0 \u00a0 \u00a0 \u00a0carroshundpensionat@gmail.com<\/p>\n<p>Katarina Larsson, 073 932 12 92 \u00a0 \u00a0 \u00a0 \u00a0 \u00a0 \u00a0 \u00a0 \u00a0 \u00a0\u00a0<a href=\"mailto:kattis.lars71@gmail.com\">kattis.lars71@gmail.com<\/a><\/p>\n<p>&nbsp;<\/p>\n<p>&nbsp;<\/p>\n<p>&nbsp;<\/p>\n<p><strong>Hundgruppen<\/strong> anordnar kurser inom Jakthundslydnad och Efters\u00f6k.<\/p>\n<p>F\u00f6r kurstillf\u00e4llen kontakta Katarina \u00a0eller se under nyheter om vad som \u00e4r p\u00e5 g\u00e5ng.<\/p>\n<p><a href=\"https:\/\/krets.jagareforbundet.se\/skovde\/files\/2014\/02\/0051.jpg\"><img loading=\"lazy\" decoding=\"async\" class=\" wp-image-273 alignnone\" src=\"https:\/\/krets.jagareforbundet.se\/skovde\/files\/2014\/02\/0051-225x300.jpg\" alt=\"005[1]\" width=\"220\" height=\"293\" srcset=\"https:\/\/krets.jagareforbundet.se\/skovde\/files\/2014\/02\/0051-225x300.jpg 225w, https:\/\/krets.jagareforbundet.se\/skovde\/files\/2014\/02\/0051-768x1024.jpg 768w\" sizes=\"auto, (max-width: 220px) 100vw, 220px\" \/><\/a><\/p>\n<p>&nbsp;<\/p>\n<p>&nbsp;<\/p>\n<p>&nbsp;<\/p>\n<p>&nbsp;<\/p>\n<p>&nbsp;<\/p>\n<p>&nbsp;<\/p>\n","protected":false},"excerpt":{"rendered":"<p>Ansvariga: Carolina Larsen 072 0602958\u00a0 \u00a0 \u00a0 \u00a0 \u00a0 \u00a0 \u00a0 \u00a0 \u00a0 \u00a0 \u00a0 \u00a0carroshundpensionat@gmail.com Katarina Larsson, 073 932 12 92 \u00a0 \u00a0 \u00a0 \u00a0 \u00a0 \u00a0 \u00a0 \u00a0 \u00a0\u00a0kattis.lars71@gmail.com &nbsp; &nbsp; &nbsp; Hundgruppen anordnar kurser inom Jakthundslydnad och Efters\u00f6k. F\u00f6r kurstillf\u00e4llen kontakta Katarina \u00a0eller se under nyheter om vad som \u00e4r p\u00e5 g\u00e5ng. [&hellip;]<\/p>\n","protected":false},"author":91,"featured_media":0,"parent":0,"menu_order":2,"comment_status":"open","ping_status":"open","template":"","meta":{"footnotes":""},"class_list":["post-112","page","type-page","status-publish","hentry"],"_links":{"self":[{"href":"https:\/\/krets.jagareforbundet.se\/skovde\/wp-json\/wp\/v2\/pages\/112","targetHints":{"allow":["GET"]}}],"collection":[{"href":"https:\/\/krets.jagareforbundet.se\/skovde\/wp-json\/wp\/v2\/pages"}],"about":[{"href":"https:\/\/krets.jagareforbundet.se\/skovde\/wp-json\/wp\/v2\/types\/page"}],"author":[{"embeddable":true,"href":"https:\/\/krets.jagareforbundet.se\/skovde\/wp-json\/wp\/v2\/users\/91"}],"replies":[{"embeddable":true,"href":"https:\/\/krets.jagareforbundet.se\/skovde\/wp-json\/wp\/v2\/comments?post=112"}],"version-history":[{"count":3,"href":"https:\/\/krets.jagareforbundet.se\/skovde\/wp-json\/wp\/v2\/pages\/112\/revisions"}],"predecessor-version":[{"id":792,"href":"https:\/\/krets.jagareforbundet.se\/skovde\/wp-json\/wp\/v2\/pages\/112\/revisions\/792"}],"wp:attachment":[{"href":"https:\/\/krets.jagareforbundet.se\/skovde\/wp-json\/wp\/v2\/media?parent=112"}],"curies":[{"name":"wp","href":"https:\/\/api.w.org\/{rel}","templated":true}]}}