{"id":126,"date":"2014-03-07T15:09:27","date_gmt":"2014-03-07T14:09:27","guid":{"rendered":"https:\/\/krets.jagareforbundet.se\/skovde\/?page_id=126"},"modified":"2020-10-05T18:37:37","modified_gmt":"2020-10-05T16:37:37","slug":"viltrapportering","status":"publish","type":"page","link":"https:\/\/krets.jagareforbundet.se\/skovde\/viltrapportering\/","title":{"rendered":"Viltrapportering"},"content":{"rendered":"<div>\n<h1>Viltrapportering via Viltdatabasen<\/h1>\n<\/div>\n<div>\n<p><strong>Rapportering av uppgifter f\u00e4llt vilt fr\u00e5n jakten sker i tv\u00e5 moduler via en webbplats, se l\u00e4nk nedan.<\/strong><\/p>\n<p><strong>\u00c4lgdatabasen- huvudsakligen f\u00e4llda \u00e4lgar och \u00e4lgobs Avskjutningsrapporten- uppgifter fr\u00e5n \u00f6vriga jaktbara arter Rapporteringen fungerar enkelt och snabbt, och ger ocks\u00e5 omedelbart tillbaka omr\u00e5desvis statistik till dem som rapporterar. Tanken \u00e4r att all rapportering skall ske via Viltdatabasen. Pappersblanketterna \u00e4r en idag n\u00f6dl\u00f6sning och kommer p\u00e5 sikt att tas bort.<\/strong><\/p>\n<p>&nbsp;<\/p>\n<p>Ett ensamt jaktlag kallas i Viltdatabasen f\u00f6r ett jaktomr\u00e5de och utser inom sig en ansvarig att sk\u00f6ta viltrapporteringen, s\u00e5 kallad jaktomr\u00e5desadministrat\u00f6r.<\/p>\n<p>Flera jaktlag som g\u00e5tt samman kallas i Viltdatabasen f\u00f6r \u00e4lgsk\u00f6tselomr\u00e5den (\u00c4SO) och utser inom sig en ansvarig att sk\u00f6ta viltrapporteringen, \u00e4ven hon\/han s\u00e5 kallad jaktomr\u00e5desadministrat\u00f6r. Till dennes hj\u00e4lp utser varje jaktlag en ansvarig rapport\u00f6r. Rapport\u00f6ren kan d\u00e5 f\u00f6ra in uppgifter i viltdatabasen f\u00f6r att underl\u00e4tta och snabba p\u00e5 rapporteringen<\/p>\n<p>&nbsp;<\/p>\n<p>Om du klickar p\u00e5 l\u00e4nkarna s\u00e5 finner du information om hur allt \u00e4r organiserat, hur man f\u00e5r inloggningsuppgifter, hur man anm\u00e4ler sig till utbildningar med mera.<\/p>\n<p>&nbsp;<\/p>\n<p>L\u00e4nk till Viltdatabasen:<\/p>\n<p><a href=\"http:\/\/www.viltdata.se\/default.asp?pageid=22313\" target=\"_blank\" rel=\"noopener noreferrer\">http:\/\/www.viltdata.se\/default.asp?pageid=22313<\/a><\/p>\n<p>L\u00e4nk till manual f\u00f6r Rapport\u00f6r:<\/p>\n<p><a href=\"http:\/\/www.viltdata.se\/default.asp?pageid=22708\" target=\"_blank\" rel=\"noopener noreferrer\">http:\/\/www.viltdata.se\/default.asp?pageid=22708<\/a><\/p>\n<\/div>\n<p>Stefan Ekroth Mobil:0723-33 99 34<\/p>\n<p><a href=\"mailto:stefanekroth@telia.com\">stefanekroth@telia.com<\/a><\/p>\n","protected":false},"excerpt":{"rendered":"<p>Viltrapportering via Viltdatabasen Rapportering av uppgifter f\u00e4llt vilt fr\u00e5n jakten sker i tv\u00e5 moduler via en webbplats, se l\u00e4nk nedan. \u00c4lgdatabasen- huvudsakligen f\u00e4llda \u00e4lgar och \u00e4lgobs Avskjutningsrapporten- uppgifter fr\u00e5n \u00f6vriga jaktbara arter Rapporteringen fungerar enkelt och snabbt, och ger ocks\u00e5 omedelbart tillbaka omr\u00e5desvis statistik till dem som rapporterar. Tanken \u00e4r att all rapportering skall ske [&hellip;]<\/p>\n","protected":false},"author":91,"featured_media":0,"parent":0,"menu_order":6,"comment_status":"open","ping_status":"open","template":"","meta":{"footnotes":""},"class_list":["post-126","page","type-page","status-publish","hentry"],"_links":{"self":[{"href":"https:\/\/krets.jagareforbundet.se\/skovde\/wp-json\/wp\/v2\/pages\/126","targetHints":{"allow":["GET"]}}],"collection":[{"href":"https:\/\/krets.jagareforbundet.se\/skovde\/wp-json\/wp\/v2\/pages"}],"about":[{"href":"https:\/\/krets.jagareforbundet.se\/skovde\/wp-json\/wp\/v2\/types\/page"}],"author":[{"embeddable":true,"href":"https:\/\/krets.jagareforbundet.se\/skovde\/wp-json\/wp\/v2\/users\/91"}],"replies":[{"embeddable":true,"href":"https:\/\/krets.jagareforbundet.se\/skovde\/wp-json\/wp\/v2\/comments?post=126"}],"version-history":[{"count":2,"href":"https:\/\/krets.jagareforbundet.se\/skovde\/wp-json\/wp\/v2\/pages\/126\/revisions"}],"predecessor-version":[{"id":684,"href":"https:\/\/krets.jagareforbundet.se\/skovde\/wp-json\/wp\/v2\/pages\/126\/revisions\/684"}],"wp:attachment":[{"href":"https:\/\/krets.jagareforbundet.se\/skovde\/wp-json\/wp\/v2\/media?parent=126"}],"curies":[{"name":"wp","href":"https:\/\/api.w.org\/{rel}","templated":true}]}}