{"id":169,"date":"2014-06-30T08:46:50","date_gmt":"2014-06-30T06:46:50","guid":{"rendered":"https:\/\/krets.jagareforbundet.se\/skovde\/?page_id=169"},"modified":"2015-02-20T08:28:39","modified_gmt":"2015-02-20T07:28:39","slug":"viltundersokare","status":"publish","type":"page","link":"https:\/\/krets.jagareforbundet.se\/skovde\/viltundersokare\/","title":{"rendered":"Viltunders\u00f6kare"},"content":{"rendered":"<p>&nbsp;<\/p>\n<p>Om ni i jaktlaget skjutit ett vilt d\u00e4r n\u00e5got verkar onormalt finns hj\u00e4lp att f\u00e5:<\/p>\n<p>&nbsp;<\/p>\n<p><span style=\"color: #0000ff;text-decoration: underline\">Utbildad Viltunders\u00f6kare i Sk\u00f6vde:<\/span><\/p>\n<p><span style=\"color: #0000ff\">Torbj\u00f6rn Bergman<\/span><\/p>\n<p><span style=\"color: #0000ff\">073-9498239, 0500-461001<\/span><br \/>\n<span style=\"color: #0000ff\">Epost: stangesater@gmail.com<\/span><br \/>\n<span style=\"text-decoration: underline\">Nedan en beskrivning av viltunders\u00f6karens uppgift.<\/span><\/p>\n<p>Viltunders\u00f6kning handlar om hygien vid hantering, regelverk, viltsjukdomar och hur man p\u00e5 djuret och olika organ kan se om n\u00e5got inte \u00e4r normalt.<\/p>\n<p>Som viltunders\u00f6kare skall man kunna g\u00f6ra en f\u00f6rsta unders\u00f6kning av skjutet vilt f\u00f6r att konstatera om djurkroppen uppvisar tecken p\u00e5 n\u00e5got onormalt in- eller utv\u00e4ndigt. \u00c4r allt normalt beh\u00f6ver inte de r\u00f6da organen f\u00f6lja med till vilthanteringsanl\u00e4ggningen utan det r\u00e4cker med ett intyg. En veterin\u00e4r g\u00f6r sedan den slutgiltiga besiktningen p\u00e5 vilthanteringsanl\u00e4ggningen. Utbildningen \u00e4r godk\u00e4nd av Livsmedelsverket.<\/p>\n<p>Viltunders\u00f6karen ska:<\/p>\n<p>K\u00e4nna till aktuell lagstiftning<\/p>\n<p>Kunna genomf\u00f6ra en yttre och inre unders\u00f6kning<\/p>\n<p>Uppt\u00e4cka och reagera p\u00e5 beteende och utseende hos vilt som awiker fr\u00e5n det<\/p>\n<p>normala<\/p>\n<p>uppt\u00e4cka och reagera p\u00e5 inre organ som inte \u00e4r normala<\/p>\n<p>Kunna dokumentera unders\u00f6kningen<\/p>\n","protected":false},"excerpt":{"rendered":"<p>&nbsp; Om ni i jaktlaget skjutit ett vilt d\u00e4r n\u00e5got verkar onormalt finns hj\u00e4lp att f\u00e5: &nbsp; Utbildad Viltunders\u00f6kare i Sk\u00f6vde: Torbj\u00f6rn Bergman 073-9498239, 0500-461001 Epost: stangesater@gmail.com Nedan en beskrivning av viltunders\u00f6karens uppgift. Viltunders\u00f6kning handlar om hygien vid hantering, regelverk, viltsjukdomar och hur man p\u00e5 djuret och olika organ kan se om n\u00e5got inte \u00e4r [&hellip;]<\/p>\n","protected":false},"author":91,"featured_media":0,"parent":0,"menu_order":7,"comment_status":"closed","ping_status":"closed","template":"","meta":{"footnotes":""},"class_list":["post-169","page","type-page","status-publish","hentry"],"_links":{"self":[{"href":"https:\/\/krets.jagareforbundet.se\/skovde\/wp-json\/wp\/v2\/pages\/169","targetHints":{"allow":["GET"]}}],"collection":[{"href":"https:\/\/krets.jagareforbundet.se\/skovde\/wp-json\/wp\/v2\/pages"}],"about":[{"href":"https:\/\/krets.jagareforbundet.se\/skovde\/wp-json\/wp\/v2\/types\/page"}],"author":[{"embeddable":true,"href":"https:\/\/krets.jagareforbundet.se\/skovde\/wp-json\/wp\/v2\/users\/91"}],"replies":[{"embeddable":true,"href":"https:\/\/krets.jagareforbundet.se\/skovde\/wp-json\/wp\/v2\/comments?post=169"}],"version-history":[{"count":0,"href":"https:\/\/krets.jagareforbundet.se\/skovde\/wp-json\/wp\/v2\/pages\/169\/revisions"}],"wp:attachment":[{"href":"https:\/\/krets.jagareforbundet.se\/skovde\/wp-json\/wp\/v2\/media?parent=169"}],"curies":[{"name":"wp","href":"https:\/\/api.w.org\/{rel}","templated":true}]}}