{"id":155,"date":"2017-06-13T17:02:21","date_gmt":"2017-06-13T15:02:21","guid":{"rendered":"https:\/\/krets.jagareforbundet.se\/soderslatt\/?page_id=155"},"modified":"2017-06-13T17:02:21","modified_gmt":"2017-06-13T15:02:21","slug":"stadgar-soderlatts-jaktvardskrets","status":"publish","type":"page","link":"https:\/\/krets.jagareforbundet.se\/soderslatt\/stadgar-soderlatts-jaktvardskrets\/","title":{"rendered":"Stadgar S\u00f6derl\u00e4tts Jaktv\u00e5rdskrets"},"content":{"rendered":"<p><a href=\"https:\/\/krets.jagareforbundet.se\/soderslatt\/files\/2011\/09\/stadgar_f_r_j_garf_rbundet_s_dersl_ttskretsen_20130212_a.pdf\">stadgar_f_r_j_garf_rbundet_s_dersl_ttskretsen_20130212_a<\/a><\/p>\n","protected":false},"excerpt":{"rendered":"<p>stadgar_f_r_j_garf_rbundet_s_dersl_ttskretsen_20130212_a<\/p>\n","protected":false},"author":267,"featured_media":0,"parent":0,"menu_order":0,"comment_status":"closed","ping_status":"closed","template":"","meta":{"footnotes":""},"class_list":["post-155","page","type-page","status-publish","hentry"],"_links":{"self":[{"href":"https:\/\/krets.jagareforbundet.se\/soderslatt\/wp-json\/wp\/v2\/pages\/155","targetHints":{"allow":["GET"]}}],"collection":[{"href":"https:\/\/krets.jagareforbundet.se\/soderslatt\/wp-json\/wp\/v2\/pages"}],"about":[{"href":"https:\/\/krets.jagareforbundet.se\/soderslatt\/wp-json\/wp\/v2\/types\/page"}],"author":[{"embeddable":true,"href":"https:\/\/krets.jagareforbundet.se\/soderslatt\/wp-json\/wp\/v2\/users\/267"}],"replies":[{"embeddable":true,"href":"https:\/\/krets.jagareforbundet.se\/soderslatt\/wp-json\/wp\/v2\/comments?post=155"}],"version-history":[{"count":0,"href":"https:\/\/krets.jagareforbundet.se\/soderslatt\/wp-json\/wp\/v2\/pages\/155\/revisions"}],"wp:attachment":[{"href":"https:\/\/krets.jagareforbundet.se\/soderslatt\/wp-json\/wp\/v2\/media?parent=155"}],"curies":[{"name":"wp","href":"https:\/\/api.w.org\/{rel}","templated":true}]}}