{"id":2,"date":"2011-09-07T09:28:43","date_gmt":"2011-09-07T09:28:43","guid":{"rendered":"https:\/\/krets.jagareforbundet.se\/template\/?page_id=2"},"modified":"2018-02-21T19:51:10","modified_gmt":"2018-02-21T18:51:10","slug":"exempelsida","status":"publish","type":"page","link":"https:\/\/krets.jagareforbundet.se\/sotenas\/","title":{"rendered":""},"content":{"rendered":"<h3><\/h3>\n<h3><\/h3>\n<h3><\/h3>\n<h3>Vi \u00e4r en liten krets som ligger p\u00e5 v\u00e4stkusten, alldeles ute vid havet i det fina Bohusl\u00e4n. P\u00e5 dessa sidor t\u00e4nker vi f\u00f6rs\u00f6ka beskriva lite om v\u00e5r verksamhet h\u00e4r ute i kustbandet. Om ni har n\u00e5gra fr\u00e5gor eller synpunkter s\u00e5 kontakta oss g\u00e4rna.<\/h3>\n","protected":false},"excerpt":{"rendered":"<p>Vi \u00e4r en liten krets som ligger p\u00e5 v\u00e4stkusten, alldeles ute vid havet i det fina Bohusl\u00e4n. P\u00e5 dessa sidor t\u00e4nker vi f\u00f6rs\u00f6ka beskriva lite om v\u00e5r verksamhet h\u00e4r ute i kustbandet. Om ni har n\u00e5gra fr\u00e5gor eller synpunkter s\u00e5 kontakta oss g\u00e4rna.<\/p>\n","protected":false},"author":3,"featured_media":254,"parent":0,"menu_order":0,"comment_status":"open","ping_status":"open","template":"","meta":{"footnotes":""},"class_list":["post-2","page","type-page","status-publish","has-post-thumbnail","hentry"],"_links":{"self":[{"href":"https:\/\/krets.jagareforbundet.se\/sotenas\/wp-json\/wp\/v2\/pages\/2","targetHints":{"allow":["GET"]}}],"collection":[{"href":"https:\/\/krets.jagareforbundet.se\/sotenas\/wp-json\/wp\/v2\/pages"}],"about":[{"href":"https:\/\/krets.jagareforbundet.se\/sotenas\/wp-json\/wp\/v2\/types\/page"}],"author":[{"embeddable":true,"href":"https:\/\/krets.jagareforbundet.se\/sotenas\/wp-json\/wp\/v2\/users\/3"}],"replies":[{"embeddable":true,"href":"https:\/\/krets.jagareforbundet.se\/sotenas\/wp-json\/wp\/v2\/comments?post=2"}],"version-history":[{"count":1,"href":"https:\/\/krets.jagareforbundet.se\/sotenas\/wp-json\/wp\/v2\/pages\/2\/revisions"}],"predecessor-version":[{"id":253,"href":"https:\/\/krets.jagareforbundet.se\/sotenas\/wp-json\/wp\/v2\/pages\/2\/revisions\/253"}],"wp:featuredmedia":[{"embeddable":true,"href":"https:\/\/krets.jagareforbundet.se\/sotenas\/wp-json\/wp\/v2\/media\/254"}],"wp:attachment":[{"href":"https:\/\/krets.jagareforbundet.se\/sotenas\/wp-json\/wp\/v2\/media?parent=2"}],"curies":[{"name":"wp","href":"https:\/\/api.w.org\/{rel}","templated":true}]}}