{"id":209,"date":"2017-11-15T13:48:07","date_gmt":"2017-11-15T12:48:07","guid":{"rendered":"https:\/\/krets.jagareforbundet.se\/sotenas\/?page_id=209"},"modified":"2025-02-25T23:54:07","modified_gmt":"2025-02-25T22:54:07","slug":"ungdom","status":"publish","type":"page","link":"https:\/\/krets.jagareforbundet.se\/sotenas\/ungdom\/","title":{"rendered":"Soten\u00e4s ungdomssektion"},"content":{"rendered":"<p><strong><span style=\"text-decoration: underline\">Ungdomsverksamheten:<\/span><\/strong><\/p>\n<p>Vi f\u00f6rs\u00f6ker anordna 1-2 jakter om \u00e5ret f\u00f6r ungdomar.<\/p>\n<p>H\u00e5ll koll p\u00e5 Ungdomssektionens Facebook sida f\u00f6r kommande jakter och evenemang.\u00a0<a href=\"https:\/\/www.facebook.com\/sotenasungdomssektion\/\">https:\/\/www.facebook.com\/sotenasungdomssektion\/<\/a><\/p>\n<p>&nbsp;<\/p>\n<div data-show-posts=\"true\" class=\"fb-page\" data-href=\"https:\/\/www.facebook.com\/sotenasungdomssektion\/\" data-width=\"500\" data-height=\"500\" data-small-header=\"false\" data-adapt-container-width=\"true\" data-hide-cover=\"false\" data-show-facepile=\"false\">\n<blockquote class=\"fb-xfbml-parse-ignore\" cite=\"https:\/\/www.facebook.com\/sotenasungdomssektion\/\"><p><a href=\"https:\/\/www.facebook.com\/sotenasungdomssektion\/\">Soten\u00e4s Ungdomssektion<\/a><\/p><\/blockquote>\n<\/div>\n<p>&nbsp;<\/p>\n<p>Vid intresse ring de ansvariga f\u00f6r att s\u00e4kra en plats till n\u00e4sta jakt under 2025<\/p>\n<p>&nbsp;<\/p>\n<p>Ungdomsansvariga<\/p>\n<p>Jesper Johansson:\u00a0 0701 90 14 82<\/p>\n<p>Albin Karlsson:\u00a0 0706 40 98 74<\/p>\n<p>Marcus Markenberg 0768 13 33 71<\/p>\n<p>&nbsp;<\/p>\n","protected":false},"excerpt":{"rendered":"<p>Ungdomsverksamheten: Vi f\u00f6rs\u00f6ker anordna 1-2 jakter om \u00e5ret f\u00f6r ungdomar. H\u00e5ll koll p\u00e5 Ungdomssektionens Facebook sida f\u00f6r kommande jakter och evenemang.\u00a0https:\/\/www.facebook.com\/sotenasungdomssektion\/ &nbsp; Soten\u00e4s Ungdomssektion &nbsp; Vid intresse ring de ansvariga f\u00f6r att s\u00e4kra en plats till n\u00e4sta jakt under 2025 &nbsp; Ungdomsansvariga Jesper Johansson:\u00a0 0701 90 14 82 Albin Karlsson:\u00a0 0706 40 98 74 Marcus [&hellip;]<\/p>\n","protected":false},"author":213,"featured_media":237,"parent":0,"menu_order":4,"comment_status":"open","ping_status":"closed","template":"","meta":{"footnotes":""},"class_list":["post-209","page","type-page","status-publish","has-post-thumbnail","hentry"],"_links":{"self":[{"href":"https:\/\/krets.jagareforbundet.se\/sotenas\/wp-json\/wp\/v2\/pages\/209","targetHints":{"allow":["GET"]}}],"collection":[{"href":"https:\/\/krets.jagareforbundet.se\/sotenas\/wp-json\/wp\/v2\/pages"}],"about":[{"href":"https:\/\/krets.jagareforbundet.se\/sotenas\/wp-json\/wp\/v2\/types\/page"}],"author":[{"embeddable":true,"href":"https:\/\/krets.jagareforbundet.se\/sotenas\/wp-json\/wp\/v2\/users\/213"}],"replies":[{"embeddable":true,"href":"https:\/\/krets.jagareforbundet.se\/sotenas\/wp-json\/wp\/v2\/comments?post=209"}],"version-history":[{"count":3,"href":"https:\/\/krets.jagareforbundet.se\/sotenas\/wp-json\/wp\/v2\/pages\/209\/revisions"}],"predecessor-version":[{"id":456,"href":"https:\/\/krets.jagareforbundet.se\/sotenas\/wp-json\/wp\/v2\/pages\/209\/revisions\/456"}],"wp:featuredmedia":[{"embeddable":true,"href":"https:\/\/krets.jagareforbundet.se\/sotenas\/wp-json\/wp\/v2\/media\/237"}],"wp:attachment":[{"href":"https:\/\/krets.jagareforbundet.se\/sotenas\/wp-json\/wp\/v2\/media?parent=209"}],"curies":[{"name":"wp","href":"https:\/\/api.w.org\/{rel}","templated":true}]}}