{"id":226,"date":"2014-11-06T17:46:05","date_gmt":"2014-11-06T16:46:05","guid":{"rendered":"https:\/\/krets.jagareforbundet.se\/stockholmscentrala\/?page_id=226"},"modified":"2015-01-31T00:39:51","modified_gmt":"2015-01-30T23:39:51","slug":"ungdomsjakt-pa-galo-den-2610","status":"publish","type":"page","link":"https:\/\/krets.jagareforbundet.se\/stockholmscentrala\/ungdomsjakt-pa-galo\/ungdomsjakt-pa-galo-den-2610\/","title":{"rendered":"Information om ungdomsjakt"},"content":{"rendered":"<p align=\"center\">Alla jakter och aktiviteter finner du i v\u00e4nsterspalten under rubriken evenemang.<\/p>\n<p align=\"center\">Till gruppen ungdom r\u00e4knar vi \u00e5ldrarna\u00a013-25 \u00e5r. ( Vissa aktiviteter \u00e4r \u00e4ven f\u00f6r yngre intresserade och en del f\u00f6r nyb\u00f6rjare i det \u00f6vre \u00e5ldersspannet.<\/p>\n<p align=\"center\">N\u00e4r ni anm\u00e4ler er till ungdomsaktiviteter \u00e4r det bra om ni kan bifoga uppgifter enligt nedan:<\/p>\n<p>Namn:\u00a0\u00a0\u00a0\u00a0\u00a0\u00a0\u00a0\u00a0\u00a0\u00a0\u00a0\u00a0\u00a0\u00a0\u00a0\u00a0\u00a0\u00a0\u00a0\u00a0\u00a0\u00a0\u00a0\u00a0\u00a0\u00a0\u00a0\u00a0\u00a0\u00a0\u00a0 F\u00f6delse\u00e5r :\u00a0\u00a0\u00a0\u00a0\u00a0\u00a0\u00a0\u00a0\u00a0\u00a0\u00a0\u00a0\u00a0\u00a0\u00a0\u00a0\u00a0\u00a0\u00a0\u00a0\u00a0\u00a0\u00a0\u00a0\u00a0\u00a0\u00a0\u00a0\u00a0 Tel nr:<\/p>\n<p>Har j\u00e4garexamen:\u00a0 Ja\u00a0\u00a0\u00a0\u00a0\u00a0 Nej\u00a0\u00a0\u00a0\u00a0\u00a0\u00a0\u00a0 Har\u00a0 skjutit f\u00f6rr:\u00a0\u00a0\u00a0\u00a0 Ja\u00a0\u00a0\u00a0\u00a0\u00a0 Nej<\/p>\n<p>Har eget vapen:\u00a0\u00a0\u00a0\u00a0\u00a0\u00a0\u00a0\u00a0\u00a0 \u00a0\u00a0\u00a0\u00a0\u00a0\u00a0\u00a0\u00a0\u00a0\u00a0\u00a0\u00a0\u00a0\u00a0\u00a0\u00a0\u00a0\u00a0\u00a0\u00a0Beh\u00f6ver l\u00e5na vapen:<\/p>\n<p>Har egen fadder tex. F\u00f6r\u00e4lder\u00a0 \u00a0\u00a0\u00a0\u00a0Beh\u00f6ver en Fadder<\/p>\n<p>&nbsp;<\/p>\n","protected":false},"excerpt":{"rendered":"<p>Alla jakter och aktiviteter finner du i v\u00e4nsterspalten under rubriken evenemang. Till gruppen ungdom r\u00e4knar vi \u00e5ldrarna\u00a013-25 \u00e5r. ( Vissa aktiviteter \u00e4r \u00e4ven f\u00f6r yngre intresserade och en del f\u00f6r nyb\u00f6rjare i det \u00f6vre \u00e5ldersspannet. N\u00e4r ni anm\u00e4ler er till ungdomsaktiviteter \u00e4r det bra om ni kan bifoga uppgifter enligt nedan: Namn:\u00a0\u00a0\u00a0\u00a0\u00a0\u00a0\u00a0\u00a0\u00a0\u00a0\u00a0\u00a0\u00a0\u00a0\u00a0\u00a0\u00a0\u00a0\u00a0\u00a0\u00a0\u00a0\u00a0\u00a0\u00a0\u00a0\u00a0\u00a0\u00a0\u00a0\u00a0 F\u00f6delse\u00e5r :\u00a0\u00a0\u00a0\u00a0\u00a0\u00a0\u00a0\u00a0\u00a0\u00a0\u00a0\u00a0\u00a0\u00a0\u00a0\u00a0\u00a0\u00a0\u00a0\u00a0\u00a0\u00a0\u00a0\u00a0\u00a0\u00a0\u00a0\u00a0\u00a0 Tel [&hellip;]<\/p>\n","protected":false},"author":129,"featured_media":0,"parent":139,"menu_order":0,"comment_status":"open","ping_status":"open","template":"","meta":{"footnotes":""},"class_list":["post-226","page","type-page","status-publish","hentry"],"_links":{"self":[{"href":"https:\/\/krets.jagareforbundet.se\/stockholmscentrala\/wp-json\/wp\/v2\/pages\/226","targetHints":{"allow":["GET"]}}],"collection":[{"href":"https:\/\/krets.jagareforbundet.se\/stockholmscentrala\/wp-json\/wp\/v2\/pages"}],"about":[{"href":"https:\/\/krets.jagareforbundet.se\/stockholmscentrala\/wp-json\/wp\/v2\/types\/page"}],"author":[{"embeddable":true,"href":"https:\/\/krets.jagareforbundet.se\/stockholmscentrala\/wp-json\/wp\/v2\/users\/129"}],"replies":[{"embeddable":true,"href":"https:\/\/krets.jagareforbundet.se\/stockholmscentrala\/wp-json\/wp\/v2\/comments?post=226"}],"version-history":[{"count":0,"href":"https:\/\/krets.jagareforbundet.se\/stockholmscentrala\/wp-json\/wp\/v2\/pages\/226\/revisions"}],"up":[{"embeddable":true,"href":"https:\/\/krets.jagareforbundet.se\/stockholmscentrala\/wp-json\/wp\/v2\/pages\/139"}],"wp:attachment":[{"href":"https:\/\/krets.jagareforbundet.se\/stockholmscentrala\/wp-json\/wp\/v2\/media?parent=226"}],"curies":[{"name":"wp","href":"https:\/\/api.w.org\/{rel}","templated":true}]}}