{"id":924,"date":"2025-02-19T17:25:49","date_gmt":"2025-02-19T16:25:49","guid":{"rendered":"https:\/\/krets.jagareforbundet.se\/stockholmscentrala\/?page_id=924"},"modified":"2025-04-19T16:24:45","modified_gmt":"2025-04-19T14:24:45","slug":"4-verksamhetsberattelse-2025","status":"publish","type":"page","link":"https:\/\/krets.jagareforbundet.se\/stockholmscentrala\/4-verksamhetsberattelse-2025\/","title":{"rendered":"Verksamhetsber\u00e4ttelse 2024"},"content":{"rendered":"<h3>V\u00e5r verksamhetsber\u00e4ttelse f\u00f6r 2024<\/h3>\n<p>H\u00e4r hittar du kretsens verksamhetsber\u00e4ttelse f\u00f6r 2024, Styrelsen har under verksamhets\u00e5ret haft 2 protokollf\u00f6rda m\u00f6ten. \u00c5rsm\u00f6te h\u00f6lls 12 februari p\u00e5 Parmm\u00e4targatan 3, Stockholm. P\u00e5 L\u00e4nsf\u00f6rbundets \u00e5rsst\u00e4mma 9 april var \u00e5tta av styrelsemedlemmarna, tv\u00e5 medlemmar fr\u00e5n valberedningen samt ytterligare sju medlemmar anm\u00e4lda som ombud f\u00f6r Stockholm Centrala. Under 2024 har aktiviteterna fr\u00e4mst best\u00e5tt av jakter, styrelsen har tyv\u00e4rr haft sv\u00e5rt att f\u00e5 till \u00f6vriga aktiviteter. Det nya medlemsregistret har kommit i g\u00e5ng under h\u00f6sten 2024 och<br \/>\ngenom det b\u00f6r det bli l\u00e4ttare att n\u00e5 ut till v\u00e5ra medlemmar via e-post. Kansliet p\u00e5 J\u00e4garf\u00f6rbundet Stockholm l\u00e4n i M\u00e4rsta \u00e4r nu behj\u00e4lpliga med utskick. Jaktg\u00e5rdarna p\u00e5 Bogesund och G\u00e5l\u00f6 som drivs i l\u00e4nets regi arrangerar b\u00e5de kurser och jakter. Genom att nyttja de kanaler som nu finns via medlemsregistret kommer Scjvk l\u00e4ttare att kunna erbjuda medlemmar det utbudet. L\u00e4s mer i dokumentet nedan.<\/p>\n<p><a href=\"https:\/\/krets.jagareforbundet.se\/stockholmscentrala\/files\/2025\/04\/Verksamhetsberattelse-2024-Stockholms-Centrala-Jaktvardskrets.pdf\">Verksamhetsberattelse 2024 Stockholms Centrala Jaktv\u00e5rdskrets<\/a><\/p>\n","protected":false},"excerpt":{"rendered":"<p>V\u00e5r verksamhetsber\u00e4ttelse f\u00f6r 2024 H\u00e4r hittar du kretsens verksamhetsber\u00e4ttelse f\u00f6r 2024, Styrelsen har under verksamhets\u00e5ret haft 2 protokollf\u00f6rda m\u00f6ten. \u00c5rsm\u00f6te h\u00f6lls 12 februari p\u00e5 Parmm\u00e4targatan 3, Stockholm. P\u00e5 L\u00e4nsf\u00f6rbundets \u00e5rsst\u00e4mma 9 april var \u00e5tta av styrelsemedlemmarna, tv\u00e5 medlemmar fr\u00e5n valberedningen samt ytterligare sju medlemmar anm\u00e4lda som ombud f\u00f6r Stockholm Centrala. Under 2024 har aktiviteterna fr\u00e4mst [&hellip;]<\/p>\n","protected":false},"author":129,"featured_media":0,"parent":0,"menu_order":0,"comment_status":"closed","ping_status":"closed","template":"","meta":{"footnotes":""},"class_list":["post-924","page","type-page","status-publish","hentry"],"_links":{"self":[{"href":"https:\/\/krets.jagareforbundet.se\/stockholmscentrala\/wp-json\/wp\/v2\/pages\/924","targetHints":{"allow":["GET"]}}],"collection":[{"href":"https:\/\/krets.jagareforbundet.se\/stockholmscentrala\/wp-json\/wp\/v2\/pages"}],"about":[{"href":"https:\/\/krets.jagareforbundet.se\/stockholmscentrala\/wp-json\/wp\/v2\/types\/page"}],"author":[{"embeddable":true,"href":"https:\/\/krets.jagareforbundet.se\/stockholmscentrala\/wp-json\/wp\/v2\/users\/129"}],"replies":[{"embeddable":true,"href":"https:\/\/krets.jagareforbundet.se\/stockholmscentrala\/wp-json\/wp\/v2\/comments?post=924"}],"version-history":[{"count":3,"href":"https:\/\/krets.jagareforbundet.se\/stockholmscentrala\/wp-json\/wp\/v2\/pages\/924\/revisions"}],"predecessor-version":[{"id":991,"href":"https:\/\/krets.jagareforbundet.se\/stockholmscentrala\/wp-json\/wp\/v2\/pages\/924\/revisions\/991"}],"wp:attachment":[{"href":"https:\/\/krets.jagareforbundet.se\/stockholmscentrala\/wp-json\/wp\/v2\/media?parent=924"}],"curies":[{"name":"wp","href":"https:\/\/api.w.org\/{rel}","templated":true}]}}