{"id":171,"date":"2014-09-29T21:38:00","date_gmt":"2014-09-29T19:38:00","guid":{"rendered":"https:\/\/krets.jagareforbundet.se\/sydvastra_blekinge\/?page_id=171"},"modified":"2015-03-03T21:50:29","modified_gmt":"2015-03-03T20:50:29","slug":"forsta-hjalpen-hund-2","status":"publish","type":"page","link":"https:\/\/krets.jagareforbundet.se\/sydvastra_blekinge\/arkiv\/forsta-hjalpen-hund-2\/","title":{"rendered":"F\u00f6rsta hj\u00e4lpen hund"},"content":{"rendered":"<p><a href=\"https:\/\/krets.jagareforbundet.se\/sydvastra_blekinge\/files\/2014\/09\/tax1.jpg\"><img loading=\"lazy\" decoding=\"async\" class=\"alignnone size-medium wp-image-153\" src=\"https:\/\/krets.jagareforbundet.se\/sydvastra_blekinge\/files\/2014\/09\/tax1-300x225.jpg\" alt=\"tax\" width=\"300\" height=\"225\" srcset=\"https:\/\/krets.jagareforbundet.se\/sydvastra_blekinge\/files\/2014\/09\/tax1-300x225.jpg 300w, https:\/\/krets.jagareforbundet.se\/sydvastra_blekinge\/files\/2014\/09\/tax1-1024x768.jpg 1024w, https:\/\/krets.jagareforbundet.se\/sydvastra_blekinge\/files\/2014\/09\/tax1.jpg 2048w\" sizes=\"auto, (max-width: 300px) 100vw, 300px\" \/><\/a><\/p>\n<p>&nbsp;<\/p>\n<p><strong><em>J\u00e4garef\u00f6rbundet Blekinge SV och Jaktia i Sv\u00e4ngsta inbjuder till<\/em><\/strong><\/p>\n<p><strong><em>F\u00f6rsta hj\u00e4lpen f\u00f6r din hund<\/em><\/strong><strong><em>\u00a0<\/em><\/strong><strong><em>och annat som kan vara av intresse f\u00f6r hund\u00e4garen.<\/em><\/strong><\/p>\n<p><strong><em>Torsdagen den 2 oktober hos Jaktia i Sv\u00e4ngsta.<\/em><\/strong><\/p>\n<p><strong><em>F\u00f6redrag av veterin\u00e4r Lars Lannek, kl 19.00<\/em><\/strong><\/p>\n<p><strong><em>Jaktiabutiken har p\u00e5 eftermiddagen lite aktiviteter med inriktning hund.<\/em><\/strong><\/p>\n<p><strong><em> N\u00e5gra leverant\u00f6r \u00e4r p\u00e5 plats.<\/em><\/strong><\/p>\n<p><strong><em> Butiken \u00e4r \u00f6ppen hela kv\u00e4llen. <\/em><\/strong><\/p>\n<p><strong><em>Montrar f\u00f6r J\u00e4garef\u00f6rbundet och M\u00f6rrums JSK, som b\u00e5da informerar om sina verksamheter i regionen<\/em><\/strong><\/p>\n<p><strong><em>J\u00e4garf\u00f6rbundet bjuder p\u00e5 kaffe.<\/em><\/strong><\/p>\n<p><strong><em> Fri entr\u00e9.<\/em><\/strong><\/p>\n<p><strong><em>V\u00e4lkomna<\/em><\/strong><\/p>\n","protected":false},"excerpt":{"rendered":"<p>&nbsp; J\u00e4garef\u00f6rbundet Blekinge SV och Jaktia i Sv\u00e4ngsta inbjuder till F\u00f6rsta hj\u00e4lpen f\u00f6r din hund\u00a0och annat som kan vara av intresse f\u00f6r hund\u00e4garen. Torsdagen den 2 oktober hos Jaktia i Sv\u00e4ngsta. F\u00f6redrag av veterin\u00e4r Lars Lannek, kl 19.00 Jaktiabutiken har p\u00e5 eftermiddagen lite aktiviteter med inriktning hund. N\u00e5gra leverant\u00f6r \u00e4r p\u00e5 plats. Butiken \u00e4r \u00f6ppen [&hellip;]<\/p>\n","protected":false},"author":206,"featured_media":0,"parent":41,"menu_order":0,"comment_status":"open","ping_status":"open","template":"","meta":{"jetpack_post_was_ever_published":false,"footnotes":""},"class_list":["post-171","page","type-page","status-publish","hentry"],"_links":{"self":[{"href":"https:\/\/krets.jagareforbundet.se\/sydvastra_blekinge\/wp-json\/wp\/v2\/pages\/171","targetHints":{"allow":["GET"]}}],"collection":[{"href":"https:\/\/krets.jagareforbundet.se\/sydvastra_blekinge\/wp-json\/wp\/v2\/pages"}],"about":[{"href":"https:\/\/krets.jagareforbundet.se\/sydvastra_blekinge\/wp-json\/wp\/v2\/types\/page"}],"author":[{"embeddable":true,"href":"https:\/\/krets.jagareforbundet.se\/sydvastra_blekinge\/wp-json\/wp\/v2\/users\/206"}],"replies":[{"embeddable":true,"href":"https:\/\/krets.jagareforbundet.se\/sydvastra_blekinge\/wp-json\/wp\/v2\/comments?post=171"}],"version-history":[{"count":0,"href":"https:\/\/krets.jagareforbundet.se\/sydvastra_blekinge\/wp-json\/wp\/v2\/pages\/171\/revisions"}],"up":[{"embeddable":true,"href":"https:\/\/krets.jagareforbundet.se\/sydvastra_blekinge\/wp-json\/wp\/v2\/pages\/41"}],"wp:attachment":[{"href":"https:\/\/krets.jagareforbundet.se\/sydvastra_blekinge\/wp-json\/wp\/v2\/media?parent=171"}],"curies":[{"name":"wp","href":"https:\/\/api.w.org\/{rel}","templated":true}]}}

Första hjälpen hund

<p><a href="https://krets.jagareforbundet.se/sydvastra_blekinge/files/2014/09/tax1.jpg"><img loading="lazy" decoding="async" class="alignnone size-medium wp-image-153" src="https://krets.jagareforbundet.se/sydvastra_blekinge/files/2014/09/tax1-300x225.jpg" alt="tax" width="300" height="225" srcset="https://krets.jagareforbundet.se/sydvastra_blekinge/files/2014/09/tax1-300x225.jpg 300w, https://krets.jagareforbundet.se/sydvastra_blekinge/files/2014/09/tax1-1024x768.jpg 1024w, https://krets.jagareforbundet.se/sydvastra_blekinge/files/2014/09/tax1.jpg 2048w" sizes="auto, (max-width: 300px) 100vw, 300px" /></a></p>
<p>&nbsp;</p>
<p><strong><em>Jägareförbundet Blekinge SV och Jaktia i Svängsta inbjuder till</em></strong></p>
<p><strong><em>Första hjälpen för din hund</em></strong><strong><em> </em></strong><strong><em>och annat som kan vara av intresse för hundägaren.</em></strong></p>
<p><strong><em>Torsdagen den 2 oktober hos Jaktia i Svängsta.</em></strong></p>
<p><strong><em>Föredrag av veterinär Lars Lannek, kl 19.00</em></strong></p>
<p><strong><em>Jaktiabutiken har på eftermiddagen lite aktiviteter med inriktning hund.</em></strong></p>
<p><strong><em> Några leverantör är på plats.</em></strong></p>
<p><strong><em> Butiken är öppen hela kvällen. </em></strong></p>
<p><strong><em>Montrar för Jägareförbundet och Mörrums JSK, som båda informerar om sina verksamheter i regionen</em></strong></p>
<p><strong><em>Jägarförbundet bjuder på kaffe.</em></strong></p>
<p><strong><em> Fri entré.</em></strong></p>
<p><strong><em>Välkomna</em></strong></p>

<p>&nbsp; Jägareförbundet Blekinge SV och Jaktia i Svängsta inbjuder till Första hjälpen för din hund och annat som kan vara av intresse för hundägaren. Torsdagen den 2 oktober hos Jaktia i Svängsta. Föredrag av veterinär Lars Lannek, kl 19.00 Jaktiabutiken har på eftermiddagen lite aktiviteter med inriktning hund. Några leverantör är på plats. Butiken är öppen [&hellip;]</p>
