{"id":163,"date":"2020-07-03T13:10:34","date_gmt":"2020-07-03T11:10:34","guid":{"rendered":"https:\/\/krets.jagareforbundet.se\/tierp-tolfta-soderfors\/?page_id=163"},"modified":"2026-03-15T14:28:51","modified_gmt":"2026-03-15T13:28:51","slug":"skjutprogram","status":"publish","type":"page","link":"https:\/\/krets.jagareforbundet.se\/tierp-tolfta-soderfors\/skjutprogram\/","title":{"rendered":"Skjutprogram"},"content":{"rendered":"<p><a href=\"https:\/\/krets.jagareforbundet.se\/tierp-tolfta-soderfors\/files\/2026\/03\/Skjutprogram-algbana-2026.png\"><img loading=\"lazy\" decoding=\"async\" class=\"alignnone wp-image-1360 size-medium\" src=\"https:\/\/krets.jagareforbundet.se\/tierp-tolfta-soderfors\/files\/2026\/03\/Skjutprogram-algbana-2026-189x300.png\" alt=\"\" width=\"189\" height=\"300\" srcset=\"https:\/\/krets.jagareforbundet.se\/tierp-tolfta-soderfors\/files\/2026\/03\/Skjutprogram-algbana-2026-189x300.png 189w, https:\/\/krets.jagareforbundet.se\/tierp-tolfta-soderfors\/files\/2026\/03\/Skjutprogram-algbana-2026.png 432w\" sizes=\"auto, (max-width: 189px) 100vw, 189px\" \/><\/a><a href=\"https:\/\/krets.jagareforbundet.se\/tierp-tolfta-soderfors\/files\/2026\/03\/Screenshot_20260315_142620_Adobe-Acrobat.jpg\"><img loading=\"lazy\" decoding=\"async\" class=\"alignnone wp-image-1368 size-medium\" src=\"https:\/\/krets.jagareforbundet.se\/tierp-tolfta-soderfors\/files\/2026\/03\/Screenshot_20260315_142620_Adobe-Acrobat-222x300.jpg\" alt=\"\" width=\"222\" height=\"300\" srcset=\"https:\/\/krets.jagareforbundet.se\/tierp-tolfta-soderfors\/files\/2026\/03\/Screenshot_20260315_142620_Adobe-Acrobat-222x300.jpg 222w, https:\/\/krets.jagareforbundet.se\/tierp-tolfta-soderfors\/files\/2026\/03\/Screenshot_20260315_142620_Adobe-Acrobat-757x1024.jpg 757w, https:\/\/krets.jagareforbundet.se\/tierp-tolfta-soderfors\/files\/2026\/03\/Screenshot_20260315_142620_Adobe-Acrobat-768x1039.jpg 768w, https:\/\/krets.jagareforbundet.se\/tierp-tolfta-soderfors\/files\/2026\/03\/Screenshot_20260315_142620_Adobe-Acrobat.jpg 961w\" sizes=\"auto, (max-width: 222px) 100vw, 222px\" \/><\/a><\/p>\n<p><a href=\"https:\/\/krets.jagareforbundet.se\/tierp-tolfta-soderfors\/files\/2026\/03\/Skjutprogram-algbana-2026.pdf\">Skjutprogram \u00e4lgbana 2026<\/a><\/p>\n<p><a href=\"https:\/\/krets.jagareforbundet.se\/tierp-tolfta-soderfors\/files\/2026\/03\/Schema-trap-2026.pdf\">Schema trap 2026<\/a><\/p>\n<hr \/>\n<p><a href=\"https:\/\/krets.jagareforbundet.se\/tierp-tolfta-soderfors\/files\/2025\/03\/Skjutprogram-algbana-2025.pdf\">Skjutprogram \u00e4lgbana 2025<\/a>\u00a0 <a href=\"https:\/\/krets.jagareforbundet.se\/tierp-tolfta-soderfors\/mer\/km-algbana\/regler-for-km-algbana\/\">Regler f\u00f6r KM<\/a><\/p>\n<p><a href=\"https:\/\/krets.jagareforbundet.se\/tierp-tolfta-soderfors\/files\/2025\/05\/Skjutprogram-trapp-2025.pdf\">Skjutprogram trapp 2025<\/a> (Skjutprogram) <a href=\"https:\/\/krets.jagareforbundet.se\/tierp-tolfta-soderfors\/regler-for-km-trapp\/\">Regler f\u00f6r KM<\/a>\u00a0<span style=\"color: #ff0000\"><strong>OBS!<\/strong> Ingen allm\u00e4n skjutning p\u00e5 <strong>torsdagar p\u00e5 trappen<\/strong> pga. l\u00e5gt intresse.<\/span><\/p>\n<hr \/>\n<p><a href=\"https:\/\/krets.jagareforbundet.se\/tierp-tolfta-soderfors\/files\/2023\/02\/Skjutprogram-algbanan-2023.pdf\">Skjutprogram \u00e4lgbanan 2023<\/a><\/p>\n<p><a href=\"https:\/\/krets.jagareforbundet.se\/tierp-tolfta-soderfors\/files\/2023\/02\/Skjutprogram-trapp-2023.pdf\">Skjutprogram trapp 2023<\/a><\/p>\n<hr \/>\n<p><a href=\"https:\/\/krets.jagareforbundet.se\/tierp-tolfta-soderfors\/files\/2022\/05\/Skjutprogram-algbanan-2022.pdf\">Skjutprogram \u00e4lgbanan 2022<\/a><\/p>\n<p><a href=\"https:\/\/krets.jagareforbundet.se\/tierp-tolfta-soderfors\/files\/2022\/02\/Skjutprogram-trapp-2022.pdf\">Skjutprogram trapp 2022<\/a><\/p>\n<hr \/>\n<p><a href=\"https:\/\/krets.jagareforbundet.se\/tierp-tolfta-soderfors\/files\/2021\/05\/Skjutprogram-Algbanan-2021.pdf\">Skjutprogram \u00c4lgbanan 2021<\/a><\/p>\n<p><a href=\"https:\/\/krets.jagareforbundet.se\/tierp-tolfta-soderfors\/files\/2021\/04\/trapp_2021.pdf\">Skjutprogram trapp 2021<\/a><\/p>\n<hr \/>\n<p><a href=\"https:\/\/krets.jagareforbundet.se\/tierp-tolfta-soderfors\/files\/2020\/07\/Skjutprogram-\u00e4lgbana-2020.docx\">Skjutprogram \u00e4lgbana 2020<\/a><\/p>\n<p><a href=\"https:\/\/krets.jagareforbundet.se\/tierp-tolfta-soderfors\/files\/2020\/07\/Skjutprogram-trapbanan-2020.docx\">Skjutprogram trapbanan 2020<\/a><\/p>\n<p>&nbsp;<\/p>\n<div class=\"woo-fbshare left\"><div class=\"fb-share-button\" data-href=\"https:\/\/krets.jagareforbundet.se\/tierp-tolfta-soderfors\/mer\/skjutprogram\/\" data-width=\"100\" data-type=\"button\"><\/div><\/div>\n<h6 style=\"text-align: right\"><em>sidan uppdaterad: 2026-03-15<\/em><\/h6>\n","protected":false},"excerpt":{"rendered":"<p>Skjutprogram \u00e4lgbana 2026 Schema trap 2026 Skjutprogram \u00e4lgbana 2025\u00a0 Regler f\u00f6r KM Skjutprogram trapp 2025 (Skjutprogram) Regler f\u00f6r KM\u00a0OBS! Ingen allm\u00e4n skjutning p\u00e5 torsdagar p\u00e5 trappen pga. l\u00e5gt intresse. Skjutprogram \u00e4lgbanan 2023 Skjutprogram trapp 2023 Skjutprogram \u00e4lgbanan 2022 Skjutprogram trapp 2022 Skjutprogram \u00c4lgbanan 2021 Skjutprogram trapp 2021 Skjutprogram \u00e4lgbana 2020 Skjutprogram trapbanan 2020 &nbsp; sidan [&hellip;]<\/p>\n","protected":false},"author":295,"featured_media":0,"parent":0,"menu_order":0,"comment_status":"closed","ping_status":"closed","template":"","meta":{"footnotes":""},"class_list":["post-163","page","type-page","status-publish","hentry"],"_links":{"self":[{"href":"https:\/\/krets.jagareforbundet.se\/tierp-tolfta-soderfors\/wp-json\/wp\/v2\/pages\/163","targetHints":{"allow":["GET"]}}],"collection":[{"href":"https:\/\/krets.jagareforbundet.se\/tierp-tolfta-soderfors\/wp-json\/wp\/v2\/pages"}],"about":[{"href":"https:\/\/krets.jagareforbundet.se\/tierp-tolfta-soderfors\/wp-json\/wp\/v2\/types\/page"}],"author":[{"embeddable":true,"href":"https:\/\/krets.jagareforbundet.se\/tierp-tolfta-soderfors\/wp-json\/wp\/v2\/users\/295"}],"replies":[{"embeddable":true,"href":"https:\/\/krets.jagareforbundet.se\/tierp-tolfta-soderfors\/wp-json\/wp\/v2\/comments?post=163"}],"version-history":[{"count":3,"href":"https:\/\/krets.jagareforbundet.se\/tierp-tolfta-soderfors\/wp-json\/wp\/v2\/pages\/163\/revisions"}],"predecessor-version":[{"id":1369,"href":"https:\/\/krets.jagareforbundet.se\/tierp-tolfta-soderfors\/wp-json\/wp\/v2\/pages\/163\/revisions\/1369"}],"wp:attachment":[{"href":"https:\/\/krets.jagareforbundet.se\/tierp-tolfta-soderfors\/wp-json\/wp\/v2\/media?parent=163"}],"curies":[{"name":"wp","href":"https:\/\/api.w.org\/{rel}","templated":true}]}}