{"id":175,"date":"2020-07-03T13:20:13","date_gmt":"2020-07-03T11:20:13","guid":{"rendered":"https:\/\/krets.jagareforbundet.se\/tierp-tolfta-soderfors\/?page_id=175"},"modified":"2025-12-20T16:15:03","modified_gmt":"2025-12-20T15:15:03","slug":"utbildning","status":"publish","type":"page","link":"https:\/\/krets.jagareforbundet.se\/tierp-tolfta-soderfors\/mer\/utbildning\/","title":{"rendered":"Utbildning"},"content":{"rendered":"<div class=\"clearfix\">\n<div class=\"container-wide clearfix\">\n<div class=\"container\">\n<div class=\"content--columns\">\n<div class=\"content__main\">\n<div class=\"box\">\n<div class=\"box__heading\">\n<h3 class=\"box__title\"><\/h3>\n<\/div>\n<div class=\"box__content padding--full customContent link-color--underline\">\n<p><b>Vill du ta j\u00e4garexamen, <a href=\"https:\/\/krets.jagareforbundet.se\/tierp-tolfta-soderfors\/nyheter\/jagarskolan-start-7-januari\/\">klicka h\u00e4r<\/a><\/b><\/p>\n<\/div>\n<\/div>\n<\/div>\n<\/div>\n<\/div>\n<\/div>\n<\/div>\n<div>J\u00e4garskolan via studiefr\u00e4mjandet, <a href=\"https:\/\/www.studieframjandet.se\/uppsala-lan\/gustav-arrangemang\/kurser\/2025\/november\/jagarexamen-jagarskolan-komplett\/\">klicka h\u00e4r<\/a><\/div>\n<h4>Provledare<\/h4>\n<p><strong>Kontaktperson<br \/>\n<\/strong>Lars-Olof Larsson<br \/>\n070-6837062 \/ 029310257<br \/>\nlolarsson55@hotmail.com<\/p>\n<p><strong>\u00a0<\/strong><\/p>\n<div class=\"clearfix\">\n<div class=\"container-wide clearfix\">\n<div class=\"container\">\n<div class=\"content--columns\">\n<div class=\"content__main\">\n<div class=\"box\">\n<h6 class=\"box__content padding--full customContent link-color--underline\" style=\"text-align: right\"><em>Uppdaterad: 2025-12-20<\/em><\/h6>\n<\/div>\n<\/div>\n<\/div>\n<\/div>\n<\/div>\n<\/div>\n","protected":false},"excerpt":{"rendered":"<p>Vill du ta j\u00e4garexamen, klicka h\u00e4r J\u00e4garskolan via studiefr\u00e4mjandet, klicka h\u00e4r Provledare Kontaktperson Lars-Olof Larsson 070-6837062 \/ 029310257 lolarsson55@hotmail.com \u00a0 Uppdaterad: 2025-12-20<\/p>\n","protected":false},"author":295,"featured_media":0,"parent":149,"menu_order":0,"comment_status":"closed","ping_status":"closed","template":"","meta":{"footnotes":""},"class_list":["post-175","page","type-page","status-publish","hentry"],"_links":{"self":[{"href":"https:\/\/krets.jagareforbundet.se\/tierp-tolfta-soderfors\/wp-json\/wp\/v2\/pages\/175","targetHints":{"allow":["GET"]}}],"collection":[{"href":"https:\/\/krets.jagareforbundet.se\/tierp-tolfta-soderfors\/wp-json\/wp\/v2\/pages"}],"about":[{"href":"https:\/\/krets.jagareforbundet.se\/tierp-tolfta-soderfors\/wp-json\/wp\/v2\/types\/page"}],"author":[{"embeddable":true,"href":"https:\/\/krets.jagareforbundet.se\/tierp-tolfta-soderfors\/wp-json\/wp\/v2\/users\/295"}],"replies":[{"embeddable":true,"href":"https:\/\/krets.jagareforbundet.se\/tierp-tolfta-soderfors\/wp-json\/wp\/v2\/comments?post=175"}],"version-history":[{"count":3,"href":"https:\/\/krets.jagareforbundet.se\/tierp-tolfta-soderfors\/wp-json\/wp\/v2\/pages\/175\/revisions"}],"predecessor-version":[{"id":1347,"href":"https:\/\/krets.jagareforbundet.se\/tierp-tolfta-soderfors\/wp-json\/wp\/v2\/pages\/175\/revisions\/1347"}],"up":[{"embeddable":true,"href":"https:\/\/krets.jagareforbundet.se\/tierp-tolfta-soderfors\/wp-json\/wp\/v2\/pages\/149"}],"wp:attachment":[{"href":"https:\/\/krets.jagareforbundet.se\/tierp-tolfta-soderfors\/wp-json\/wp\/v2\/media?parent=175"}],"curies":[{"name":"wp","href":"https:\/\/api.w.org\/{rel}","templated":true}]}}