{"id":181,"date":"2020-07-03T13:26:16","date_gmt":"2020-07-03T11:26:16","guid":{"rendered":"https:\/\/krets.jagareforbundet.se\/tierp-tolfta-soderfors\/?page_id=181"},"modified":"2023-06-06T15:19:56","modified_gmt":"2023-06-06T13:19:56","slug":"km-viltspar","status":"publish","type":"page","link":"https:\/\/krets.jagareforbundet.se\/tierp-tolfta-soderfors\/mer\/km-viltspar\/","title":{"rendered":"KM-Viltsp\u00e5r"},"content":{"rendered":"<div class=\"clearfix\">\n<div class=\"container-wide clearfix\">\n<div class=\"container\">\n<div class=\"content--columns\">\n<div class=\"content__main\">\n<div class=\"box\">\n<div class=\"box__content padding--full customContent link-color--underline\"><b>KM-viltsp\u00e5r vinnare<\/b><\/div>\n<\/div>\n<\/div>\n<\/div>\n<div><\/div>\n<div class=\"content--columns\">\n<div class=\"content__main\">\n<div class=\"box\">\n<div class=\"box__content padding--full customContent link-color--underline\">\n<p>2023 Henrik Melin med Iris<\/p>\n<p>2022 Nora Stenstr\u00f6m med Darwin<\/p>\n<p>2021 Nora Stenstr\u00f6m med Britta<\/p>\n<p>2020 Peter Douhan med Amstel<\/p>\n<p>2019 Kari Riihim\u00e4ki med Deco<\/p>\n<p>2018 Kari Riihim\u00e4ki med Deco<\/p>\n<p>2012 &#8211; 2017 info kommer<\/p>\n<p>2011 Olle Stenstr\u00f6m med Dahlholmens Cajsa<\/p>\n<p>2010 Olle Stenstr\u00f6m med Hamlet<\/p>\n<\/div>\n<\/div>\n<\/div>\n<\/div>\n<\/div>\n<\/div>\n<\/div>\n","protected":false},"excerpt":{"rendered":"<p>KM-viltsp\u00e5r vinnare 2023 Henrik Melin med Iris 2022 Nora Stenstr\u00f6m med Darwin 2021 Nora Stenstr\u00f6m med Britta 2020 Peter Douhan med Amstel 2019 Kari Riihim\u00e4ki med Deco 2018 Kari Riihim\u00e4ki med Deco 2012 &#8211; 2017 info kommer 2011 Olle Stenstr\u00f6m med Dahlholmens Cajsa 2010 Olle Stenstr\u00f6m med Hamlet<\/p>\n","protected":false},"author":295,"featured_media":0,"parent":149,"menu_order":0,"comment_status":"closed","ping_status":"closed","template":"","meta":{"footnotes":""},"class_list":["post-181","page","type-page","status-publish","hentry"],"_links":{"self":[{"href":"https:\/\/krets.jagareforbundet.se\/tierp-tolfta-soderfors\/wp-json\/wp\/v2\/pages\/181","targetHints":{"allow":["GET"]}}],"collection":[{"href":"https:\/\/krets.jagareforbundet.se\/tierp-tolfta-soderfors\/wp-json\/wp\/v2\/pages"}],"about":[{"href":"https:\/\/krets.jagareforbundet.se\/tierp-tolfta-soderfors\/wp-json\/wp\/v2\/types\/page"}],"author":[{"embeddable":true,"href":"https:\/\/krets.jagareforbundet.se\/tierp-tolfta-soderfors\/wp-json\/wp\/v2\/users\/295"}],"replies":[{"embeddable":true,"href":"https:\/\/krets.jagareforbundet.se\/tierp-tolfta-soderfors\/wp-json\/wp\/v2\/comments?post=181"}],"version-history":[{"count":4,"href":"https:\/\/krets.jagareforbundet.se\/tierp-tolfta-soderfors\/wp-json\/wp\/v2\/pages\/181\/revisions"}],"predecessor-version":[{"id":1104,"href":"https:\/\/krets.jagareforbundet.se\/tierp-tolfta-soderfors\/wp-json\/wp\/v2\/pages\/181\/revisions\/1104"}],"up":[{"embeddable":true,"href":"https:\/\/krets.jagareforbundet.se\/tierp-tolfta-soderfors\/wp-json\/wp\/v2\/pages\/149"}],"wp:attachment":[{"href":"https:\/\/krets.jagareforbundet.se\/tierp-tolfta-soderfors\/wp-json\/wp\/v2\/media?parent=181"}],"curies":[{"name":"wp","href":"https:\/\/api.w.org\/{rel}","templated":true}]}}