{"id":252,"date":"2020-07-07T14:30:06","date_gmt":"2020-07-07T12:30:06","guid":{"rendered":"https:\/\/krets.jagareforbundet.se\/tierp-tolfta-soderfors\/?page_id=252"},"modified":"2021-06-10T13:24:21","modified_gmt":"2021-06-10T11:24:21","slug":"viltdata","status":"publish","type":"page","link":"https:\/\/krets.jagareforbundet.se\/tierp-tolfta-soderfors\/mer\/viltdata\/","title":{"rendered":"Viltdata"},"content":{"rendered":"<p>Svenska J\u00e4garef\u00f6rbundet har sammanst\u00e4llt avskjutningsstatistik sedan 1939. J\u00e4gark\u00e5rens rapportering g\u00f6r det m\u00f6jligt att f\u00f6lja viltstammarnas tillst\u00e5nd och utveckling, den \u00e4r ett viktigt underlag i den lokala och regionala viltf\u00f6rvaltningen. Inrapporterade uppgifter f\u00f6r enskilda omr\u00e5den s\u00e4rredovisas inte \u2013 de utg\u00f6r endast underlag f\u00f6r skattning av avskjutningen och en ber\u00e4kning av viltstammarnas utveckling p\u00e5 jaktv\u00e5rdskrets- och l\u00e4nsniv\u00e5. P\u00e5<a href=\"http:\/\/www.viltdata.se\/\" target=\"_blank\" rel=\"noopener noreferrer\"> www.viltdata.se <\/a>finns all avskjutningsstatistik samlad d\u00e4r intresserade kan se och h\u00e4mta \u00f6nskade uppgifter.<\/p>\n","protected":false},"excerpt":{"rendered":"<p>Svenska J\u00e4garef\u00f6rbundet har sammanst\u00e4llt avskjutningsstatistik sedan 1939. J\u00e4gark\u00e5rens rapportering g\u00f6r det m\u00f6jligt att f\u00f6lja viltstammarnas tillst\u00e5nd och utveckling, den \u00e4r ett viktigt underlag i den lokala och regionala viltf\u00f6rvaltningen. Inrapporterade uppgifter f\u00f6r enskilda omr\u00e5den s\u00e4rredovisas inte \u2013 de utg\u00f6r endast underlag f\u00f6r skattning av avskjutningen och en ber\u00e4kning av viltstammarnas utveckling p\u00e5 jaktv\u00e5rdskrets- och l\u00e4nsniv\u00e5. [&hellip;]<\/p>\n","protected":false},"author":295,"featured_media":0,"parent":149,"menu_order":0,"comment_status":"closed","ping_status":"closed","template":"","meta":{"footnotes":""},"class_list":["post-252","page","type-page","status-publish","hentry"],"_links":{"self":[{"href":"https:\/\/krets.jagareforbundet.se\/tierp-tolfta-soderfors\/wp-json\/wp\/v2\/pages\/252","targetHints":{"allow":["GET"]}}],"collection":[{"href":"https:\/\/krets.jagareforbundet.se\/tierp-tolfta-soderfors\/wp-json\/wp\/v2\/pages"}],"about":[{"href":"https:\/\/krets.jagareforbundet.se\/tierp-tolfta-soderfors\/wp-json\/wp\/v2\/types\/page"}],"author":[{"embeddable":true,"href":"https:\/\/krets.jagareforbundet.se\/tierp-tolfta-soderfors\/wp-json\/wp\/v2\/users\/295"}],"replies":[{"embeddable":true,"href":"https:\/\/krets.jagareforbundet.se\/tierp-tolfta-soderfors\/wp-json\/wp\/v2\/comments?post=252"}],"version-history":[{"count":2,"href":"https:\/\/krets.jagareforbundet.se\/tierp-tolfta-soderfors\/wp-json\/wp\/v2\/pages\/252\/revisions"}],"predecessor-version":[{"id":652,"href":"https:\/\/krets.jagareforbundet.se\/tierp-tolfta-soderfors\/wp-json\/wp\/v2\/pages\/252\/revisions\/652"}],"up":[{"embeddable":true,"href":"https:\/\/krets.jagareforbundet.se\/tierp-tolfta-soderfors\/wp-json\/wp\/v2\/pages\/149"}],"wp:attachment":[{"href":"https:\/\/krets.jagareforbundet.se\/tierp-tolfta-soderfors\/wp-json\/wp\/v2\/media?parent=252"}],"curies":[{"name":"wp","href":"https:\/\/api.w.org\/{rel}","templated":true}]}}