{"id":147,"date":"2016-02-18T21:02:32","date_gmt":"2016-02-18T20:02:32","guid":{"rendered":"https:\/\/krets.jagareforbundet.se\/tjorn\/?page_id=147"},"modified":"2019-08-28T21:13:35","modified_gmt":"2019-08-28T19:13:35","slug":"styrelsen","status":"publish","type":"page","link":"https:\/\/krets.jagareforbundet.se\/tjorn\/styrelsen\/","title":{"rendered":"Styrelsen"},"content":{"rendered":"<p>Ordf\u00f6rande: Tomas Lind 0705756413<\/p>\n<p>Sekreterare: Per Lygnholm<\/p>\n<p>Kass\u00f6r: Thomas Nyckelg\u00e5rd<\/p>\n<p>\u00d6vriga ledam\u00f6ter: Fredrik Olsson, Ulf Hansson, Lars-Peter Nyckelg\u00e5rd och Otto Jansson<\/p>\n","protected":false},"excerpt":{"rendered":"<p>Ordf\u00f6rande: Tomas Lind 0705756413 Sekreterare: Per Lygnholm Kass\u00f6r: Thomas Nyckelg\u00e5rd \u00d6vriga ledam\u00f6ter: Fredrik Olsson, Ulf Hansson, Lars-Peter Nyckelg\u00e5rd och Otto Jansson<\/p>\n","protected":false},"author":218,"featured_media":0,"parent":0,"menu_order":0,"comment_status":"closed","ping_status":"closed","template":"","meta":{"jetpack_post_was_ever_published":false,"footnotes":""},"class_list":["post-147","page","type-page","status-publish","hentry"],"_links":{"self":[{"href":"https:\/\/krets.jagareforbundet.se\/tjorn\/wp-json\/wp\/v2\/pages\/147","targetHints":{"allow":["GET"]}}],"collection":[{"href":"https:\/\/krets.jagareforbundet.se\/tjorn\/wp-json\/wp\/v2\/pages"}],"about":[{"href":"https:\/\/krets.jagareforbundet.se\/tjorn\/wp-json\/wp\/v2\/types\/page"}],"author":[{"embeddable":true,"href":"https:\/\/krets.jagareforbundet.se\/tjorn\/wp-json\/wp\/v2\/users\/218"}],"replies":[{"embeddable":true,"href":"https:\/\/krets.jagareforbundet.se\/tjorn\/wp-json\/wp\/v2\/comments?post=147"}],"version-history":[{"count":2,"href":"https:\/\/krets.jagareforbundet.se\/tjorn\/wp-json\/wp\/v2\/pages\/147\/revisions"}],"predecessor-version":[{"id":161,"href":"https:\/\/krets.jagareforbundet.se\/tjorn\/wp-json\/wp\/v2\/pages\/147\/revisions\/161"}],"wp:attachment":[{"href":"https:\/\/krets.jagareforbundet.se\/tjorn\/wp-json\/wp\/v2\/media?parent=147"}],"curies":[{"name":"wp","href":"https:\/\/api.w.org\/{rel}","templated":true}]}}