{"id":158,"date":"2019-02-08T15:56:41","date_gmt":"2019-02-08T14:56:41","guid":{"rendered":"https:\/\/krets.jagareforbundet.se\/tranas\/?page_id=158"},"modified":"2023-09-07T22:23:18","modified_gmt":"2023-09-07T20:23:18","slug":"jagarexamen","status":"publish","type":"page","link":"https:\/\/krets.jagareforbundet.se\/tranas\/jagarexamen\/","title":{"rendered":"J\u00e4garexamen"},"content":{"rendered":"<p>J\u00e4garef\u00f6rbundet Tran\u00e5s erbjuder f\u00f6r n\u00e4rvarande ingen utbildning f\u00f6r j\u00e4garexamen i egen regi. D\u00e4remot planerar Tran\u00e5s Jaktv\u00e5rdsf\u00f6rening en s\u00e5dan utbildning till h\u00f6sten 2023. F\u00f6r mer information kontakta Mikael Blomqvist p\u00e5 tel: 0705-40 98 38 eller se <a href=\"http:\/\/www.tranasjvf.se\/jagarexamen\">l\u00e4nk<\/a>\u00a0till Tran\u00e5s Jaktv\u00e5rdsf\u00f6rening.<\/p>\n","protected":false},"excerpt":{"rendered":"<p>J\u00e4garef\u00f6rbundet Tran\u00e5s erbjuder f\u00f6r n\u00e4rvarande ingen utbildning f\u00f6r j\u00e4garexamen i egen regi. D\u00e4remot planerar Tran\u00e5s Jaktv\u00e5rdsf\u00f6rening en s\u00e5dan utbildning till h\u00f6sten 2023. F\u00f6r mer information kontakta Mikael Blomqvist p\u00e5 tel: 0705-40 98 38 eller se l\u00e4nk\u00a0till Tran\u00e5s Jaktv\u00e5rdsf\u00f6rening.<\/p>\n","protected":false},"author":280,"featured_media":160,"parent":0,"menu_order":0,"comment_status":"closed","ping_status":"closed","template":"","meta":{"footnotes":""},"class_list":["post-158","page","type-page","status-publish","has-post-thumbnail","hentry"],"_links":{"self":[{"href":"https:\/\/krets.jagareforbundet.se\/tranas\/wp-json\/wp\/v2\/pages\/158","targetHints":{"allow":["GET"]}}],"collection":[{"href":"https:\/\/krets.jagareforbundet.se\/tranas\/wp-json\/wp\/v2\/pages"}],"about":[{"href":"https:\/\/krets.jagareforbundet.se\/tranas\/wp-json\/wp\/v2\/types\/page"}],"author":[{"embeddable":true,"href":"https:\/\/krets.jagareforbundet.se\/tranas\/wp-json\/wp\/v2\/users\/280"}],"replies":[{"embeddable":true,"href":"https:\/\/krets.jagareforbundet.se\/tranas\/wp-json\/wp\/v2\/comments?post=158"}],"version-history":[{"count":2,"href":"https:\/\/krets.jagareforbundet.se\/tranas\/wp-json\/wp\/v2\/pages\/158\/revisions"}],"predecessor-version":[{"id":202,"href":"https:\/\/krets.jagareforbundet.se\/tranas\/wp-json\/wp\/v2\/pages\/158\/revisions\/202"}],"wp:featuredmedia":[{"embeddable":true,"href":"https:\/\/krets.jagareforbundet.se\/tranas\/wp-json\/wp\/v2\/media\/160"}],"wp:attachment":[{"href":"https:\/\/krets.jagareforbundet.se\/tranas\/wp-json\/wp\/v2\/media?parent=158"}],"curies":[{"name":"wp","href":"https:\/\/api.w.org\/{rel}","templated":true}]}}