{"id":166,"date":"2013-06-01T19:57:31","date_gmt":"2013-06-01T17:57:31","guid":{"rendered":"https:\/\/krets.jagareforbundet.se\/trogd\/?page_id=166"},"modified":"2025-02-15T00:47:03","modified_gmt":"2025-02-14T23:47:03","slug":"funktionarsregister","status":"publish","type":"page","link":"https:\/\/krets.jagareforbundet.se\/trogd\/styrelsen\/funktionarsregister\/","title":{"rendered":"Funktion\u00e4rsregister"},"content":{"rendered":"<table width=\"679\">\n<tbody>\n<tr>\n<td width=\"137\">Ordf\u00f6rande valb<\/td>\n<td width=\"255\">J\u00f6rgen Haraldsson<\/td>\n<td width=\"147\"><\/td>\n<td width=\"140\">076-027 13 30<\/td>\n<\/tr>\n<tr>\n<td width=\"137\">Ledamot valb<\/td>\n<td width=\"255\">Magnus Westerlund<\/td>\n<td width=\"147\"><\/td>\n<td width=\"140\"><\/td>\n<\/tr>\n<tr>\n<td width=\"137\">Ledamot valb<\/td>\n<td width=\"255\">Claes Philippen<\/td>\n<td width=\"147\"><\/td>\n<td width=\"140\">070-338 69 10<\/td>\n<\/tr>\n<tr>\n<td width=\"137\">Sneden \/ Skytte<\/td>\n<td width=\"255\">Magnus K\u00e4llman<\/td>\n<td width=\"147\"><\/td>\n<td width=\"140\">0733-84 85 79<\/td>\n<\/tr>\n<tr>\n<td width=\"137\">Sneden \/ Skytte<\/td>\n<td width=\"255\">Hans Augustin<\/td>\n<td width=\"147\"><\/td>\n<td width=\"140\">070-626 93 86<\/td>\n<\/tr>\n<tr>\n<td width=\"137\">Hemsida<\/td>\n<td width=\"255\">Magnus K\u00e4llman<\/td>\n<td width=\"147\"><\/td>\n<td width=\"140\">073-384 85 79<\/td>\n<\/tr>\n<tr>\n<td width=\"137\">Tr\u00f6gds \u00c4SO<\/td>\n<td width=\"255\">Erik von Ehrenheim<\/td>\n<td width=\"147\"><\/td>\n<td width=\"140\">070-988 39 62<\/td>\n<\/tr>\n<tr>\n<td width=\"137\">Revisor<\/td>\n<td width=\"255\">Erik Ekstr\u00f6m<\/td>\n<td width=\"147\"><\/td>\n<td width=\"140\">070-328 88 43<\/td>\n<\/tr>\n<tr>\n<td width=\"137\">Revisor<\/td>\n<td width=\"255\">Klas Johansson<\/td>\n<td width=\"147\"><\/td>\n<td width=\"140\">070-245 31 45<\/td>\n<\/tr>\n<tr>\n<td width=\"137\">Revisorssuppleant<\/td>\n<td width=\"255\">Peter Sivander<\/td>\n<td width=\"147\"><\/td>\n<td width=\"140\">070-328 28 20<\/td>\n<\/tr>\n<tr>\n<td width=\"137\">Revisorssuppleant<\/td>\n<td width=\"255\">Raymond Jansson<\/td>\n<td width=\"147\"><\/td>\n<td width=\"140\">070-990 95 52<\/td>\n<\/tr>\n<\/tbody>\n<\/table>\n","protected":false},"excerpt":{"rendered":"<p>Ordf\u00f6rande valb J\u00f6rgen Haraldsson 076-027 13 30 Ledamot valb Magnus Westerlund Ledamot valb Claes Philippen 070-338 69 10 Sneden \/ Skytte Magnus K\u00e4llman 0733-84 85 79 Sneden \/ Skytte Hans Augustin 070-626 93 86 Hemsida Magnus K\u00e4llman 073-384 85 79 Tr\u00f6gds \u00c4SO Erik von Ehrenheim 070-988 39 62 Revisor Erik Ekstr\u00f6m 070-328 88 43 Revisor [&hellip;]<\/p>\n","protected":false},"author":111,"featured_media":0,"parent":147,"menu_order":0,"comment_status":"open","ping_status":"open","template":"","meta":{"footnotes":""},"class_list":["post-166","page","type-page","status-publish","hentry"],"_links":{"self":[{"href":"https:\/\/krets.jagareforbundet.se\/trogd\/wp-json\/wp\/v2\/pages\/166","targetHints":{"allow":["GET"]}}],"collection":[{"href":"https:\/\/krets.jagareforbundet.se\/trogd\/wp-json\/wp\/v2\/pages"}],"about":[{"href":"https:\/\/krets.jagareforbundet.se\/trogd\/wp-json\/wp\/v2\/types\/page"}],"author":[{"embeddable":true,"href":"https:\/\/krets.jagareforbundet.se\/trogd\/wp-json\/wp\/v2\/users\/111"}],"replies":[{"embeddable":true,"href":"https:\/\/krets.jagareforbundet.se\/trogd\/wp-json\/wp\/v2\/comments?post=166"}],"version-history":[{"count":3,"href":"https:\/\/krets.jagareforbundet.se\/trogd\/wp-json\/wp\/v2\/pages\/166\/revisions"}],"predecessor-version":[{"id":1285,"href":"https:\/\/krets.jagareforbundet.se\/trogd\/wp-json\/wp\/v2\/pages\/166\/revisions\/1285"}],"up":[{"embeddable":true,"href":"https:\/\/krets.jagareforbundet.se\/trogd\/wp-json\/wp\/v2\/pages\/147"}],"wp:attachment":[{"href":"https:\/\/krets.jagareforbundet.se\/trogd\/wp-json\/wp\/v2\/media?parent=166"}],"curies":[{"name":"wp","href":"https:\/\/api.w.org\/{rel}","templated":true}]}}