{"id":351,"date":"2013-06-02T11:30:53","date_gmt":"2013-06-02T09:30:53","guid":{"rendered":"https:\/\/krets.jagareforbundet.se\/trogd\/?page_id=351"},"modified":"2020-11-24T19:05:41","modified_gmt":"2020-11-24T18:05:41","slug":"aktiviteter","status":"publish","type":"page","link":"https:\/\/krets.jagareforbundet.se\/trogd\/aktiviteter\/","title":{"rendered":"Verksamhet"},"content":{"rendered":"<p>Kretsens aktiviteter omfattar kretsm\u00e4sterskap, ungdomsl\u00e4ger sp\u00e5rtr\u00e4ning mm. \u00c4r det n\u00e5got DU saknar? Vad vill DU att vi ska g\u00f6ra? Kom med f\u00f6rslag och kontakta n\u00e5gon i styrelsen!<\/p>\n<p>V\u00e5ra aktiviteter hittar du i <a href=\"https:\/\/krets.jagareforbundet.se\/trogd\/event\/\">kalendern<\/a> i h\u00f6gerspalten.<\/p>\n<p>Information om dom olika verksamheterna hittar du i listen till h\u00f6ger!<\/p>\n","protected":false},"excerpt":{"rendered":"<p>Kretsens aktiviteter omfattar kretsm\u00e4sterskap, ungdomsl\u00e4ger sp\u00e5rtr\u00e4ning mm. \u00c4r det n\u00e5got DU saknar? Vad vill DU att vi ska g\u00f6ra? Kom med f\u00f6rslag och kontakta n\u00e5gon i styrelsen! V\u00e5ra aktiviteter hittar du i kalendern i h\u00f6gerspalten. Information om dom olika verksamheterna hittar du i listen till h\u00f6ger!<\/p>\n","protected":false},"author":111,"featured_media":0,"parent":0,"menu_order":2,"comment_status":"closed","ping_status":"closed","template":"","meta":{"footnotes":""},"class_list":["post-351","page","type-page","status-publish","hentry"],"_links":{"self":[{"href":"https:\/\/krets.jagareforbundet.se\/trogd\/wp-json\/wp\/v2\/pages\/351","targetHints":{"allow":["GET"]}}],"collection":[{"href":"https:\/\/krets.jagareforbundet.se\/trogd\/wp-json\/wp\/v2\/pages"}],"about":[{"href":"https:\/\/krets.jagareforbundet.se\/trogd\/wp-json\/wp\/v2\/types\/page"}],"author":[{"embeddable":true,"href":"https:\/\/krets.jagareforbundet.se\/trogd\/wp-json\/wp\/v2\/users\/111"}],"replies":[{"embeddable":true,"href":"https:\/\/krets.jagareforbundet.se\/trogd\/wp-json\/wp\/v2\/comments?post=351"}],"version-history":[{"count":2,"href":"https:\/\/krets.jagareforbundet.se\/trogd\/wp-json\/wp\/v2\/pages\/351\/revisions"}],"predecessor-version":[{"id":1003,"href":"https:\/\/krets.jagareforbundet.se\/trogd\/wp-json\/wp\/v2\/pages\/351\/revisions\/1003"}],"wp:attachment":[{"href":"https:\/\/krets.jagareforbundet.se\/trogd\/wp-json\/wp\/v2\/media?parent=351"}],"curies":[{"name":"wp","href":"https:\/\/api.w.org\/{rel}","templated":true}]}}