{"id":506,"date":"2014-02-10T11:48:07","date_gmt":"2014-02-10T10:48:07","guid":{"rendered":"https:\/\/krets.jagareforbundet.se\/trogd\/?page_id=506"},"modified":"2022-04-18T16:12:40","modified_gmt":"2022-04-18T14:12:40","slug":"inventering","status":"publish","type":"page","link":"https:\/\/krets.jagareforbundet.se\/trogd\/algarenden\/inventering\/","title":{"rendered":"Inventering"},"content":{"rendered":"<h2>Spillningsinventering 2022<\/h2>\n<p>Inventeringsperioden \u00e4r 2022-04-23 &#8211; 2022-05-01.<\/p>\n<p>Spillningsinventering sker med p\u00e5 samma ytor som 2020, men resultatet rapporteras in vi appen Viltdata i din telefon. Kod f\u00f6r anslutning \u00e4r <strong>INVHPSQ2B<\/strong> f\u00f6r norra omr\u00e5det, respektive <strong>INVPTLKNR<\/strong> f\u00f6r s\u00f6dra omr\u00e5det.<\/p>\n<p>Se nedanst\u00e5ende filmer och dokument f\u00f6r information och handledning:<a href=\"https:\/\/krets.jagareforbundet.se\/trogd\/files\/2022\/04\/Viltdata.png\"><img loading=\"lazy\" decoding=\"async\" class=\"alignright size-medium wp-image-1150\" src=\"https:\/\/krets.jagareforbundet.se\/trogd\/files\/2022\/04\/Viltdata-300x300.png\" alt=\"\" width=\"300\" height=\"300\" srcset=\"https:\/\/krets.jagareforbundet.se\/trogd\/files\/2022\/04\/Viltdata-300x300.png 300w, https:\/\/krets.jagareforbundet.se\/trogd\/files\/2022\/04\/Viltdata-1024x1024.png 1024w, https:\/\/krets.jagareforbundet.se\/trogd\/files\/2022\/04\/Viltdata-150x150.png 150w, https:\/\/krets.jagareforbundet.se\/trogd\/files\/2022\/04\/Viltdata-768x768.png 768w, https:\/\/krets.jagareforbundet.se\/trogd\/files\/2022\/04\/Viltdata-1536x1536.png 1536w, https:\/\/krets.jagareforbundet.se\/trogd\/files\/2022\/04\/Viltdata-2048x2048.png 2048w\" sizes=\"auto, (max-width: 300px) 100vw, 300px\" \/><\/a><\/p>\n<p>L\u00e4nk till youtube spillningsinventering <a href=\"https:\/\/youtu.be\/6QNMQpa8LR0\" target=\"_blank\" rel=\"noopener\">youtu.be\/6QNMQpa8LR0<\/a><\/p>\n<p>L\u00e4nk till youtube ladda ner och anv\u00e4nda appen\u00a0 <a href=\"https:\/\/youtu.be.\/pvBKjznm3B8\" target=\"_blank\" rel=\"noopener\">youtu.be.\/pvBKjznm3B8<\/a><\/p>\n<p><a href=\"https:\/\/krets.jagareforbundet.se\/trogd\/files\/2022\/04\/Faltinstruktion-22.docx\">F\u00e4ltinstruktion 22<\/a><\/p>\n<p><a href=\"https:\/\/krets.jagareforbundet.se\/trogd\/files\/2022\/04\/Spillinfo-app.pdf\">Information om Spillningsinventering med app<\/a><\/p>\n<p><a href=\"https:\/\/krets.jagareforbundet.se\/trogd\/files\/2022\/04\/Oversikt-spillningsinventering-Fjardhundra-AFO.pdf\">\u00d6versikt spillningsinventering<\/a> <a href=\"https:\/\/krets.jagareforbundet.se\/trogd\/files\/2022\/04\/Oversikt-spillningsinventering-Fjardhundra-AFO.pdf\">Fj\u00e4rdhundra \u00c4FO<\/a><\/p>\n<p><a href=\"https:\/\/krets.jagareforbundet.se\/trogd\/files\/2022\/04\/Oversikt-Spillningsinventering-Trogd-AFO.pdf\">\u00d6versikt Spillningsinventering Tr\u00f6gd \u00c4FO<\/a><\/p>\n<p><a href=\"https:\/\/krets.jagareforbundet.se\/trogd\/files\/2022\/04\/Trakter-lista-jaktlag.xlsx\">Trakter lista jaktlag<\/a> (prelimin\u00e4r)<\/p>\n<h2>Tidigare inventeringar<\/h2>\n<p><a href=\"https:\/\/krets.jagareforbundet.se\/trogd\/files\/2022\/04\/Resultat-spillningsinventering-Fjardhundra-2020.pdf\">Resultat spillningsinventering Fj\u00e4rdhundra 2020<\/a><\/p>\n<p><a href=\"https:\/\/krets.jagareforbundet.se\/trogd\/files\/2022\/04\/Resultat-spillningsinventering-Trogd-AFO-2020.pdf\">Resultat spillningsinventering Tr\u00f6gd \u00c4FO 2020<\/a><\/p>\n<p><a href=\"https:\/\/krets.jagareforbundet.se\/trogd\/files\/2014\/02\/spillningsinv-e-t-2016.pdf\">Spillningsinv E-T 2016<\/a><\/p>\n<p><a href=\"https:\/\/krets.jagareforbundet.se\/trogd\/files\/2014\/02\/Resultat-spillningsinventering-Ekoln-Tr\u00f6gd-\u00c4FO-2013.pdf\">Resultat spillningsinventering Ekoln Tr\u00f6gd \u00c4FO 2013<\/a><\/p>\n<p><a href=\"https:\/\/krets.jagareforbundet.se\/trogd\/files\/2014\/02\/Resultatkartor-r\u00e5djur-spillningsinventering-Ekoln-Tr\u00f6gd-\u00c4FO-2013.pdf\">Resultatkartor r\u00e5djur spillningsinventering Ekoln Tr\u00f6gd \u00c4FO 2013<\/a><\/p>\n<p><a href=\"https:\/\/krets.jagareforbundet.se\/trogd\/files\/2014\/02\/Resultatkartor-\u00e4lg-spillningsinventering-Ekoln-Tr\u00f6gd-\u00c4FO-2013.pdf\">Resultatkartor \u00e4lg spillningsinventering Ekoln Tr\u00f6gd \u00c4FO 2013<\/a><\/p>\n","protected":false},"excerpt":{"rendered":"<p>Spillningsinventering 2022 Inventeringsperioden \u00e4r 2022-04-23 &#8211; 2022-05-01. Spillningsinventering sker med p\u00e5 samma ytor som 2020, men resultatet rapporteras in vi appen Viltdata i din telefon. Kod f\u00f6r anslutning \u00e4r INVHPSQ2B f\u00f6r norra omr\u00e5det, respektive INVPTLKNR f\u00f6r s\u00f6dra omr\u00e5det. Se nedanst\u00e5ende filmer och dokument f\u00f6r information och handledning: L\u00e4nk till youtube spillningsinventering youtu.be\/6QNMQpa8LR0 L\u00e4nk till youtube [&hellip;]<\/p>\n","protected":false},"author":111,"featured_media":0,"parent":331,"menu_order":1,"comment_status":"open","ping_status":"closed","template":"","meta":{"footnotes":""},"class_list":["post-506","page","type-page","status-publish","hentry"],"_links":{"self":[{"href":"https:\/\/krets.jagareforbundet.se\/trogd\/wp-json\/wp\/v2\/pages\/506","targetHints":{"allow":["GET"]}}],"collection":[{"href":"https:\/\/krets.jagareforbundet.se\/trogd\/wp-json\/wp\/v2\/pages"}],"about":[{"href":"https:\/\/krets.jagareforbundet.se\/trogd\/wp-json\/wp\/v2\/types\/page"}],"author":[{"embeddable":true,"href":"https:\/\/krets.jagareforbundet.se\/trogd\/wp-json\/wp\/v2\/users\/111"}],"replies":[{"embeddable":true,"href":"https:\/\/krets.jagareforbundet.se\/trogd\/wp-json\/wp\/v2\/comments?post=506"}],"version-history":[{"count":3,"href":"https:\/\/krets.jagareforbundet.se\/trogd\/wp-json\/wp\/v2\/pages\/506\/revisions"}],"predecessor-version":[{"id":1151,"href":"https:\/\/krets.jagareforbundet.se\/trogd\/wp-json\/wp\/v2\/pages\/506\/revisions\/1151"}],"up":[{"embeddable":true,"href":"https:\/\/krets.jagareforbundet.se\/trogd\/wp-json\/wp\/v2\/pages\/331"}],"wp:attachment":[{"href":"https:\/\/krets.jagareforbundet.se\/trogd\/wp-json\/wp\/v2\/media?parent=506"}],"curies":[{"name":"wp","href":"https:\/\/api.w.org\/{rel}","templated":true}]}}