{"id":510,"date":"2014-02-10T11:50:48","date_gmt":"2014-02-10T10:50:48","guid":{"rendered":"https:\/\/krets.jagareforbundet.se\/trogd\/?page_id=510"},"modified":"2024-03-04T20:54:48","modified_gmt":"2024-03-04T19:54:48","slug":"dokument","status":"publish","type":"page","link":"https:\/\/krets.jagareforbundet.se\/trogd\/algarenden\/dokument\/","title":{"rendered":"Dokument"},"content":{"rendered":"<p><a href=\"https:\/\/krets.jagareforbundet.se\/trogd\/files\/2024\/03\/Verksamhetsberattelse-2023.docx\">Verksamhetsber\u00e4ttelse 2023<\/a><\/p>\n<p><a href=\"https:\/\/krets.jagareforbundet.se\/trogd\/files\/2023\/10\/Protokoll-Jaktledarmote-Trodgs-ASO-och-KSO-230926.pdf\">Protokoll Jaktledarm\u00f6te Tr\u00f6dgs \u00c4SO och KSO 230926<\/a><\/p>\n<p><a href=\"https:\/\/krets.jagareforbundet.se\/trogd\/files\/2021\/08\/Stadgar-fo\u0308r-Tro\u0308gds-a\u0308lg-och-kronviltsko\u0308tselomra\u030ade-slutversion-131120.pdf\">Stadgar fo\u0308r Tro\u0308gds a\u0308lg och kronviltsko\u0308tselomra\u030ade<\/a><\/p>\n<p><a href=\"https:\/\/krets.jagareforbundet.se\/trogd\/files\/2023\/03\/Protokoll-Arsmote-2023-03-21.pdf\">Protokoll \u00c5rsm\u00f6te 2023-03-21<\/a><\/p>\n","protected":false},"excerpt":{"rendered":"<p>Verksamhetsber\u00e4ttelse 2023 Protokoll Jaktledarm\u00f6te Tr\u00f6dgs \u00c4SO och KSO 230926 Stadgar fo\u0308r Tro\u0308gds a\u0308lg och kronviltsko\u0308tselomra\u030ade Protokoll \u00c5rsm\u00f6te 2023-03-21<\/p>\n","protected":false},"author":111,"featured_media":0,"parent":331,"menu_order":1,"comment_status":"open","ping_status":"closed","template":"","meta":{"footnotes":""},"class_list":["post-510","page","type-page","status-publish","hentry"],"_links":{"self":[{"href":"https:\/\/krets.jagareforbundet.se\/trogd\/wp-json\/wp\/v2\/pages\/510","targetHints":{"allow":["GET"]}}],"collection":[{"href":"https:\/\/krets.jagareforbundet.se\/trogd\/wp-json\/wp\/v2\/pages"}],"about":[{"href":"https:\/\/krets.jagareforbundet.se\/trogd\/wp-json\/wp\/v2\/types\/page"}],"author":[{"embeddable":true,"href":"https:\/\/krets.jagareforbundet.se\/trogd\/wp-json\/wp\/v2\/users\/111"}],"replies":[{"embeddable":true,"href":"https:\/\/krets.jagareforbundet.se\/trogd\/wp-json\/wp\/v2\/comments?post=510"}],"version-history":[{"count":4,"href":"https:\/\/krets.jagareforbundet.se\/trogd\/wp-json\/wp\/v2\/pages\/510\/revisions"}],"predecessor-version":[{"id":1240,"href":"https:\/\/krets.jagareforbundet.se\/trogd\/wp-json\/wp\/v2\/pages\/510\/revisions\/1240"}],"up":[{"embeddable":true,"href":"https:\/\/krets.jagareforbundet.se\/trogd\/wp-json\/wp\/v2\/pages\/331"}],"wp:attachment":[{"href":"https:\/\/krets.jagareforbundet.se\/trogd\/wp-json\/wp\/v2\/media?parent=510"}],"curies":[{"name":"wp","href":"https:\/\/api.w.org\/{rel}","templated":true}]}}