{"id":596,"date":"2017-08-29T09:49:46","date_gmt":"2017-08-29T07:49:46","guid":{"rendered":"https:\/\/krets.jagareforbundet.se\/trogd\/?page_id=596"},"modified":"2023-09-29T00:43:16","modified_gmt":"2023-09-28T22:43:16","slug":"algjakt","status":"publish","type":"page","link":"https:\/\/krets.jagareforbundet.se\/trogd\/algarenden\/algjakt\/","title":{"rendered":"\u00c4lgjakt 2023"},"content":{"rendered":"<h2>Avskjutningsm\u00e5l &amp; regler<\/h2>\n<p>Efter spillningsinventeringens l\u00e5ga utfall pr\u00e4glas jakten av stor f\u00f6rsiktighet.<\/p>\n<p>Formellt \u00e4r nu \u00e4lgsk\u00f6tselomr\u00e5det uppdelat av L\u00e4nsstyrelsen i tv\u00e5 delar, norr respektive s\u00f6der om E18. Grupperna NNV och NN\u00d6 utg\u00f6r norra delen. Denna del har en egen f\u00f6rvaltningsplan. Denna f\u00f6rdelning speglas i rapporteringssystemen Vilth samt Viltdata.<\/p>\n<p>3 vuxna \u00e4lgar tilldelas i omr\u00e5det norr om motorv\u00e4gen, samt 3 kalvar.<\/p>\n<p>4 vuxna \u00e4lgar skjuts s\u00f6der om motorv\u00e4gen, samt 3 kalvar.<\/p>\n<p>Jakten sker som avropsjakt. Max ett djur per jaktlag under s\u00e4songen!<\/p>\n<p>Till\u00e5tna tjurar \u00e4r <strong>0-4<\/strong> taggar, inga kapitala tjurar, felskjutning regleras enligt stadgarna.<\/p>\n<h2>Rapportering av \u00e4lgobs och f\u00e4llda \u00e4lgar<\/h2>\n<p>\u00c4lgobs och skjutna \u00e4lgar ska l\u00f6pande rapporteras i Viltrapport.<\/p>\n<p>Rapportering av f\u00e4llda djur samt viltobs i Viltrapport \u00e4r obligatorisk f\u00f6r samtliga jaktlag! Detta g\u00e4ller \u00e4ven skyddsjakt p\u00e5 kronvilt.<\/p>\n<p><span style=\"color: #ff0000\"><strong>Det \u00e4r s\u00e4rskilt viktigt n\u00e4r vi har lite \u00e4lg att \u00e4lgobs rapporteras in som underlag f\u00f6r beslut om framtida avskjutning!<\/strong><\/span><\/p>\n<p>Kalvvikt rapporteras i Viltrapport.<\/p>\n<p>\u00d6vriga d\u00f6da \u00e4lgar\/kronvilt m\u00e5ste rapporteras i Viltdata eller via mail till Fredrik Fors\u00e9ll, all \u00f6vrig rapportering ska ske i Viltrapport.<\/p>\n<h2>F\u00e4llavgift<\/h2>\n<p>\u00c4lg vuxen \u00a0 \u00a0\u00a0 1000:-<\/p>\n<p>\u00c4lg kalv\u00a0 \u00a0 \u00a0 \u00a0 \u00a0 \u00a0 250:-<\/p>\n<p>Kron vuxen\u00a0\u00a0\u00a0\u00a0 200:-<\/p>\n<p>Kron kalv\u00a0\u00a0\u00a0\u00a0\u00a0\u00a0\u00a0\u00a0\u00a0 0:-<\/p>\n<p>Faktura skickas fr\u00e5n Viltrapport, betalas snarast, till<\/p>\n<p>Bankkonto 8305(5) \u2013 44743862 eller bg 492-6168<\/p>\n","protected":false},"excerpt":{"rendered":"<p>Avskjutningsm\u00e5l &amp; regler Efter spillningsinventeringens l\u00e5ga utfall pr\u00e4glas jakten av stor f\u00f6rsiktighet. Formellt \u00e4r nu \u00e4lgsk\u00f6tselomr\u00e5det uppdelat av L\u00e4nsstyrelsen i tv\u00e5 delar, norr respektive s\u00f6der om E18. Grupperna NNV och NN\u00d6 utg\u00f6r norra delen. Denna del har en egen f\u00f6rvaltningsplan. Denna f\u00f6rdelning speglas i rapporteringssystemen Vilth samt Viltdata. 3 vuxna \u00e4lgar tilldelas i omr\u00e5det norr [&hellip;]<\/p>\n","protected":false},"author":111,"featured_media":0,"parent":331,"menu_order":0,"comment_status":"open","ping_status":"open","template":"","meta":{"footnotes":""},"class_list":["post-596","page","type-page","status-publish","hentry"],"_links":{"self":[{"href":"https:\/\/krets.jagareforbundet.se\/trogd\/wp-json\/wp\/v2\/pages\/596","targetHints":{"allow":["GET"]}}],"collection":[{"href":"https:\/\/krets.jagareforbundet.se\/trogd\/wp-json\/wp\/v2\/pages"}],"about":[{"href":"https:\/\/krets.jagareforbundet.se\/trogd\/wp-json\/wp\/v2\/types\/page"}],"author":[{"embeddable":true,"href":"https:\/\/krets.jagareforbundet.se\/trogd\/wp-json\/wp\/v2\/users\/111"}],"replies":[{"embeddable":true,"href":"https:\/\/krets.jagareforbundet.se\/trogd\/wp-json\/wp\/v2\/comments?post=596"}],"version-history":[{"count":3,"href":"https:\/\/krets.jagareforbundet.se\/trogd\/wp-json\/wp\/v2\/pages\/596\/revisions"}],"predecessor-version":[{"id":1228,"href":"https:\/\/krets.jagareforbundet.se\/trogd\/wp-json\/wp\/v2\/pages\/596\/revisions\/1228"}],"up":[{"embeddable":true,"href":"https:\/\/krets.jagareforbundet.se\/trogd\/wp-json\/wp\/v2\/pages\/331"}],"wp:attachment":[{"href":"https:\/\/krets.jagareforbundet.se\/trogd\/wp-json\/wp\/v2\/media?parent=596"}],"curies":[{"name":"wp","href":"https:\/\/api.w.org\/{rel}","templated":true}]}}