{"id":606,"date":"2014-11-13T20:03:12","date_gmt":"2014-11-13T19:03:12","guid":{"rendered":"https:\/\/krets.jagareforbundet.se\/trogd\/?page_id=606"},"modified":"2019-08-17T13:00:23","modified_gmt":"2019-08-17T11:00:23","slug":"sva","status":"publish","type":"page","link":"https:\/\/krets.jagareforbundet.se\/trogd\/algarenden\/sva\/","title":{"rendered":"SVA"},"content":{"rendered":"<p>Om du hittar en d\u00f6d \u00e4lg kan du kontakta SVA 018-674 000 och be att f\u00e5 komma till Viltsektionen mejladress: <a href=\"mailto:vilt@sva.se\">vilt@sva.se<\/a><\/p>\n<p>Ring alltid och kom \u00f6verens med SVA innan ni levererar fallvilt!<\/p>\n<p><a href=\"https:\/\/www.sva.se\/djurhalsa\/vilda-djur\/vid-fynd-av-doda-vilda-djur-fallviltsundersokningar\">L\u00e4s mer h\u00e4r!<\/a><\/p>\n<p>Har du inte m\u00f6jlighet att sj\u00e4lv transportera den till SVA s\u00e5 kontakta Per Gustavsson 073-374 92 00.<\/p>\n<p>Enligt beslut p\u00e5 \u00e5rsm\u00f6tet s\u00e5 finns det m\u00f6jlighet att f\u00e5 en kostnadsers\u00e4ttning p\u00e5 2000:- f\u00f6r jobbet med transport mm. Kontakta n\u00e5gon i styrelsen f\u00f6r mer info.<\/p>\n<p><a href=\"https:\/\/krets.jagareforbundet.se\/trogd\/files\/2019\/08\/Analysrapport-SVA-algskalle-veckholm.pdf\">Analysrapport-SVA-algskalle-veckholm<\/a><\/p>\n","protected":false},"excerpt":{"rendered":"<p>Om du hittar en d\u00f6d \u00e4lg kan du kontakta SVA 018-674 000 och be att f\u00e5 komma till Viltsektionen mejladress: vilt@sva.se Ring alltid och kom \u00f6verens med SVA innan ni levererar fallvilt! L\u00e4s mer h\u00e4r! Har du inte m\u00f6jlighet att sj\u00e4lv transportera den till SVA s\u00e5 kontakta Per Gustavsson 073-374 92 00. Enligt beslut p\u00e5 [&hellip;]<\/p>\n","protected":false},"author":111,"featured_media":0,"parent":331,"menu_order":1,"comment_status":"open","ping_status":"closed","template":"","meta":{"footnotes":""},"class_list":["post-606","page","type-page","status-publish","hentry"],"_links":{"self":[{"href":"https:\/\/krets.jagareforbundet.se\/trogd\/wp-json\/wp\/v2\/pages\/606","targetHints":{"allow":["GET"]}}],"collection":[{"href":"https:\/\/krets.jagareforbundet.se\/trogd\/wp-json\/wp\/v2\/pages"}],"about":[{"href":"https:\/\/krets.jagareforbundet.se\/trogd\/wp-json\/wp\/v2\/types\/page"}],"author":[{"embeddable":true,"href":"https:\/\/krets.jagareforbundet.se\/trogd\/wp-json\/wp\/v2\/users\/111"}],"replies":[{"embeddable":true,"href":"https:\/\/krets.jagareforbundet.se\/trogd\/wp-json\/wp\/v2\/comments?post=606"}],"version-history":[{"count":3,"href":"https:\/\/krets.jagareforbundet.se\/trogd\/wp-json\/wp\/v2\/pages\/606\/revisions"}],"predecessor-version":[{"id":896,"href":"https:\/\/krets.jagareforbundet.se\/trogd\/wp-json\/wp\/v2\/pages\/606\/revisions\/896"}],"up":[{"embeddable":true,"href":"https:\/\/krets.jagareforbundet.se\/trogd\/wp-json\/wp\/v2\/pages\/331"}],"wp:attachment":[{"href":"https:\/\/krets.jagareforbundet.se\/trogd\/wp-json\/wp\/v2\/media?parent=606"}],"curies":[{"name":"wp","href":"https:\/\/api.w.org\/{rel}","templated":true}]}}