{"id":140,"date":"2016-01-26T22:21:41","date_gmt":"2016-01-26T21:21:41","guid":{"rendered":"https:\/\/krets.jagareforbundet.se\/lillaedet\/?page_id=140"},"modified":"2022-07-06T11:25:25","modified_gmt":"2022-07-06T09:25:25","slug":"dykarra","status":"publish","type":"page","link":"https:\/\/krets.jagareforbundet.se\/trollhattanlillaedet\/dykarra\/","title":{"rendered":"Dyk\u00e4rra"},"content":{"rendered":"<div class=\"header\">\n<div><\/div>\n<div><img loading=\"lazy\" decoding=\"async\" class=\"alignnone wp-image-370\" src=\"https:\/\/krets.jagareforbundet.se\/trollhattanlillaedet\/files\/2022\/07\/2022-05-14-09.15.03-1-300x181.jpg\" alt=\"Dyk\u00e4rra\" width=\"477\" height=\"288\" srcset=\"https:\/\/krets.jagareforbundet.se\/trollhattanlillaedet\/files\/2022\/07\/2022-05-14-09.15.03-1-300x181.jpg 300w, https:\/\/krets.jagareforbundet.se\/trollhattanlillaedet\/files\/2022\/07\/2022-05-14-09.15.03-1-1024x617.jpg 1024w, https:\/\/krets.jagareforbundet.se\/trollhattanlillaedet\/files\/2022\/07\/2022-05-14-09.15.03-1-768x463.jpg 768w, https:\/\/krets.jagareforbundet.se\/trollhattanlillaedet\/files\/2022\/07\/2022-05-14-09.15.03-1-1536x925.jpg 1536w, https:\/\/krets.jagareforbundet.se\/trollhattanlillaedet\/files\/2022\/07\/2022-05-14-09.15.03-1-2048x1234.jpg 2048w\" sizes=\"auto, (max-width: 477px) 100vw, 477px\" \/><\/div>\n<\/div>\n<div class=\"paragraphs\">\n<div class=\"paragraph\">\n<div class=\"text\">\n<p>&nbsp;<\/p>\n<p>Det h\u00e4r \u00e4r\u00a0stugan som anv\u00e4nds som m\u00f6tesplats inf\u00f6r v\u00e5ra jakter p\u00e5 kommunmarken i Lilla Edet.<\/p>\n<h4><span style=\"color: #ff0000\"><strong><a style=\"color: #ff0000\" href=\"https:\/\/www.google.se\/maps\/place\/Dyk%C3%A4rra\/@58.1368504,12.1304053,13.99z\/data=!4m2!3m1!1s0x46454016345bc97f:0x9bdfe6abc806f556\" target=\"_blank\" rel=\"noopener\">Hitta hit<\/a><\/strong><\/span><\/h4>\n<\/div>\n<\/div>\n<\/div>\n","protected":false},"excerpt":{"rendered":"<p>&nbsp; Det h\u00e4r \u00e4r\u00a0stugan som anv\u00e4nds som m\u00f6tesplats inf\u00f6r v\u00e5ra jakter p\u00e5 kommunmarken i Lilla Edet. Hitta hit<\/p>\n","protected":false},"author":239,"featured_media":0,"parent":0,"menu_order":11,"comment_status":"closed","ping_status":"closed","template":"","meta":{"jetpack_post_was_ever_published":false,"footnotes":""},"class_list":["post-140","page","type-page","status-publish","hentry"],"_links":{"self":[{"href":"https:\/\/krets.jagareforbundet.se\/trollhattanlillaedet\/wp-json\/wp\/v2\/pages\/140","targetHints":{"allow":["GET"]}}],"collection":[{"href":"https:\/\/krets.jagareforbundet.se\/trollhattanlillaedet\/wp-json\/wp\/v2\/pages"}],"about":[{"href":"https:\/\/krets.jagareforbundet.se\/trollhattanlillaedet\/wp-json\/wp\/v2\/types\/page"}],"author":[{"embeddable":true,"href":"https:\/\/krets.jagareforbundet.se\/trollhattanlillaedet\/wp-json\/wp\/v2\/users\/239"}],"replies":[{"embeddable":true,"href":"https:\/\/krets.jagareforbundet.se\/trollhattanlillaedet\/wp-json\/wp\/v2\/comments?post=140"}],"version-history":[{"count":3,"href":"https:\/\/krets.jagareforbundet.se\/trollhattanlillaedet\/wp-json\/wp\/v2\/pages\/140\/revisions"}],"predecessor-version":[{"id":372,"href":"https:\/\/krets.jagareforbundet.se\/trollhattanlillaedet\/wp-json\/wp\/v2\/pages\/140\/revisions\/372"}],"wp:attachment":[{"href":"https:\/\/krets.jagareforbundet.se\/trollhattanlillaedet\/wp-json\/wp\/v2\/media?parent=140"}],"curies":[{"name":"wp","href":"https:\/\/api.w.org\/{rel}","templated":true}]}}